



{"id":1353,"date":"2024-02-02T15:53:02","date_gmt":"2024-02-02T14:53:02","guid":{"rendered":"https:\/\/www.4h.se\/eolshall\/?page_id=1353"},"modified":"2025-02-03T21:27:40","modified_gmt":"2025-02-03T20:27:40","slug":"kaninhotell-lattlast","status":"publish","type":"page","link":"https:\/\/www.4h.se\/eolshall\/kaninhotell-lattlast\/","title":{"rendered":"Kaninhotell &#8211; l\u00e4ttl\u00e4st"},"content":{"rendered":"<div class=\"wpb-content-wrapper\"><p>[vc_row][vc_column][vc_column_text css=&#8221;&#8221;]<\/p>\n<h1><span style=\"text-decoration: underline\"><b>Vi vaktar din kanin<\/b><\/span><\/h1>\n<p>&nbsp;<\/p>\n<p><span style=\"font-weight: 400\">Vi tar hand om din kanin n\u00e4r du reser bort.<\/span><\/p>\n<p><span style=\"font-weight: 400\">Vi tar bara emot kaniner som \u00e4r vana att bo utomhus.<\/span><\/p>\n<p><span style=\"font-weight: 400\">Din kanin m\u00e5ste vara frisk n\u00e4r du l\u00e4mnar den till oss.<\/span><\/p>\n<p><span style=\"font-weight: 400\">Det \u00e4r bra att du vaccinerar kaninen<\/span><\/p>\n<p><span style=\"font-weight: 400\">innan du l\u00e4mnar den hos oss.<\/span><\/p>\n<p>&nbsp;<\/p>\n<h3><span style=\"text-decoration: underline\"><b>L\u00e4mning och h\u00e4mtning<\/b><\/span><\/h3>\n<p><span style=\"font-weight: 400\">L\u00e4mna och h\u00e4mta din kanin p\u00e5 vardagar<\/span><\/p>\n<p><span style=\"font-weight: 400\">mellan <\/span>klockan 8.30-18:30 och<\/p>\n<p>klockan 8:30-15:30.<\/p>\n<p>N\u00e4r det \u00e4r lov eller helg kan du h\u00e4mta<\/p>\n<p>och l\u00e4mna mellan klockan 11:00-16:00<span style=\"font-weight: 400\">.<\/span><\/p>\n<p>I juli \u00e4r vi p\u00e5 g\u00e5rden klockan 10:00-15:00<\/p>\n<p><span style=\"font-weight: 400\">Du skriver vilken tid du vill l\u00e4mna och h\u00e4mta i bokningen.<\/span><\/p>\n<p>&nbsp;<\/p>\n<h3><span style=\"text-decoration: underline\">Bokning<\/span><\/h3>\n<p><span style=\"font-weight: 400\">Vi skickar ett avtal till dig.<\/span><\/p>\n<p><span style=\"font-weight: 400\">Du ska skriva p\u00e5 avtalet och<\/span><\/p>\n<p><span style=\"font-weight: 400\">skicka tillbaka avtalet till oss.<\/span><\/p>\n<p><span style=\"font-weight: 400\">N\u00e4r vi har f\u00e5tt avtalet \u00e4r bokningen bekr\u00e4ftad.<\/span><\/p>\n<p><span style=\"font-weight: 400\">Om du skickar in avtalet sent kan vi inte lova<\/span><\/p>\n<p><span style=\"font-weight: 400\">att din plats finns kvar.<\/span><\/p>\n<p><span style=\"font-weight: 400\">Du m\u00e5ste ta hem din transportbur och matsk\u00e5l<\/span><\/p>\n<p><span style=\"font-weight: 400\">n\u00e4r du l\u00e4mnar kaninen.<\/span><\/p>\n<p><span style=\"font-weight: 400\">I stallet \u00e4r det samma temperatur som utomhus.<\/span><\/p>\n<p>&nbsp;<\/p>\n<p><span style=\"font-weight: 400\">Ring eller <a href=\"mailto:eolshall@4h.se\">skicka e-post<\/a> till oss om<\/span><\/p>\n<p><span style=\"font-weight: 400\">du vill ha hj\u00e4lp att boka kaninhotell<\/span>[\/vc_column_text][\/vc_column][\/vc_row]<\/p>\n<\/div>","protected":false},"excerpt":{"rendered":"<p>[vc_row][vc_column][vc_column_text css=&#8221;&#8221;] Vi vaktar din kanin &nbsp; Vi tar hand om din kanin n\u00e4r du reser bort. Vi tar bara emot kaniner som \u00e4r vana att bo utomhus. Din kanin m\u00e5ste vara frisk n\u00e4r du l\u00e4mnar den till oss. Det \u00e4r bra att du vaccinerar kaninen innan du l\u00e4mnar den hos oss. &nbsp; L\u00e4mning och&nbsp; <a href=\"https:\/\/www.4h.se\/eolshall\/kaninhotell-lattlast\/\">&hellip; Read more <i class=\"glyphicon glyphicon-arrow-right\"><\/i><\/a><\/p>\n","protected":false},"author":162,"featured_media":0,"parent":0,"menu_order":69,"comment_status":"closed","ping_status":"closed","template":"","meta":{"footnotes":""},"class_list":["post-1353","page","type-page","status-publish","hentry"],"yoast_head":"<!-- This site is optimized with the Yoast SEO plugin v27.4 - https:\/\/yoast.com\/product\/yoast-seo-wordpress\/ -->\n<title>Kaninhotell - l\u00e4ttl\u00e4st - Eolsh\u00e4lls 4H-g\u00e5rd<\/title>\n<meta name=\"robots\" content=\"index, follow, max-snippet:-1, max-image-preview:large, max-video-preview:-1\" \/>\n<link rel=\"canonical\" href=\"https:\/\/www.4h.se\/eolshall\/kaninhotell-lattlast\/\" \/>\n<meta property=\"og:locale\" content=\"sv_SE\" \/>\n<meta property=\"og:type\" content=\"article\" \/>\n<meta property=\"og:title\" content=\"Kaninhotell - l\u00e4ttl\u00e4st - Eolsh\u00e4lls 4H-g\u00e5rd\" \/>\n<meta property=\"og:description\" content=\"[vc_row][vc_column][vc_column_text css=&#8221;&#8221;] Vi vaktar din kanin &nbsp; Vi tar hand om din kanin n\u00e4r du reser bort. Vi tar bara emot kaniner som \u00e4r vana att bo utomhus. Din kanin m\u00e5ste vara frisk n\u00e4r du l\u00e4mnar den till oss. Det \u00e4r bra att du vaccinerar kaninen innan du l\u00e4mnar den hos oss. &nbsp; L\u00e4mning och&nbsp; &hellip; Read more\" \/>\n<meta property=\"og:url\" content=\"https:\/\/www.4h.se\/eolshall\/kaninhotell-lattlast\/\" \/>\n<meta property=\"og:site_name\" content=\"Eolsh\u00e4lls 4H-g\u00e5rd\" \/>\n<meta property=\"article:modified_time\" content=\"2025-02-03T20:27:40+00:00\" \/>\n<meta name=\"twitter:card\" content=\"summary_large_image\" \/>\n<script type=\"application\/ld+json\" class=\"yoast-schema-graph\">{\"@context\":\"https:\\\/\\\/schema.org\",\"@graph\":[{\"@type\":\"WebPage\",\"@id\":\"https:\\\/\\\/www.4h.se\\\/eolshall\\\/kaninhotell-lattlast\\\/\",\"url\":\"https:\\\/\\\/www.4h.se\\\/eolshall\\\/kaninhotell-lattlast\\\/\",\"name\":\"Kaninhotell - l\u00e4ttl\u00e4st - Eolsh\u00e4lls 4H-g\u00e5rd\",\"isPartOf\":{\"@id\":\"https:\\\/\\\/www.4h.se\\\/eolshall\\\/#website\"},\"datePublished\":\"2024-02-02T14:53:02+00:00\",\"dateModified\":\"2025-02-03T20:27:40+00:00\",\"breadcrumb\":{\"@id\":\"https:\\\/\\\/www.4h.se\\\/eolshall\\\/kaninhotell-lattlast\\\/#breadcrumb\"},\"inLanguage\":\"sv-SE\",\"potentialAction\":[{\"@type\":\"ReadAction\",\"target\":[\"https:\\\/\\\/www.4h.se\\\/eolshall\\\/kaninhotell-lattlast\\\/\"]}]},{\"@type\":\"BreadcrumbList\",\"@id\":\"https:\\\/\\\/www.4h.se\\\/eolshall\\\/kaninhotell-lattlast\\\/#breadcrumb\",\"itemListElement\":[{\"@type\":\"ListItem\",\"position\":1,\"name\":\"Hem\",\"item\":\"https:\\\/\\\/www.4h.se\\\/eolshall\\\/\"},{\"@type\":\"ListItem\",\"position\":2,\"name\":\"Kaninhotell &#8211; l\u00e4ttl\u00e4st\"}]},{\"@type\":\"WebSite\",\"@id\":\"https:\\\/\\\/www.4h.se\\\/eolshall\\\/#website\",\"url\":\"https:\\\/\\\/www.4h.se\\\/eolshall\\\/\",\"name\":\"Eolsh\u00e4lls 4H-g\u00e5rd\",\"description\":\"\",\"potentialAction\":[{\"@type\":\"SearchAction\",\"target\":{\"@type\":\"EntryPoint\",\"urlTemplate\":\"https:\\\/\\\/www.4h.se\\\/eolshall\\\/?s={search_term_string}\"},\"query-input\":{\"@type\":\"PropertyValueSpecification\",\"valueRequired\":true,\"valueName\":\"search_term_string\"}}],\"inLanguage\":\"sv-SE\"}]}<\/script>\n<!-- \/ Yoast SEO plugin. -->","yoast_head_json":{"title":"Kaninhotell - l\u00e4ttl\u00e4st - Eolsh\u00e4lls 4H-g\u00e5rd","robots":{"index":"index","follow":"follow","max-snippet":"max-snippet:-1","max-image-preview":"max-image-preview:large","max-video-preview":"max-video-preview:-1"},"canonical":"https:\/\/www.4h.se\/eolshall\/kaninhotell-lattlast\/","og_locale":"sv_SE","og_type":"article","og_title":"Kaninhotell - l\u00e4ttl\u00e4st - Eolsh\u00e4lls 4H-g\u00e5rd","og_description":"[vc_row][vc_column][vc_column_text css=&#8221;&#8221;] Vi vaktar din kanin &nbsp; Vi tar hand om din kanin n\u00e4r du reser bort. Vi tar bara emot kaniner som \u00e4r vana att bo utomhus. Din kanin m\u00e5ste vara frisk n\u00e4r du l\u00e4mnar den till oss. Det \u00e4r bra att du vaccinerar kaninen innan du l\u00e4mnar den hos oss. &nbsp; L\u00e4mning och&nbsp; &hellip; Read more","og_url":"https:\/\/www.4h.se\/eolshall\/kaninhotell-lattlast\/","og_site_name":"Eolsh\u00e4lls 4H-g\u00e5rd","article_modified_time":"2025-02-03T20:27:40+00:00","twitter_card":"summary_large_image","schema":{"@context":"https:\/\/schema.org","@graph":[{"@type":"WebPage","@id":"https:\/\/www.4h.se\/eolshall\/kaninhotell-lattlast\/","url":"https:\/\/www.4h.se\/eolshall\/kaninhotell-lattlast\/","name":"Kaninhotell - l\u00e4ttl\u00e4st - Eolsh\u00e4lls 4H-g\u00e5rd","isPartOf":{"@id":"https:\/\/www.4h.se\/eolshall\/#website"},"datePublished":"2024-02-02T14:53:02+00:00","dateModified":"2025-02-03T20:27:40+00:00","breadcrumb":{"@id":"https:\/\/www.4h.se\/eolshall\/kaninhotell-lattlast\/#breadcrumb"},"inLanguage":"sv-SE","potentialAction":[{"@type":"ReadAction","target":["https:\/\/www.4h.se\/eolshall\/kaninhotell-lattlast\/"]}]},{"@type":"BreadcrumbList","@id":"https:\/\/www.4h.se\/eolshall\/kaninhotell-lattlast\/#breadcrumb","itemListElement":[{"@type":"ListItem","position":1,"name":"Hem","item":"https:\/\/www.4h.se\/eolshall\/"},{"@type":"ListItem","position":2,"name":"Kaninhotell &#8211; l\u00e4ttl\u00e4st"}]},{"@type":"WebSite","@id":"https:\/\/www.4h.se\/eolshall\/#website","url":"https:\/\/www.4h.se\/eolshall\/","name":"Eolsh\u00e4lls 4H-g\u00e5rd","description":"","potentialAction":[{"@type":"SearchAction","target":{"@type":"EntryPoint","urlTemplate":"https:\/\/www.4h.se\/eolshall\/?s={search_term_string}"},"query-input":{"@type":"PropertyValueSpecification","valueRequired":true,"valueName":"search_term_string"}}],"inLanguage":"sv-SE"}]}},"_links":{"self":[{"href":"https:\/\/www.4h.se\/eolshall\/wp-json\/wp\/v2\/pages\/1353","targetHints":{"allow":["GET"]}}],"collection":[{"href":"https:\/\/www.4h.se\/eolshall\/wp-json\/wp\/v2\/pages"}],"about":[{"href":"https:\/\/www.4h.se\/eolshall\/wp-json\/wp\/v2\/types\/page"}],"author":[{"embeddable":true,"href":"https:\/\/www.4h.se\/eolshall\/wp-json\/wp\/v2\/users\/162"}],"replies":[{"embeddable":true,"href":"https:\/\/www.4h.se\/eolshall\/wp-json\/wp\/v2\/comments?post=1353"}],"version-history":[{"count":0,"href":"https:\/\/www.4h.se\/eolshall\/wp-json\/wp\/v2\/pages\/1353\/revisions"}],"wp:attachment":[{"href":"https:\/\/www.4h.se\/eolshall\/wp-json\/wp\/v2\/media?parent=1353"}],"curies":[{"name":"wp","href":"https:\/\/api.w.org\/{rel}","templated":true}]}}