



{"id":1350,"date":"2024-02-02T15:51:29","date_gmt":"2024-02-02T14:51:29","guid":{"rendered":"https:\/\/www.4h.se\/eolshall\/?page_id=1350"},"modified":"2025-02-03T21:27:40","modified_gmt":"2025-02-03T20:27:40","slug":"kurser-lattlast","status":"publish","type":"page","link":"https:\/\/www.4h.se\/eolshall\/kurser-lattlast\/","title":{"rendered":"Kurser &#8211; l\u00e4ttl\u00e4st"},"content":{"rendered":"<div class=\"wpb-content-wrapper\"><p>[vc_row][vc_column][vc_column_text css=&#8221;&#8221;]<\/p>\n<h1><span style=\"text-decoration: underline\">Kurser<\/span><\/h1>\n<p><span style=\"font-weight: 400\">Du kan g\u00e5 <a href=\"https:\/\/www.4h.se\/eolshall\/kursoversikt\">kurser<\/a> p\u00e5 Eolsh\u00e4lls 4H-g\u00e5rd.<\/span><\/p>\n<p><span style=\"font-weight: 400\">Vi har kurser i ridning, odling, hoppning med kaniner<\/span><\/p>\n<p><span style=\"font-weight: 400\">och kurser om hur man tar hand om djur.<\/span><\/p>\n<p><span style=\"font-weight: 400\">Du m\u00e5ste vara medlem hos oss f\u00f6r att g\u00e5 kurserna.<\/span><\/p>\n<p><span style=\"font-weight: 400\">Du m\u00e5ste anm\u00e4la dig till den kurs som du vill g\u00e5.<\/span><\/p>\n<p><span style=\"font-weight: 400\">Det kostar 50 kronor att avboka en kurs.<\/span><\/p>\n<p><span style=\"font-weight: 400\">Du m\u00e5ste avboka senast tv\u00e5 veckor innan<\/span><\/p>\n<p><span style=\"font-weight: 400\">kursen b\u00f6rjar. <\/span><\/p>\n<p><span style=\"font-weight: 400\">P\u00e5 <a href=\"https:\/\/www.antribe.com\/org\/4h\/eolshalls-4h\/event\">antribe<\/a> kan du se alla v\u00e5ra kurser.<\/span><\/p>\n<p><span style=\"font-weight: 400\">P\u00e5 antribe kan du <a href=\"https:\/\/www.antribe.com\/org\/4h\/eolshalls-4h\/bli-medlem\">bli medlem.<\/a><\/span><\/p>\n<p><span style=\"font-weight: 400\">Om det \u00e4r f\u00f6r f\u00e5 anm\u00e4lda p\u00e5<\/span><\/p>\n<p><span style=\"font-weight: 400\">en kurs kommer vi att avboka kursen.<\/span>[\/vc_column_text][\/vc_column][\/vc_row]<\/p>\n<\/div>","protected":false},"excerpt":{"rendered":"<p>[vc_row][vc_column][vc_column_text css=&#8221;&#8221;] Kurser Du kan g\u00e5 kurser p\u00e5 Eolsh\u00e4lls 4H-g\u00e5rd. Vi har kurser i ridning, odling, hoppning med kaniner och kurser om hur man tar hand om djur. Du m\u00e5ste vara medlem hos oss f\u00f6r att g\u00e5 kurserna. Du m\u00e5ste anm\u00e4la dig till den kurs som du vill g\u00e5. Det kostar 50 kronor att avboka&nbsp; <a href=\"https:\/\/www.4h.se\/eolshall\/kurser-lattlast\/\">&hellip; Read more <i class=\"glyphicon glyphicon-arrow-right\"><\/i><\/a><\/p>\n","protected":false},"author":162,"featured_media":0,"parent":0,"menu_order":81,"comment_status":"closed","ping_status":"closed","template":"","meta":{"footnotes":""},"class_list":["post-1350","page","type-page","status-publish","hentry"],"yoast_head":"<!-- This site is optimized with the Yoast SEO plugin v27.4 - https:\/\/yoast.com\/product\/yoast-seo-wordpress\/ -->\n<title>Kurser - l\u00e4ttl\u00e4st - Eolsh\u00e4lls 4H-g\u00e5rd<\/title>\n<meta name=\"robots\" content=\"index, follow, max-snippet:-1, max-image-preview:large, max-video-preview:-1\" \/>\n<link rel=\"canonical\" href=\"https:\/\/www.4h.se\/eolshall\/kurser-lattlast\/\" \/>\n<meta property=\"og:locale\" content=\"sv_SE\" \/>\n<meta property=\"og:type\" content=\"article\" \/>\n<meta property=\"og:title\" content=\"Kurser - l\u00e4ttl\u00e4st - Eolsh\u00e4lls 4H-g\u00e5rd\" \/>\n<meta property=\"og:description\" content=\"[vc_row][vc_column][vc_column_text css=&#8221;&#8221;] Kurser Du kan g\u00e5 kurser p\u00e5 Eolsh\u00e4lls 4H-g\u00e5rd. Vi har kurser i ridning, odling, hoppning med kaniner och kurser om hur man tar hand om djur. Du m\u00e5ste vara medlem hos oss f\u00f6r att g\u00e5 kurserna. Du m\u00e5ste anm\u00e4la dig till den kurs som du vill g\u00e5. Det kostar 50 kronor att avboka&nbsp; &hellip; Read more\" \/>\n<meta property=\"og:url\" content=\"https:\/\/www.4h.se\/eolshall\/kurser-lattlast\/\" \/>\n<meta property=\"og:site_name\" content=\"Eolsh\u00e4lls 4H-g\u00e5rd\" \/>\n<meta property=\"article:modified_time\" content=\"2025-02-03T20:27:40+00:00\" \/>\n<meta name=\"twitter:card\" content=\"summary_large_image\" \/>\n<script type=\"application\/ld+json\" class=\"yoast-schema-graph\">{\"@context\":\"https:\\\/\\\/schema.org\",\"@graph\":[{\"@type\":\"WebPage\",\"@id\":\"https:\\\/\\\/www.4h.se\\\/eolshall\\\/kurser-lattlast\\\/\",\"url\":\"https:\\\/\\\/www.4h.se\\\/eolshall\\\/kurser-lattlast\\\/\",\"name\":\"Kurser - l\u00e4ttl\u00e4st - Eolsh\u00e4lls 4H-g\u00e5rd\",\"isPartOf\":{\"@id\":\"https:\\\/\\\/www.4h.se\\\/eolshall\\\/#website\"},\"datePublished\":\"2024-02-02T14:51:29+00:00\",\"dateModified\":\"2025-02-03T20:27:40+00:00\",\"breadcrumb\":{\"@id\":\"https:\\\/\\\/www.4h.se\\\/eolshall\\\/kurser-lattlast\\\/#breadcrumb\"},\"inLanguage\":\"sv-SE\",\"potentialAction\":[{\"@type\":\"ReadAction\",\"target\":[\"https:\\\/\\\/www.4h.se\\\/eolshall\\\/kurser-lattlast\\\/\"]}]},{\"@type\":\"BreadcrumbList\",\"@id\":\"https:\\\/\\\/www.4h.se\\\/eolshall\\\/kurser-lattlast\\\/#breadcrumb\",\"itemListElement\":[{\"@type\":\"ListItem\",\"position\":1,\"name\":\"Hem\",\"item\":\"https:\\\/\\\/www.4h.se\\\/eolshall\\\/\"},{\"@type\":\"ListItem\",\"position\":2,\"name\":\"Kurser &#8211; l\u00e4ttl\u00e4st\"}]},{\"@type\":\"WebSite\",\"@id\":\"https:\\\/\\\/www.4h.se\\\/eolshall\\\/#website\",\"url\":\"https:\\\/\\\/www.4h.se\\\/eolshall\\\/\",\"name\":\"Eolsh\u00e4lls 4H-g\u00e5rd\",\"description\":\"\",\"potentialAction\":[{\"@type\":\"SearchAction\",\"target\":{\"@type\":\"EntryPoint\",\"urlTemplate\":\"https:\\\/\\\/www.4h.se\\\/eolshall\\\/?s={search_term_string}\"},\"query-input\":{\"@type\":\"PropertyValueSpecification\",\"valueRequired\":true,\"valueName\":\"search_term_string\"}}],\"inLanguage\":\"sv-SE\"}]}<\/script>\n<!-- \/ Yoast SEO plugin. -->","yoast_head_json":{"title":"Kurser - l\u00e4ttl\u00e4st - Eolsh\u00e4lls 4H-g\u00e5rd","robots":{"index":"index","follow":"follow","max-snippet":"max-snippet:-1","max-image-preview":"max-image-preview:large","max-video-preview":"max-video-preview:-1"},"canonical":"https:\/\/www.4h.se\/eolshall\/kurser-lattlast\/","og_locale":"sv_SE","og_type":"article","og_title":"Kurser - l\u00e4ttl\u00e4st - Eolsh\u00e4lls 4H-g\u00e5rd","og_description":"[vc_row][vc_column][vc_column_text css=&#8221;&#8221;] Kurser Du kan g\u00e5 kurser p\u00e5 Eolsh\u00e4lls 4H-g\u00e5rd. Vi har kurser i ridning, odling, hoppning med kaniner och kurser om hur man tar hand om djur. Du m\u00e5ste vara medlem hos oss f\u00f6r att g\u00e5 kurserna. Du m\u00e5ste anm\u00e4la dig till den kurs som du vill g\u00e5. Det kostar 50 kronor att avboka&nbsp; &hellip; Read more","og_url":"https:\/\/www.4h.se\/eolshall\/kurser-lattlast\/","og_site_name":"Eolsh\u00e4lls 4H-g\u00e5rd","article_modified_time":"2025-02-03T20:27:40+00:00","twitter_card":"summary_large_image","schema":{"@context":"https:\/\/schema.org","@graph":[{"@type":"WebPage","@id":"https:\/\/www.4h.se\/eolshall\/kurser-lattlast\/","url":"https:\/\/www.4h.se\/eolshall\/kurser-lattlast\/","name":"Kurser - l\u00e4ttl\u00e4st - Eolsh\u00e4lls 4H-g\u00e5rd","isPartOf":{"@id":"https:\/\/www.4h.se\/eolshall\/#website"},"datePublished":"2024-02-02T14:51:29+00:00","dateModified":"2025-02-03T20:27:40+00:00","breadcrumb":{"@id":"https:\/\/www.4h.se\/eolshall\/kurser-lattlast\/#breadcrumb"},"inLanguage":"sv-SE","potentialAction":[{"@type":"ReadAction","target":["https:\/\/www.4h.se\/eolshall\/kurser-lattlast\/"]}]},{"@type":"BreadcrumbList","@id":"https:\/\/www.4h.se\/eolshall\/kurser-lattlast\/#breadcrumb","itemListElement":[{"@type":"ListItem","position":1,"name":"Hem","item":"https:\/\/www.4h.se\/eolshall\/"},{"@type":"ListItem","position":2,"name":"Kurser &#8211; l\u00e4ttl\u00e4st"}]},{"@type":"WebSite","@id":"https:\/\/www.4h.se\/eolshall\/#website","url":"https:\/\/www.4h.se\/eolshall\/","name":"Eolsh\u00e4lls 4H-g\u00e5rd","description":"","potentialAction":[{"@type":"SearchAction","target":{"@type":"EntryPoint","urlTemplate":"https:\/\/www.4h.se\/eolshall\/?s={search_term_string}"},"query-input":{"@type":"PropertyValueSpecification","valueRequired":true,"valueName":"search_term_string"}}],"inLanguage":"sv-SE"}]}},"_links":{"self":[{"href":"https:\/\/www.4h.se\/eolshall\/wp-json\/wp\/v2\/pages\/1350","targetHints":{"allow":["GET"]}}],"collection":[{"href":"https:\/\/www.4h.se\/eolshall\/wp-json\/wp\/v2\/pages"}],"about":[{"href":"https:\/\/www.4h.se\/eolshall\/wp-json\/wp\/v2\/types\/page"}],"author":[{"embeddable":true,"href":"https:\/\/www.4h.se\/eolshall\/wp-json\/wp\/v2\/users\/162"}],"replies":[{"embeddable":true,"href":"https:\/\/www.4h.se\/eolshall\/wp-json\/wp\/v2\/comments?post=1350"}],"version-history":[{"count":0,"href":"https:\/\/www.4h.se\/eolshall\/wp-json\/wp\/v2\/pages\/1350\/revisions"}],"wp:attachment":[{"href":"https:\/\/www.4h.se\/eolshall\/wp-json\/wp\/v2\/media?parent=1350"}],"curies":[{"name":"wp","href":"https:\/\/api.w.org\/{rel}","templated":true}]}}