



{"id":1302,"date":"2023-11-08T13:43:17","date_gmt":"2023-11-08T12:43:17","guid":{"rendered":"https:\/\/www.4h.se\/eolshall\/?page_id=1302"},"modified":"2025-12-02T07:32:17","modified_gmt":"2025-12-02T06:32:17","slug":"kurser-funktion","status":"publish","type":"page","link":"https:\/\/www.4h.se\/eolshall\/kurser-funktion\/","title":{"rendered":"Kurser funktion"},"content":{"rendered":"<div class=\"wpb-content-wrapper\"><p>[vc_row][vc_column width=&#8221;1\/2&#8243;][vc_column_text css=&#8221;&#8221;]<\/p>\n<h1>djursk\u00f6tarkurser funktion<\/h1>\n<h4>kurser f\u00f6r dig med behov av s\u00e4rskilt st\u00f6d och anpassning.<\/h4>\n<p>F\u00f6r dig som vill vara i en grupp p\u00e5 max 6 personer.<\/p>\n<p>Vi tar hand om djuren och l\u00e4r oss om djuren.<\/p>\n<p>Vi tar allt i er takt och anpassar oss mer efter er.<\/p>\n<p>Kursen kan man g\u00e5 flera g\u00e5nger, det finns s\u00e5 mycket att l\u00e4ra sig!<\/p>\n<h3>vi h\u00e4nvisar till <a href=\"https:\/\/www.4h.se\/eolshall\/kursoversikt\">kurs\u00f6versikten<\/a><\/h3>\n<hr>\n<h1>v\u00e5r 2026<\/h1>\n<h3>djursk\u00f6tarkurs npf onsdag fr\u00e5n 7 \u00e5r<\/h3>\n<h5>Tid:<\/h5>\n<h5>\u00c5lder: fr\u00e5n 7 \u00e5r<\/h5>\n<h5>Kursavgift: 650 kr<\/h5>\n<h5>Medlemsavgift: se aktuell avgift i fliken <a href=\"https:\/\/www.4h.se\/eolshall\/bli-medlem\/\">bli medlem<\/a><\/h5>\n<h5>kursdatum: start v<\/h5>\n<h5><\/h5>\n<h5>kursdatum: start v.<\/h5>\n<h4><\/h4>\n<p>&nbsp;<\/p>\n<h3>djursk\u00f6tarkurs tisdag 15 \u00e5r till vuxen<\/h3>\n<h5>tid: 16:00-17:00<\/h5>\n<h5>\u00c5lder: fr\u00e5n 15 \u00e5r till vuxen<\/h5>\n<h5>Kursavgift: 1500kr<\/h5>\n<h5>medlemsavgift: se aktuell avgift i fliken <a href=\"https:\/\/www.4h.se\/eolshall\/bli-medlem\/\">bli medlem<\/a><\/h5>\n<h5><\/h5>\n<h5>Kursdatum: Start v.<\/h5>\n<p>[\/vc_column_text][\/vc_column][vc_column width=&#8221;1\/2&#8243;][vc_column_text css=&#8221;&#8221;]<\/p>\n<h3><span style=\"font-weight: 400;color: #000000\">Information anm\u00e4lan och bokning<\/span><\/h3>\n<p>Anm\u00e4l dig via medlemssystemet <a href=\"https:\/\/www.antribe.com\/org\/4h\/eolshalls-4h\/event\">Antribe<\/a>. Klicka p\u00e5 kursen f\u00f6r att komma till anm\u00e4lan.<\/p>\n<p>F\u00f6r att g\u00e5 kursen beh\u00f6ver deltagaren vara medlem vid kursstart. Medlemskap skapas vid anm\u00e4lan.<\/p>\n<p>Observera att anm\u00e4lan ska g\u00f6ras i kursdeltagarens namn och personnummer.<\/p>\n<p>I m\u00e5n av plats g\u00e5r det att b\u00f6rja en p\u00e5g\u00e5ende kurs. Avgiften dras d\u00e5 av f\u00f6r missade tillf\u00e4llen.<\/p>\n<p>Vid f\u00e4rre \u00e4n fem anm\u00e4lda deltagare tv\u00e5 veckor innan kursstart kan kursen st\u00e4llas in.<\/p>\n<p>Alla bokningar sker med reservation f\u00f6r \u00e4ndringar.<\/p>\n<p>Fakturan \u00e4r en bekr\u00e4ftelse p\u00e5 att du har f\u00e5tt plats p\u00e5 kursen.<\/p>\n<p>Om du inte l\u00e4ngre vill ha platsen, v\u00e4nligen avboka genom att skicka e-post till <a href=\"mailto:eolshall@4h.se\">eolshall@4h.se<\/a> senast tv\u00e5 veckor innan kursstart.<\/p>\n<p>Vi tar ut en avbokningsavgift p\u00e5 50kr.[\/vc_column_text][\/vc_column][\/vc_row]<\/p>\n<\/div>","protected":false},"excerpt":{"rendered":"<p>[vc_row][vc_column width=&#8221;1\/2&#8243;][vc_column_text css=&#8221;&#8221;] djursk\u00f6tarkurser funktion kurser f\u00f6r dig med behov av s\u00e4rskilt st\u00f6d och anpassning. F\u00f6r dig som vill vara i en grupp p\u00e5 max 6 personer. Vi tar hand om djuren och l\u00e4r oss om djuren. Vi tar allt i er takt och anpassar oss mer efter er. Kursen kan man g\u00e5 flera g\u00e5nger,&nbsp; <a href=\"https:\/\/www.4h.se\/eolshall\/kurser-funktion\/\">&hellip; Read more <i class=\"glyphicon glyphicon-arrow-right\"><\/i><\/a><\/p>\n","protected":false},"author":162,"featured_media":0,"parent":0,"menu_order":84,"comment_status":"closed","ping_status":"closed","template":"","meta":{"footnotes":""},"class_list":["post-1302","page","type-page","status-publish","hentry"],"yoast_head":"<!-- This site is optimized with the Yoast SEO plugin v27.4 - https:\/\/yoast.com\/product\/yoast-seo-wordpress\/ -->\n<title>Kurser funktion - Eolsh\u00e4lls 4H-g\u00e5rd<\/title>\n<meta name=\"robots\" content=\"index, follow, max-snippet:-1, max-image-preview:large, max-video-preview:-1\" \/>\n<link rel=\"canonical\" href=\"https:\/\/www.4h.se\/eolshall\/kurser-funktion\/\" \/>\n<meta property=\"og:locale\" content=\"sv_SE\" \/>\n<meta property=\"og:type\" content=\"article\" \/>\n<meta property=\"og:title\" content=\"Kurser funktion - Eolsh\u00e4lls 4H-g\u00e5rd\" \/>\n<meta property=\"og:description\" content=\"[vc_row][vc_column width=&#8221;1\/2&#8243;][vc_column_text css=&#8221;&#8221;] djursk\u00f6tarkurser funktion kurser f\u00f6r dig med behov av s\u00e4rskilt st\u00f6d och anpassning. F\u00f6r dig som vill vara i en grupp p\u00e5 max 6 personer. Vi tar hand om djuren och l\u00e4r oss om djuren. Vi tar allt i er takt och anpassar oss mer efter er. Kursen kan man g\u00e5 flera g\u00e5nger,&nbsp; &hellip; Read more\" \/>\n<meta property=\"og:url\" content=\"https:\/\/www.4h.se\/eolshall\/kurser-funktion\/\" \/>\n<meta property=\"og:site_name\" content=\"Eolsh\u00e4lls 4H-g\u00e5rd\" \/>\n<meta property=\"article:modified_time\" content=\"2025-12-02T06:32:17+00:00\" \/>\n<meta name=\"twitter:card\" content=\"summary_large_image\" \/>\n<script type=\"application\/ld+json\" class=\"yoast-schema-graph\">{\"@context\":\"https:\\\/\\\/schema.org\",\"@graph\":[{\"@type\":\"WebPage\",\"@id\":\"https:\\\/\\\/www.4h.se\\\/eolshall\\\/kurser-funktion\\\/\",\"url\":\"https:\\\/\\\/www.4h.se\\\/eolshall\\\/kurser-funktion\\\/\",\"name\":\"Kurser funktion - Eolsh\u00e4lls 4H-g\u00e5rd\",\"isPartOf\":{\"@id\":\"https:\\\/\\\/www.4h.se\\\/eolshall\\\/#website\"},\"datePublished\":\"2023-11-08T12:43:17+00:00\",\"dateModified\":\"2025-12-02T06:32:17+00:00\",\"breadcrumb\":{\"@id\":\"https:\\\/\\\/www.4h.se\\\/eolshall\\\/kurser-funktion\\\/#breadcrumb\"},\"inLanguage\":\"sv-SE\",\"potentialAction\":[{\"@type\":\"ReadAction\",\"target\":[\"https:\\\/\\\/www.4h.se\\\/eolshall\\\/kurser-funktion\\\/\"]}]},{\"@type\":\"BreadcrumbList\",\"@id\":\"https:\\\/\\\/www.4h.se\\\/eolshall\\\/kurser-funktion\\\/#breadcrumb\",\"itemListElement\":[{\"@type\":\"ListItem\",\"position\":1,\"name\":\"Hem\",\"item\":\"https:\\\/\\\/www.4h.se\\\/eolshall\\\/\"},{\"@type\":\"ListItem\",\"position\":2,\"name\":\"Kurser funktion\"}]},{\"@type\":\"WebSite\",\"@id\":\"https:\\\/\\\/www.4h.se\\\/eolshall\\\/#website\",\"url\":\"https:\\\/\\\/www.4h.se\\\/eolshall\\\/\",\"name\":\"Eolsh\u00e4lls 4H-g\u00e5rd\",\"description\":\"\",\"potentialAction\":[{\"@type\":\"SearchAction\",\"target\":{\"@type\":\"EntryPoint\",\"urlTemplate\":\"https:\\\/\\\/www.4h.se\\\/eolshall\\\/?s={search_term_string}\"},\"query-input\":{\"@type\":\"PropertyValueSpecification\",\"valueRequired\":true,\"valueName\":\"search_term_string\"}}],\"inLanguage\":\"sv-SE\"}]}<\/script>\n<!-- \/ Yoast SEO plugin. -->","yoast_head_json":{"title":"Kurser funktion - Eolsh\u00e4lls 4H-g\u00e5rd","robots":{"index":"index","follow":"follow","max-snippet":"max-snippet:-1","max-image-preview":"max-image-preview:large","max-video-preview":"max-video-preview:-1"},"canonical":"https:\/\/www.4h.se\/eolshall\/kurser-funktion\/","og_locale":"sv_SE","og_type":"article","og_title":"Kurser funktion - Eolsh\u00e4lls 4H-g\u00e5rd","og_description":"[vc_row][vc_column width=&#8221;1\/2&#8243;][vc_column_text css=&#8221;&#8221;] djursk\u00f6tarkurser funktion kurser f\u00f6r dig med behov av s\u00e4rskilt st\u00f6d och anpassning. F\u00f6r dig som vill vara i en grupp p\u00e5 max 6 personer. Vi tar hand om djuren och l\u00e4r oss om djuren. Vi tar allt i er takt och anpassar oss mer efter er. Kursen kan man g\u00e5 flera g\u00e5nger,&nbsp; &hellip; Read more","og_url":"https:\/\/www.4h.se\/eolshall\/kurser-funktion\/","og_site_name":"Eolsh\u00e4lls 4H-g\u00e5rd","article_modified_time":"2025-12-02T06:32:17+00:00","twitter_card":"summary_large_image","schema":{"@context":"https:\/\/schema.org","@graph":[{"@type":"WebPage","@id":"https:\/\/www.4h.se\/eolshall\/kurser-funktion\/","url":"https:\/\/www.4h.se\/eolshall\/kurser-funktion\/","name":"Kurser funktion - Eolsh\u00e4lls 4H-g\u00e5rd","isPartOf":{"@id":"https:\/\/www.4h.se\/eolshall\/#website"},"datePublished":"2023-11-08T12:43:17+00:00","dateModified":"2025-12-02T06:32:17+00:00","breadcrumb":{"@id":"https:\/\/www.4h.se\/eolshall\/kurser-funktion\/#breadcrumb"},"inLanguage":"sv-SE","potentialAction":[{"@type":"ReadAction","target":["https:\/\/www.4h.se\/eolshall\/kurser-funktion\/"]}]},{"@type":"BreadcrumbList","@id":"https:\/\/www.4h.se\/eolshall\/kurser-funktion\/#breadcrumb","itemListElement":[{"@type":"ListItem","position":1,"name":"Hem","item":"https:\/\/www.4h.se\/eolshall\/"},{"@type":"ListItem","position":2,"name":"Kurser funktion"}]},{"@type":"WebSite","@id":"https:\/\/www.4h.se\/eolshall\/#website","url":"https:\/\/www.4h.se\/eolshall\/","name":"Eolsh\u00e4lls 4H-g\u00e5rd","description":"","potentialAction":[{"@type":"SearchAction","target":{"@type":"EntryPoint","urlTemplate":"https:\/\/www.4h.se\/eolshall\/?s={search_term_string}"},"query-input":{"@type":"PropertyValueSpecification","valueRequired":true,"valueName":"search_term_string"}}],"inLanguage":"sv-SE"}]}},"_links":{"self":[{"href":"https:\/\/www.4h.se\/eolshall\/wp-json\/wp\/v2\/pages\/1302","targetHints":{"allow":["GET"]}}],"collection":[{"href":"https:\/\/www.4h.se\/eolshall\/wp-json\/wp\/v2\/pages"}],"about":[{"href":"https:\/\/www.4h.se\/eolshall\/wp-json\/wp\/v2\/types\/page"}],"author":[{"embeddable":true,"href":"https:\/\/www.4h.se\/eolshall\/wp-json\/wp\/v2\/users\/162"}],"replies":[{"embeddable":true,"href":"https:\/\/www.4h.se\/eolshall\/wp-json\/wp\/v2\/comments?post=1302"}],"version-history":[{"count":0,"href":"https:\/\/www.4h.se\/eolshall\/wp-json\/wp\/v2\/pages\/1302\/revisions"}],"wp:attachment":[{"href":"https:\/\/www.4h.se\/eolshall\/wp-json\/wp\/v2\/media?parent=1302"}],"curies":[{"name":"wp","href":"https:\/\/api.w.org\/{rel}","templated":true}]}}