



{"id":1283,"date":"2023-11-08T10:56:45","date_gmt":"2023-11-08T09:56:45","guid":{"rendered":"https:\/\/www.4h.se\/eolshall\/?page_id=1283"},"modified":"2025-12-02T07:49:39","modified_gmt":"2025-12-02T06:49:39","slug":"kurser-for-vuxna","status":"publish","type":"page","link":"https:\/\/www.4h.se\/eolshall\/kurser-for-vuxna\/","title":{"rendered":"Kurser f\u00f6r vuxna"},"content":{"rendered":"<div class=\"wpb-content-wrapper\"><p>[vc_row][vc_column width=&#8221;1\/2&#8243;][vc_column_text css=&#8221;&#8221;]<\/p>\n<h3>vi h\u00e4nvisar till <a href=\"https:\/\/www.4h.se\/eolshall\/kursoversikt\">kurs\u00f6versikten<\/a><\/h3>\n<hr>\n<h1>v\u00e5r 2026<\/h1>\n<h1>tr\u00e4dg\u00e5rd<\/h1>\n<h4><span style=\"color: #333333;\">odlings\u00e5ret v.<\/span><\/h4>\n<h5>Tr\u00e4dg\u00e5rdskurs fr\u00e5n 18 \u00e5r<\/h5>\n<h5>Datum:<\/h5>\n<h5>Tid: 17:15-18:45<\/h5>\n<h5>Kursavgift: 950kr<\/h5>\n<h5>Medlemsavgift: se aktuell avgift i fliken <a href=\"https:\/\/www.4h.se\/eolshall\/bli-medlem\/\">bli medlem<\/a><\/h5>\n<h5>Kursledare: Katarina Hildingsdotter<\/h5>\n<p>Detta \u00e4r en kurs f\u00f6r dig som vill l\u00e4ra dig mer om odling, kanske har du h\u00e5llit p\u00e5 lite med tr\u00e4dg\u00e5rd tidigare eller s\u00e5 \u00e4r du nyb\u00f6rjare.<\/p>\n<p>Vi kommer bland annat att g\u00e5 igenom planering och f\u00f6rberedelser av k\u00f6kstr\u00e4dg\u00e5rden, f\u00f6rodling, direkts\u00e5dd, kompost och jordbearbetning.<\/p>\n<p>M\u00f6jlighet att engagera sig i tr\u00e4dg\u00e5rdsgruppen p\u00e5 g\u00e5rden och sk\u00f6ta om odlingarna.<\/p>\n<h1>bli helgsk\u00f6tare<\/h1>\n<h4>Helgsk\u00f6tarkurs, v.<\/h4>\n<h5>\u00e5lder: fr\u00e5n 18 \u00e5r<\/h5>\n<h5>datum&amp;tid :<\/h5>\n<h5>Kursvavgift: 300kr<\/h5>\n<h5>Medlemsavgift: se aktuell avgift i fliken <a href=\"https:\/\/www.4h.se\/eolshall\/bli-medlem\/\">bli medlem<\/a><\/h5>\n<p>Den h\u00e4r kursen v\u00e4nder sig till dig \u00f6ver 18 \u00e5r som vill vara med och sk\u00f6ta om g\u00e5rd och djur n\u00e4r personalen \u00e4r ledig.<\/p>\n<p>Helgsk\u00f6tarna \u00e4r en viktig del av g\u00e5rden f\u00f6r att vi ska kunna vara i drift \u00e5ret runt<\/p>\n<p>Som ideell helgsk\u00f6tare f\u00e5r du vara med och l\u00e4ra dig vad det inneb\u00e4r att ha en g\u00e5rd och vilken sk\u00f6tsel v\u00e5ra djur beh\u00f6ver.<\/p>\n<p>Det finns ocks\u00e5 m\u00f6jlighet att engagera sig p\u00e5 flera olika omr\u00e5den som tex. tr\u00e4dg\u00e5rd, hantverk och styrelsearbete.<\/p>\n<p>En unik m\u00f6jlighet att f\u00e5 vara med och l\u00e4ra dig om tex. lamning och kalvning, mj\u00f6lkning av ko, ystning, sk\u00f6tsel av h\u00e4star.<\/p>\n<p>Varje termin ordnar vi minst en kurs f\u00f6r nya helgsk\u00f6tare. Kursen \u00e4r p\u00e5 tv\u00e5 dagar och vi g\u00e5r igenom sk\u00f6tsel av g\u00e5rd och djur.<\/p>\n<p>Vi g\u00e5r igenom s\u00e4kerhetsrutiner och hur vi sk\u00f6ter alla djur.<\/p>\n<p>Som helgsk\u00f6tare tar du hand om djuren ideellt och det inneb\u00e4r ett stort ansvar, men som ocks\u00e5 sk\u00e4nker mycket gl\u00e4dje.<\/p>\n<p>Att vara helgsk\u00f6tare inneb\u00e4r ocks\u00e5 att du tr\u00e4ffar m\u00e5nga nya v\u00e4nner, b\u00e5de unga och gamla och f\u00e5r m\u00e5nga h\u00e4rliga stunder.<\/p>\n<p>Klicka p\u00e5 rubriken f\u00f6r anm\u00e4lan.<\/p>\n<p>&nbsp;<\/p>\n<h1>f\u00f6r helgsk\u00f6tare<\/h1>\n<h4><\/h4>\n<p>[\/vc_column_text][\/vc_column][vc_column width=&#8221;1\/2&#8243;][vc_column_text css=&#8221;&#8221;]<\/p>\n<h3><span style=\"font-weight: 400;color: #000000\">Information anm\u00e4lan och bokning<\/span><\/h3>\n<p>Anm\u00e4l dig via medlemssystemet <a href=\"https:\/\/www.antribe.com\/org\/4h\/eolshalls-4h\/event\">Antribe<\/a>. Klicka p\u00e5 kursen f\u00f6r att komma till anm\u00e4lan.<\/p>\n<p>F\u00f6r att g\u00e5 kursen beh\u00f6ver deltagaren vara medlem vid kursstart. Medlemskap skapas vid anm\u00e4lan.<\/p>\n<p>Observera att anm\u00e4lan ska g\u00f6ras i kursdeltagarens namn och personnummer.<\/p>\n<p>I m\u00e5n av plats g\u00e5r det att b\u00f6rja en p\u00e5g\u00e5ende kurs. Avgiften dras d\u00e5 av f\u00f6r missade tillf\u00e4llen.<\/p>\n<p>Vid f\u00e4rre \u00e4n fem anm\u00e4lda deltagare tv\u00e5 veckor innan kursstart kan kursen st\u00e4llas in.<\/p>\n<p>Alla bokningar sker med reservation f\u00f6r \u00e4ndringar.<\/p>\n<p>Fakturan \u00e4r en bekr\u00e4ftelse p\u00e5 att du har f\u00e5tt plats p\u00e5 kursen.<\/p>\n<p>Om du inte l\u00e4ngre vill ha platsen, v\u00e4nligen avboka genom att skicka e-post till eolshall@4h.se senast tv\u00e5 veckor innan kursstart.<\/p>\n<p>Vi tar ut en avbokningsavgift p\u00e5 50kr.[\/vc_column_text][\/vc_column][\/vc_row]<\/p>\n<\/div>","protected":false},"excerpt":{"rendered":"<p>[vc_row][vc_column width=&#8221;1\/2&#8243;][vc_column_text css=&#8221;&#8221;] vi h\u00e4nvisar till kurs\u00f6versikten v\u00e5r 2026 tr\u00e4dg\u00e5rd odlings\u00e5ret v. Tr\u00e4dg\u00e5rdskurs fr\u00e5n 18 \u00e5r Datum: Tid: 17:15-18:45 Kursavgift: 950kr Medlemsavgift: se aktuell avgift i fliken bli medlem Kursledare: Katarina Hildingsdotter Detta \u00e4r en kurs f\u00f6r dig som vill l\u00e4ra dig mer om odling, kanske har du h\u00e5llit p\u00e5 lite med tr\u00e4dg\u00e5rd tidigare eller&nbsp; <a href=\"https:\/\/www.4h.se\/eolshall\/kurser-for-vuxna\/\">&hellip; Read more <i class=\"glyphicon glyphicon-arrow-right\"><\/i><\/a><\/p>\n","protected":false},"author":162,"featured_media":0,"parent":0,"menu_order":83,"comment_status":"closed","ping_status":"closed","template":"","meta":{"footnotes":""},"class_list":["post-1283","page","type-page","status-publish","hentry"],"yoast_head":"<!-- This site is optimized with the Yoast SEO plugin v27.4 - https:\/\/yoast.com\/product\/yoast-seo-wordpress\/ -->\n<title>Kurser f\u00f6r vuxna - Eolsh\u00e4lls 4H-g\u00e5rd<\/title>\n<meta name=\"robots\" content=\"index, follow, max-snippet:-1, max-image-preview:large, max-video-preview:-1\" \/>\n<link rel=\"canonical\" href=\"https:\/\/www.4h.se\/eolshall\/kurser-for-vuxna\/\" \/>\n<meta property=\"og:locale\" content=\"sv_SE\" \/>\n<meta property=\"og:type\" content=\"article\" \/>\n<meta property=\"og:title\" content=\"Kurser f\u00f6r vuxna - Eolsh\u00e4lls 4H-g\u00e5rd\" \/>\n<meta property=\"og:description\" content=\"[vc_row][vc_column width=&#8221;1\/2&#8243;][vc_column_text css=&#8221;&#8221;] vi h\u00e4nvisar till kurs\u00f6versikten v\u00e5r 2026 tr\u00e4dg\u00e5rd odlings\u00e5ret v. Tr\u00e4dg\u00e5rdskurs fr\u00e5n 18 \u00e5r Datum: Tid: 17:15-18:45 Kursavgift: 950kr Medlemsavgift: se aktuell avgift i fliken bli medlem Kursledare: Katarina Hildingsdotter Detta \u00e4r en kurs f\u00f6r dig som vill l\u00e4ra dig mer om odling, kanske har du h\u00e5llit p\u00e5 lite med tr\u00e4dg\u00e5rd tidigare eller&nbsp; &hellip; Read more\" \/>\n<meta property=\"og:url\" content=\"https:\/\/www.4h.se\/eolshall\/kurser-for-vuxna\/\" \/>\n<meta property=\"og:site_name\" content=\"Eolsh\u00e4lls 4H-g\u00e5rd\" \/>\n<meta property=\"article:modified_time\" content=\"2025-12-02T06:49:39+00:00\" \/>\n<meta name=\"twitter:card\" content=\"summary_large_image\" \/>\n<script type=\"application\/ld+json\" class=\"yoast-schema-graph\">{\"@context\":\"https:\\\/\\\/schema.org\",\"@graph\":[{\"@type\":\"WebPage\",\"@id\":\"https:\\\/\\\/www.4h.se\\\/eolshall\\\/kurser-for-vuxna\\\/\",\"url\":\"https:\\\/\\\/www.4h.se\\\/eolshall\\\/kurser-for-vuxna\\\/\",\"name\":\"Kurser f\u00f6r vuxna - Eolsh\u00e4lls 4H-g\u00e5rd\",\"isPartOf\":{\"@id\":\"https:\\\/\\\/www.4h.se\\\/eolshall\\\/#website\"},\"datePublished\":\"2023-11-08T09:56:45+00:00\",\"dateModified\":\"2025-12-02T06:49:39+00:00\",\"breadcrumb\":{\"@id\":\"https:\\\/\\\/www.4h.se\\\/eolshall\\\/kurser-for-vuxna\\\/#breadcrumb\"},\"inLanguage\":\"sv-SE\",\"potentialAction\":[{\"@type\":\"ReadAction\",\"target\":[\"https:\\\/\\\/www.4h.se\\\/eolshall\\\/kurser-for-vuxna\\\/\"]}]},{\"@type\":\"BreadcrumbList\",\"@id\":\"https:\\\/\\\/www.4h.se\\\/eolshall\\\/kurser-for-vuxna\\\/#breadcrumb\",\"itemListElement\":[{\"@type\":\"ListItem\",\"position\":1,\"name\":\"Hem\",\"item\":\"https:\\\/\\\/www.4h.se\\\/eolshall\\\/\"},{\"@type\":\"ListItem\",\"position\":2,\"name\":\"Kurser f\u00f6r vuxna\"}]},{\"@type\":\"WebSite\",\"@id\":\"https:\\\/\\\/www.4h.se\\\/eolshall\\\/#website\",\"url\":\"https:\\\/\\\/www.4h.se\\\/eolshall\\\/\",\"name\":\"Eolsh\u00e4lls 4H-g\u00e5rd\",\"description\":\"\",\"potentialAction\":[{\"@type\":\"SearchAction\",\"target\":{\"@type\":\"EntryPoint\",\"urlTemplate\":\"https:\\\/\\\/www.4h.se\\\/eolshall\\\/?s={search_term_string}\"},\"query-input\":{\"@type\":\"PropertyValueSpecification\",\"valueRequired\":true,\"valueName\":\"search_term_string\"}}],\"inLanguage\":\"sv-SE\"}]}<\/script>\n<!-- \/ Yoast SEO plugin. -->","yoast_head_json":{"title":"Kurser f\u00f6r vuxna - Eolsh\u00e4lls 4H-g\u00e5rd","robots":{"index":"index","follow":"follow","max-snippet":"max-snippet:-1","max-image-preview":"max-image-preview:large","max-video-preview":"max-video-preview:-1"},"canonical":"https:\/\/www.4h.se\/eolshall\/kurser-for-vuxna\/","og_locale":"sv_SE","og_type":"article","og_title":"Kurser f\u00f6r vuxna - Eolsh\u00e4lls 4H-g\u00e5rd","og_description":"[vc_row][vc_column width=&#8221;1\/2&#8243;][vc_column_text css=&#8221;&#8221;] vi h\u00e4nvisar till kurs\u00f6versikten v\u00e5r 2026 tr\u00e4dg\u00e5rd odlings\u00e5ret v. Tr\u00e4dg\u00e5rdskurs fr\u00e5n 18 \u00e5r Datum: Tid: 17:15-18:45 Kursavgift: 950kr Medlemsavgift: se aktuell avgift i fliken bli medlem Kursledare: Katarina Hildingsdotter Detta \u00e4r en kurs f\u00f6r dig som vill l\u00e4ra dig mer om odling, kanske har du h\u00e5llit p\u00e5 lite med tr\u00e4dg\u00e5rd tidigare eller&nbsp; &hellip; Read more","og_url":"https:\/\/www.4h.se\/eolshall\/kurser-for-vuxna\/","og_site_name":"Eolsh\u00e4lls 4H-g\u00e5rd","article_modified_time":"2025-12-02T06:49:39+00:00","twitter_card":"summary_large_image","schema":{"@context":"https:\/\/schema.org","@graph":[{"@type":"WebPage","@id":"https:\/\/www.4h.se\/eolshall\/kurser-for-vuxna\/","url":"https:\/\/www.4h.se\/eolshall\/kurser-for-vuxna\/","name":"Kurser f\u00f6r vuxna - Eolsh\u00e4lls 4H-g\u00e5rd","isPartOf":{"@id":"https:\/\/www.4h.se\/eolshall\/#website"},"datePublished":"2023-11-08T09:56:45+00:00","dateModified":"2025-12-02T06:49:39+00:00","breadcrumb":{"@id":"https:\/\/www.4h.se\/eolshall\/kurser-for-vuxna\/#breadcrumb"},"inLanguage":"sv-SE","potentialAction":[{"@type":"ReadAction","target":["https:\/\/www.4h.se\/eolshall\/kurser-for-vuxna\/"]}]},{"@type":"BreadcrumbList","@id":"https:\/\/www.4h.se\/eolshall\/kurser-for-vuxna\/#breadcrumb","itemListElement":[{"@type":"ListItem","position":1,"name":"Hem","item":"https:\/\/www.4h.se\/eolshall\/"},{"@type":"ListItem","position":2,"name":"Kurser f\u00f6r vuxna"}]},{"@type":"WebSite","@id":"https:\/\/www.4h.se\/eolshall\/#website","url":"https:\/\/www.4h.se\/eolshall\/","name":"Eolsh\u00e4lls 4H-g\u00e5rd","description":"","potentialAction":[{"@type":"SearchAction","target":{"@type":"EntryPoint","urlTemplate":"https:\/\/www.4h.se\/eolshall\/?s={search_term_string}"},"query-input":{"@type":"PropertyValueSpecification","valueRequired":true,"valueName":"search_term_string"}}],"inLanguage":"sv-SE"}]}},"_links":{"self":[{"href":"https:\/\/www.4h.se\/eolshall\/wp-json\/wp\/v2\/pages\/1283","targetHints":{"allow":["GET"]}}],"collection":[{"href":"https:\/\/www.4h.se\/eolshall\/wp-json\/wp\/v2\/pages"}],"about":[{"href":"https:\/\/www.4h.se\/eolshall\/wp-json\/wp\/v2\/types\/page"}],"author":[{"embeddable":true,"href":"https:\/\/www.4h.se\/eolshall\/wp-json\/wp\/v2\/users\/162"}],"replies":[{"embeddable":true,"href":"https:\/\/www.4h.se\/eolshall\/wp-json\/wp\/v2\/comments?post=1283"}],"version-history":[{"count":0,"href":"https:\/\/www.4h.se\/eolshall\/wp-json\/wp\/v2\/pages\/1283\/revisions"}],"wp:attachment":[{"href":"https:\/\/www.4h.se\/eolshall\/wp-json\/wp\/v2\/media?parent=1283"}],"curies":[{"name":"wp","href":"https:\/\/api.w.org\/{rel}","templated":true}]}}