



{"id":770,"date":"2022-07-17T10:45:28","date_gmt":"2022-07-17T08:45:28","guid":{"rendered":"https:\/\/www.4h.se\/bjorklundshage\/?page_id=770"},"modified":"2022-12-23T11:18:55","modified_gmt":"2022-12-23T10:18:55","slug":"kontakt","status":"publish","type":"page","link":"https:\/\/www.4h.se\/bjorklundshage\/kontakt\/","title":{"rendered":"Kontakt"},"content":{"rendered":"<div class=\"wpb-content-wrapper\"><p>[vc_row][vc_column width=&#8221;1\/2&#8243;][vc_column_text]<\/p>\n<h1><span style=\"color: #006340\">Hur ni n\u00e5r oss<\/span><\/h1>\n<p>Vi n\u00e5s under vardagar 9.00-16.00.<\/p>\n<p>Vi svarar p\u00e5 mail i den m\u00e5n vi hinner, under h\u00f6gs\u00e4song kan det dr\u00f6ja lite d\u00e5 vi \u00e4r mycket ute p\u00e5 g\u00e5rden.<\/p>\n<p><strong>Mail<\/strong>: <a href=\"mailto:bjorklundshage@4h.se\">bjorklundshage@4h.se<\/a><\/p>\n<p>&nbsp;<\/p>\n<h4><span style=\"color: #006340\"><strong>Hitta hit<\/strong><\/span><\/h4>\n<p><strong>Adress<\/strong>:\u00a0Liljegrensv\u00e4gen 5, 168 53 Bromma<\/p>\n<p><strong>Buss 113\u00a0<\/strong>stannar vid stationen <strong>Runstensplan<\/strong> n\u00e5gra minuter fr\u00e5n g\u00e5rden.<\/p>\n<p><strong>Promenad<\/strong>\u00a0fr\u00e5n tunnelbanestationen Islandstorget tar ca\u00a0<strong>10 min<\/strong>.<\/p>\n<p>Parkering f\u00f6r <strong>bil<\/strong> \u00e4r begr\u00e4nsad, och vid st\u00f6rre evenemang blir det fullt snabbt.[\/vc_column_text][\/vc_column][vc_column width=&#8221;1\/2&#8243;][vc_gmaps link=&#8221;#E-8_JTNDaWZyYW1lJTIwc3JjJTNEJTIyaHR0cHMlM0ElMkYlMkZ3d3cuZ29vZ2xlLmNvbSUyRm1hcHMlMkZlbWJlZCUzRnBiJTNEJTIxMW0xOCUyMTFtMTIlMjExbTMlMjExZDIwMzQuMDYxNTM3NzkzOTI3NSUyMTJkMTcuODk5MzgxNTE2MDczMDklMjEzZDU5LjM0ODYyMDU4MTY2NTYzJTIxMm0zJTIxMWYwJTIxMmYwJTIxM2YwJTIxM20yJTIxMWkxMDI0JTIxMmk3NjglMjE0ZjEzLjElMjEzbTMlMjExbTIlMjExczB4NDY1Zjc1OGE3MjczYjVkNyUyNTNBMHhiMjgzNDhiMjU0NWRjNjI1JTIxMnNCaiUyNUMzJTI1QjZya2x1bmRzJTI1MjBIYWdlJTI1MjA0SC1nJTI1QzMlMjVBNXJkJTIxNWUwJTIxM20yJTIxMXNzdiUyMTJzc2UlMjE0djE2NTgwNDc4MjkyNDAlMjE1bTIlMjExc3N2JTIxMnNzZSUyMiUyMHdpZHRoJTNEJTIyNjAwJTIyJTIwaGVpZ2h0JTNEJTIyNDUwJTIyJTIwc3R5bGUlM0QlMjJib3JkZXIlM0EwJTNCJTIyJTIwYWxsb3dmdWxsc2NyZWVuJTNEJTIyJTIyJTIwbG9hZGluZyUzRCUyMmxhenklMjIlMjByZWZlcnJlcnBvbGljeSUzRCUyMm5vLXJlZmVycmVyLXdoZW4tZG93bmdyYWRlJTIyJTNFJTNDJTJGaWZyYW1lJTNF&#8221;][\/vc_column][\/vc_row]<\/p>\n<\/div>","protected":false},"excerpt":{"rendered":"<p>[vc_row][vc_column width=&#8221;1\/2&#8243;][vc_column_text] Hur ni n\u00e5r oss Vi n\u00e5s under vardagar 9.00-16.00. Vi svarar p\u00e5 mail i den m\u00e5n vi hinner, under h\u00f6gs\u00e4song kan det dr\u00f6ja lite d\u00e5 vi \u00e4r mycket ute p\u00e5 g\u00e5rden. Mail: bjorklundshage@4h.se &nbsp; Hitta hit Adress:\u00a0Liljegrensv\u00e4gen 5, 168 53 Bromma Buss 113\u00a0stannar vid stationen Runstensplan n\u00e5gra minuter fr\u00e5n g\u00e5rden. Promenad\u00a0fr\u00e5n tunnelbanestationen Islandstorget&nbsp; <a href=\"https:\/\/www.4h.se\/bjorklundshage\/kontakt\/\">&hellip; Read more <i class=\"glyphicon glyphicon-arrow-right\"><\/i><\/a><\/p>\n","protected":false},"author":124,"featured_media":0,"parent":0,"menu_order":0,"comment_status":"closed","ping_status":"closed","template":"","meta":{"_acf_changed":false,"footnotes":""},"class_list":["post-770","page","type-page","status-publish","hentry"],"acf":[],"yoast_head":"<!-- This site is optimized with the Yoast SEO plugin v27.5 - https:\/\/yoast.com\/product\/yoast-seo-wordpress\/ -->\n<title>Kontakt - Bj\u00f6rklunds Hage 4H-g\u00e5rd<\/title>\n<meta name=\"robots\" content=\"index, follow, max-snippet:-1, max-image-preview:large, max-video-preview:-1\" \/>\n<link rel=\"canonical\" href=\"https:\/\/www.4h.se\/bjorklundshage\/kontakt\/\" \/>\n<meta property=\"og:locale\" content=\"sv_SE\" \/>\n<meta property=\"og:type\" content=\"article\" \/>\n<meta property=\"og:title\" content=\"Kontakt - Bj\u00f6rklunds Hage 4H-g\u00e5rd\" \/>\n<meta property=\"og:description\" content=\"[vc_row][vc_column width=&#8221;1\/2&#8243;][vc_column_text] Hur ni n\u00e5r oss Vi n\u00e5s under vardagar 9.00-16.00. Vi svarar p\u00e5 mail i den m\u00e5n vi hinner, under h\u00f6gs\u00e4song kan det dr\u00f6ja lite d\u00e5 vi \u00e4r mycket ute p\u00e5 g\u00e5rden. Mail: bjorklundshage@4h.se &nbsp; Hitta hit Adress:\u00a0Liljegrensv\u00e4gen 5, 168 53 Bromma Buss 113\u00a0stannar vid stationen Runstensplan n\u00e5gra minuter fr\u00e5n g\u00e5rden. Promenad\u00a0fr\u00e5n tunnelbanestationen Islandstorget&nbsp; &hellip; Read more\" \/>\n<meta property=\"og:url\" content=\"https:\/\/www.4h.se\/bjorklundshage\/kontakt\/\" \/>\n<meta property=\"og:site_name\" content=\"Bj\u00f6rklunds Hage 4H-g\u00e5rd\" \/>\n<meta property=\"article:modified_time\" content=\"2022-12-23T10:18:55+00:00\" \/>\n<meta name=\"twitter:card\" content=\"summary_large_image\" \/>\n<meta name=\"twitter:label1\" content=\"Ber\u00e4knad l\u00e4stid\" \/>\n\t<meta name=\"twitter:data1\" content=\"1 minut\" \/>\n<script type=\"application\/ld+json\" class=\"yoast-schema-graph\">{\"@context\":\"https:\\\/\\\/schema.org\",\"@graph\":[{\"@type\":\"WebPage\",\"@id\":\"https:\\\/\\\/www.4h.se\\\/bjorklundshage\\\/kontakt\\\/\",\"url\":\"https:\\\/\\\/www.4h.se\\\/bjorklundshage\\\/kontakt\\\/\",\"name\":\"Kontakt - Bj\u00f6rklunds Hage 4H-g\u00e5rd\",\"isPartOf\":{\"@id\":\"https:\\\/\\\/www.4h.se\\\/bjorklundshage\\\/#website\"},\"datePublished\":\"2022-07-17T08:45:28+00:00\",\"dateModified\":\"2022-12-23T10:18:55+00:00\",\"breadcrumb\":{\"@id\":\"https:\\\/\\\/www.4h.se\\\/bjorklundshage\\\/kontakt\\\/#breadcrumb\"},\"inLanguage\":\"sv-SE\",\"potentialAction\":[{\"@type\":\"ReadAction\",\"target\":[\"https:\\\/\\\/www.4h.se\\\/bjorklundshage\\\/kontakt\\\/\"]}]},{\"@type\":\"BreadcrumbList\",\"@id\":\"https:\\\/\\\/www.4h.se\\\/bjorklundshage\\\/kontakt\\\/#breadcrumb\",\"itemListElement\":[{\"@type\":\"ListItem\",\"position\":1,\"name\":\"Hem\",\"item\":\"https:\\\/\\\/www.4h.se\\\/bjorklundshage\\\/\"},{\"@type\":\"ListItem\",\"position\":2,\"name\":\"Kontakt\"}]},{\"@type\":\"WebSite\",\"@id\":\"https:\\\/\\\/www.4h.se\\\/bjorklundshage\\\/#website\",\"url\":\"https:\\\/\\\/www.4h.se\\\/bjorklundshage\\\/\",\"name\":\"Bj\u00f6rklunds Hage 4H-g\u00e5rd\",\"description\":\"\",\"potentialAction\":[{\"@type\":\"SearchAction\",\"target\":{\"@type\":\"EntryPoint\",\"urlTemplate\":\"https:\\\/\\\/www.4h.se\\\/bjorklundshage\\\/?s={search_term_string}\"},\"query-input\":{\"@type\":\"PropertyValueSpecification\",\"valueRequired\":true,\"valueName\":\"search_term_string\"}}],\"inLanguage\":\"sv-SE\"}]}<\/script>\n<!-- \/ Yoast SEO plugin. -->","yoast_head_json":{"title":"Kontakt - Bj\u00f6rklunds Hage 4H-g\u00e5rd","robots":{"index":"index","follow":"follow","max-snippet":"max-snippet:-1","max-image-preview":"max-image-preview:large","max-video-preview":"max-video-preview:-1"},"canonical":"https:\/\/www.4h.se\/bjorklundshage\/kontakt\/","og_locale":"sv_SE","og_type":"article","og_title":"Kontakt - Bj\u00f6rklunds Hage 4H-g\u00e5rd","og_description":"[vc_row][vc_column width=&#8221;1\/2&#8243;][vc_column_text] Hur ni n\u00e5r oss Vi n\u00e5s under vardagar 9.00-16.00. Vi svarar p\u00e5 mail i den m\u00e5n vi hinner, under h\u00f6gs\u00e4song kan det dr\u00f6ja lite d\u00e5 vi \u00e4r mycket ute p\u00e5 g\u00e5rden. Mail: bjorklundshage@4h.se &nbsp; Hitta hit Adress:\u00a0Liljegrensv\u00e4gen 5, 168 53 Bromma Buss 113\u00a0stannar vid stationen Runstensplan n\u00e5gra minuter fr\u00e5n g\u00e5rden. Promenad\u00a0fr\u00e5n tunnelbanestationen Islandstorget&nbsp; &hellip; Read more","og_url":"https:\/\/www.4h.se\/bjorklundshage\/kontakt\/","og_site_name":"Bj\u00f6rklunds Hage 4H-g\u00e5rd","article_modified_time":"2022-12-23T10:18:55+00:00","twitter_card":"summary_large_image","twitter_misc":{"Ber\u00e4knad l\u00e4stid":"1 minut"},"schema":{"@context":"https:\/\/schema.org","@graph":[{"@type":"WebPage","@id":"https:\/\/www.4h.se\/bjorklundshage\/kontakt\/","url":"https:\/\/www.4h.se\/bjorklundshage\/kontakt\/","name":"Kontakt - Bj\u00f6rklunds Hage 4H-g\u00e5rd","isPartOf":{"@id":"https:\/\/www.4h.se\/bjorklundshage\/#website"},"datePublished":"2022-07-17T08:45:28+00:00","dateModified":"2022-12-23T10:18:55+00:00","breadcrumb":{"@id":"https:\/\/www.4h.se\/bjorklundshage\/kontakt\/#breadcrumb"},"inLanguage":"sv-SE","potentialAction":[{"@type":"ReadAction","target":["https:\/\/www.4h.se\/bjorklundshage\/kontakt\/"]}]},{"@type":"BreadcrumbList","@id":"https:\/\/www.4h.se\/bjorklundshage\/kontakt\/#breadcrumb","itemListElement":[{"@type":"ListItem","position":1,"name":"Hem","item":"https:\/\/www.4h.se\/bjorklundshage\/"},{"@type":"ListItem","position":2,"name":"Kontakt"}]},{"@type":"WebSite","@id":"https:\/\/www.4h.se\/bjorklundshage\/#website","url":"https:\/\/www.4h.se\/bjorklundshage\/","name":"Bj\u00f6rklunds Hage 4H-g\u00e5rd","description":"","potentialAction":[{"@type":"SearchAction","target":{"@type":"EntryPoint","urlTemplate":"https:\/\/www.4h.se\/bjorklundshage\/?s={search_term_string}"},"query-input":{"@type":"PropertyValueSpecification","valueRequired":true,"valueName":"search_term_string"}}],"inLanguage":"sv-SE"}]}},"_links":{"self":[{"href":"https:\/\/www.4h.se\/bjorklundshage\/wp-json\/wp\/v2\/pages\/770","targetHints":{"allow":["GET"]}}],"collection":[{"href":"https:\/\/www.4h.se\/bjorklundshage\/wp-json\/wp\/v2\/pages"}],"about":[{"href":"https:\/\/www.4h.se\/bjorklundshage\/wp-json\/wp\/v2\/types\/page"}],"author":[{"embeddable":true,"href":"https:\/\/www.4h.se\/bjorklundshage\/wp-json\/wp\/v2\/users\/124"}],"replies":[{"embeddable":true,"href":"https:\/\/www.4h.se\/bjorklundshage\/wp-json\/wp\/v2\/comments?post=770"}],"version-history":[{"count":0,"href":"https:\/\/www.4h.se\/bjorklundshage\/wp-json\/wp\/v2\/pages\/770\/revisions"}],"wp:attachment":[{"href":"https:\/\/www.4h.se\/bjorklundshage\/wp-json\/wp\/v2\/media?parent=770"}],"curies":[{"name":"wp","href":"https:\/\/api.w.org\/{rel}","templated":true}]}}