



{"id":473,"date":"2018-06-01T22:02:04","date_gmt":"2018-06-01T20:02:04","guid":{"rendered":"http:\/\/www.4h.se\/bjorklundshage\/?page_id=473"},"modified":"2025-01-26T17:55:24","modified_gmt":"2025-01-26T16:55:24","slug":"vad-ar-4h","status":"publish","type":"page","link":"https:\/\/www.4h.se\/bjorklundshage\/vad-ar-4h\/","title":{"rendered":"Vad \u00e4r 4H?"},"content":{"rendered":"<div class=\"wpb-content-wrapper\"><p>[vc_row][vc_column width=&#8221;2\/3&#8243;][vc_column_text css=&#8221;&#8221;]<\/p>\n<div id=\"collection0\" class=\"h24_collection h24_first_collection \">\n<div id=\"block_container_73470327\" class=\"block_container standard_text_block text_block\">\n<div id=\"block_73470327\">\n<div id=\"block_73470327_text_content\" class=\"text_content\">\n<h1><span style=\"color: #006340;\"><strong>Vad \u00e4r 4H?<\/strong><\/span><\/h1>\n<p>4H \u00e4r en partipolitisk och religi\u00f6st obunden ungdomsorganisation som grundades 1902 i USA f\u00f6r att utbilda ungdomar i &#8221;modern&#8221; jordbruksteknik. 1924 kom 4H till Sverige och det finns nu i \u00f6ver 80 l\u00e4nder. I Sverige finns det cirka 20 000 medlemmar och cirka 200 klubbar.<\/p>\n<p>4H, som \u00e4r en riksorganisation med lokalf\u00f6reningar \u00f6ver hela landet och p\u00e5 flera st\u00e4llen i Stockholm, har ett motto: &#8221;L\u00e4ra genom att g\u00f6ra&#8221;. Med detta vill 4H g\u00f6ra l\u00e4randet till en lek och v\u00e4cka nyfikenhet att s\u00f6ka mer kunskap. 4H anv\u00e4nder g\u00e5rden som en metod att \u00f6verbrygga avst\u00e5ndet mellan t\u00e4tort och landsbygd. 4H kan ocks\u00e5 vara en klubb, ett f\u00f6retag eller i v\u00e5rt fall, en g\u00e5rd.<\/p>\n<p>4H har fyrkl\u00f6vern som symbol vilket st\u00e5r f\u00f6r:<\/p>\n<p><span style=\"color: #006340;\"><strong>Huvud<\/strong> (f\u00f6r kunskap)<\/span><\/p>\n<p><span style=\"color: #006340;\"><strong>Hj\u00e4rta<\/strong> (f\u00f6r medk\u00e4nsla)<\/span><\/p>\n<p><span style=\"color: #006340;\"><strong>Hand<\/strong> (f\u00f6r praktiskt utf\u00f6rande)<\/span><\/p>\n<p><span style=\"color: #006340;\"><strong>H\u00e4lsa<\/strong> (f\u00f6r ett sunt levnadss\u00e4tt)<\/span><\/p>\n<p>Stockholms l\u00e4ns 4H st\u00f6ttar de lokala 4H-klubbarna samt \u00e4r arbetsgivare f\u00f6r de anst\u00e4llda p\u00e5 4H-g\u00e5rdarna och arrangerar ledarutbildningar.<\/p>\n<\/div>\n<\/div>\n<\/div>\n<\/div>\n<div id=\"collection1\" class=\"h24_collection h24_last_collection \">\n<div id=\"block_container_73470331\" class=\"block_container standard_text_block text_block\">\n<div class=\"clearer\">.<\/div>\n<\/div>\n<\/div>\n<p>[\/vc_column_text][\/vc_column][vc_column width=&#8221;1\/3&#8243;][vc_single_image image=&#8221;480&#8243;][vc_column_text]<strong>Sveriges 4H<\/strong><br \/>\n<a href=\"http:\/\/www.4h.se\/\">www.4h.se<\/a><\/p>\n<p><strong>Stockholms l\u00e4ns 4H<\/strong><br \/>\n<a href=\"http:\/\/stockholms4h.se\/\" target=\"_blank\" rel=\"noopener\">www.stockholms4h.se<\/a>[\/vc_column_text][\/vc_column][\/vc_row]<\/p>\n<\/div>","protected":false},"excerpt":{"rendered":"<p>[vc_row][vc_column width=&#8221;2\/3&#8243;][vc_column_text css=&#8221;&#8221;] Vad \u00e4r 4H? 4H \u00e4r en partipolitisk och religi\u00f6st obunden ungdomsorganisation som grundades 1902 i USA f\u00f6r att utbilda ungdomar i &#8221;modern&#8221; jordbruksteknik. 1924 kom 4H till Sverige och det finns nu i \u00f6ver 80 l\u00e4nder. I Sverige finns det cirka 20 000 medlemmar och cirka 200 klubbar. 4H, som \u00e4r en&nbsp; <a href=\"https:\/\/www.4h.se\/bjorklundshage\/vad-ar-4h\/\">&hellip; Read more <i class=\"glyphicon glyphicon-arrow-right\"><\/i><\/a><\/p>\n","protected":false},"author":121,"featured_media":0,"parent":0,"menu_order":0,"comment_status":"closed","ping_status":"closed","template":"","meta":{"_acf_changed":false,"footnotes":""},"class_list":["post-473","page","type-page","status-publish","hentry"],"acf":[],"yoast_head":"<!-- This site is optimized with the Yoast SEO plugin v27.5 - https:\/\/yoast.com\/product\/yoast-seo-wordpress\/ -->\n<title>Vad \u00e4r 4H? - Bj\u00f6rklunds Hage 4H-g\u00e5rd<\/title>\n<meta name=\"robots\" content=\"index, follow, max-snippet:-1, max-image-preview:large, max-video-preview:-1\" \/>\n<link rel=\"canonical\" href=\"https:\/\/www.4h.se\/bjorklundshage\/vad-ar-4h\/\" \/>\n<meta property=\"og:locale\" content=\"sv_SE\" \/>\n<meta property=\"og:type\" content=\"article\" \/>\n<meta property=\"og:title\" content=\"Vad \u00e4r 4H? - Bj\u00f6rklunds Hage 4H-g\u00e5rd\" \/>\n<meta property=\"og:description\" content=\"[vc_row][vc_column width=&#8221;2\/3&#8243;][vc_column_text css=&#8221;&#8221;] Vad \u00e4r 4H? 4H \u00e4r en partipolitisk och religi\u00f6st obunden ungdomsorganisation som grundades 1902 i USA f\u00f6r att utbilda ungdomar i &#8221;modern&#8221; jordbruksteknik. 1924 kom 4H till Sverige och det finns nu i \u00f6ver 80 l\u00e4nder. I Sverige finns det cirka 20 000 medlemmar och cirka 200 klubbar. 4H, som \u00e4r en&nbsp; &hellip; Read more\" \/>\n<meta property=\"og:url\" content=\"https:\/\/www.4h.se\/bjorklundshage\/vad-ar-4h\/\" \/>\n<meta property=\"og:site_name\" content=\"Bj\u00f6rklunds Hage 4H-g\u00e5rd\" \/>\n<meta property=\"article:modified_time\" content=\"2025-01-26T16:55:24+00:00\" \/>\n<meta name=\"twitter:card\" content=\"summary_large_image\" \/>\n<meta name=\"twitter:label1\" content=\"Ber\u00e4knad l\u00e4stid\" \/>\n\t<meta name=\"twitter:data1\" content=\"1 minut\" \/>\n<script type=\"application\/ld+json\" class=\"yoast-schema-graph\">{\"@context\":\"https:\\\/\\\/schema.org\",\"@graph\":[{\"@type\":\"WebPage\",\"@id\":\"https:\\\/\\\/www.4h.se\\\/bjorklundshage\\\/vad-ar-4h\\\/\",\"url\":\"https:\\\/\\\/www.4h.se\\\/bjorklundshage\\\/vad-ar-4h\\\/\",\"name\":\"Vad \u00e4r 4H? - Bj\u00f6rklunds Hage 4H-g\u00e5rd\",\"isPartOf\":{\"@id\":\"https:\\\/\\\/www.4h.se\\\/bjorklundshage\\\/#website\"},\"datePublished\":\"2018-06-01T20:02:04+00:00\",\"dateModified\":\"2025-01-26T16:55:24+00:00\",\"breadcrumb\":{\"@id\":\"https:\\\/\\\/www.4h.se\\\/bjorklundshage\\\/vad-ar-4h\\\/#breadcrumb\"},\"inLanguage\":\"sv-SE\",\"potentialAction\":[{\"@type\":\"ReadAction\",\"target\":[\"https:\\\/\\\/www.4h.se\\\/bjorklundshage\\\/vad-ar-4h\\\/\"]}]},{\"@type\":\"BreadcrumbList\",\"@id\":\"https:\\\/\\\/www.4h.se\\\/bjorklundshage\\\/vad-ar-4h\\\/#breadcrumb\",\"itemListElement\":[{\"@type\":\"ListItem\",\"position\":1,\"name\":\"Hem\",\"item\":\"https:\\\/\\\/www.4h.se\\\/bjorklundshage\\\/\"},{\"@type\":\"ListItem\",\"position\":2,\"name\":\"Vad \u00e4r 4H?\"}]},{\"@type\":\"WebSite\",\"@id\":\"https:\\\/\\\/www.4h.se\\\/bjorklundshage\\\/#website\",\"url\":\"https:\\\/\\\/www.4h.se\\\/bjorklundshage\\\/\",\"name\":\"Bj\u00f6rklunds Hage 4H-g\u00e5rd\",\"description\":\"\",\"potentialAction\":[{\"@type\":\"SearchAction\",\"target\":{\"@type\":\"EntryPoint\",\"urlTemplate\":\"https:\\\/\\\/www.4h.se\\\/bjorklundshage\\\/?s={search_term_string}\"},\"query-input\":{\"@type\":\"PropertyValueSpecification\",\"valueRequired\":true,\"valueName\":\"search_term_string\"}}],\"inLanguage\":\"sv-SE\"}]}<\/script>\n<!-- \/ Yoast SEO plugin. -->","yoast_head_json":{"title":"Vad \u00e4r 4H? - Bj\u00f6rklunds Hage 4H-g\u00e5rd","robots":{"index":"index","follow":"follow","max-snippet":"max-snippet:-1","max-image-preview":"max-image-preview:large","max-video-preview":"max-video-preview:-1"},"canonical":"https:\/\/www.4h.se\/bjorklundshage\/vad-ar-4h\/","og_locale":"sv_SE","og_type":"article","og_title":"Vad \u00e4r 4H? - Bj\u00f6rklunds Hage 4H-g\u00e5rd","og_description":"[vc_row][vc_column width=&#8221;2\/3&#8243;][vc_column_text css=&#8221;&#8221;] Vad \u00e4r 4H? 4H \u00e4r en partipolitisk och religi\u00f6st obunden ungdomsorganisation som grundades 1902 i USA f\u00f6r att utbilda ungdomar i &#8221;modern&#8221; jordbruksteknik. 1924 kom 4H till Sverige och det finns nu i \u00f6ver 80 l\u00e4nder. I Sverige finns det cirka 20 000 medlemmar och cirka 200 klubbar. 4H, som \u00e4r en&nbsp; &hellip; Read more","og_url":"https:\/\/www.4h.se\/bjorklundshage\/vad-ar-4h\/","og_site_name":"Bj\u00f6rklunds Hage 4H-g\u00e5rd","article_modified_time":"2025-01-26T16:55:24+00:00","twitter_card":"summary_large_image","twitter_misc":{"Ber\u00e4knad l\u00e4stid":"1 minut"},"schema":{"@context":"https:\/\/schema.org","@graph":[{"@type":"WebPage","@id":"https:\/\/www.4h.se\/bjorklundshage\/vad-ar-4h\/","url":"https:\/\/www.4h.se\/bjorklundshage\/vad-ar-4h\/","name":"Vad \u00e4r 4H? - Bj\u00f6rklunds Hage 4H-g\u00e5rd","isPartOf":{"@id":"https:\/\/www.4h.se\/bjorklundshage\/#website"},"datePublished":"2018-06-01T20:02:04+00:00","dateModified":"2025-01-26T16:55:24+00:00","breadcrumb":{"@id":"https:\/\/www.4h.se\/bjorklundshage\/vad-ar-4h\/#breadcrumb"},"inLanguage":"sv-SE","potentialAction":[{"@type":"ReadAction","target":["https:\/\/www.4h.se\/bjorklundshage\/vad-ar-4h\/"]}]},{"@type":"BreadcrumbList","@id":"https:\/\/www.4h.se\/bjorklundshage\/vad-ar-4h\/#breadcrumb","itemListElement":[{"@type":"ListItem","position":1,"name":"Hem","item":"https:\/\/www.4h.se\/bjorklundshage\/"},{"@type":"ListItem","position":2,"name":"Vad \u00e4r 4H?"}]},{"@type":"WebSite","@id":"https:\/\/www.4h.se\/bjorklundshage\/#website","url":"https:\/\/www.4h.se\/bjorklundshage\/","name":"Bj\u00f6rklunds Hage 4H-g\u00e5rd","description":"","potentialAction":[{"@type":"SearchAction","target":{"@type":"EntryPoint","urlTemplate":"https:\/\/www.4h.se\/bjorklundshage\/?s={search_term_string}"},"query-input":{"@type":"PropertyValueSpecification","valueRequired":true,"valueName":"search_term_string"}}],"inLanguage":"sv-SE"}]}},"_links":{"self":[{"href":"https:\/\/www.4h.se\/bjorklundshage\/wp-json\/wp\/v2\/pages\/473","targetHints":{"allow":["GET"]}}],"collection":[{"href":"https:\/\/www.4h.se\/bjorklundshage\/wp-json\/wp\/v2\/pages"}],"about":[{"href":"https:\/\/www.4h.se\/bjorklundshage\/wp-json\/wp\/v2\/types\/page"}],"author":[{"embeddable":true,"href":"https:\/\/www.4h.se\/bjorklundshage\/wp-json\/wp\/v2\/users\/121"}],"replies":[{"embeddable":true,"href":"https:\/\/www.4h.se\/bjorklundshage\/wp-json\/wp\/v2\/comments?post=473"}],"version-history":[{"count":0,"href":"https:\/\/www.4h.se\/bjorklundshage\/wp-json\/wp\/v2\/pages\/473\/revisions"}],"wp:attachment":[{"href":"https:\/\/www.4h.se\/bjorklundshage\/wp-json\/wp\/v2\/media?parent=473"}],"curies":[{"name":"wp","href":"https:\/\/api.w.org\/{rel}","templated":true}]}}