



{"id":449,"date":"2018-05-31T21:43:21","date_gmt":"2018-05-31T19:43:21","guid":{"rendered":"http:\/\/www.4h.se\/bjorklundshage\/?page_id=449"},"modified":"2026-01-01T11:45:53","modified_gmt":"2026-01-01T10:45:53","slug":"marsvinen","status":"publish","type":"page","link":"https:\/\/www.4h.se\/bjorklundshage\/marsvinen\/","title":{"rendered":"Marsvinen"},"content":{"rendered":"<div class=\"wpb-content-wrapper\"><p>[vc_row][vc_column][vc_column_text]<\/p>\n<h1 style=\"text-align: center;\"><span style=\"color: #006340;\">Marsvinen<\/span><\/h1>\n<p style=\"text-align: center;\">Det finns m\u00e5nga olika raser och f\u00e4rger p\u00e5 marsvin. P\u00e5 g\u00e5rden har vi bland annat s\u00e5 kallade pet-marsvin, vilket \u00e4r blandraser. Vi har ocks\u00e5 marsvin av rasen Rex, varav n\u00e5gra \u00e4r f\u00f6dda p\u00e5 g\u00e5rden.<\/p>\n<p>[\/vc_column_text][vc_separator color=&#8221;green&#8221; style=&#8221;double&#8221;][vc_row_inner][vc_column_inner width=&#8221;1\/3&#8243;][vc_column_text]<\/p>\n<h4 style=\"text-align: center\"><span style=\"color: #006340\">Familj<\/span><\/h4>\n<p style=\"text-align: center\"><strong>Mamma<\/strong>: Hona<\/p>\n<p style=\"text-align: center\"><strong>Pappa<\/strong>: Hane<\/p>\n<p style=\"text-align: center\"><strong>Barn<\/strong>: Unge<\/p>\n<p style=\"text-align: center\">Marsvinsungarna f\u00f6ds helt f\u00e4rdigutvecklade och kan direkt b\u00f6rja springa runt och \u00e4ta sj\u00e4lva. I naturen \u00e4r marsvin bytesdjur vilket inneb\u00e4r att det \u00e4r m\u00e5nga andra djur som jagar dem. De \u00e4r d\u00e4rf\u00f6r naturligt starka djur som inte visar om de \u00e4r sjuka eller har ont.<\/p>\n<p>[\/vc_column_text][\/vc_column_inner][vc_column_inner width=&#8221;1\/3&#8243;][vc_column_text]<\/p>\n<h4 style=\"text-align: center\"><span style=\"color: #006340\">S\u00e4llskapsdjur?<\/span><\/h4>\n<p style=\"text-align: center\">Till en b\u00f6rjan f\u00f6ddes marsvin upp mest som k\u00f6ttdjur, idag anv\u00e4nds de fr\u00e4mst som s\u00e4llskapsdjur. Marsvin tillh\u00f6r de exotiska djuren och har funnits som tamdjur i cirka 6000 \u00e5r.<\/p>\n<p>[\/vc_column_text][vc_column_text]<\/p>\n<h4 style=\"text-align: center\"><span style=\"color: #006340\">Marsvin \u00e4r kaprofager<\/span><\/h4>\n<p style=\"text-align: center\">Precis som kaninerna \u00e4r marsvin koprofager. Det betyder att de \u00e4ter en del av sin egen avf\u00f6ring (bajs) d\u00e5 maten passerar kroppen s\u00e5 fort att all n\u00e4ring inte hinner tas upp.<\/p>\n<p>[\/vc_column_text][\/vc_column_inner][vc_column_inner width=&#8221;1\/3&#8243;][vc_column_text]<\/p>\n<h4 style=\"text-align: center\"><span style=\"color: #006340\">F\u00f6da<\/span><\/h4>\n<p>Marsvinens foder best\u00e5r till 80% av h\u00f6. Ut\u00f6ver h\u00f6 \u00e4ter marsvin gr\u00f6nsaker och eventuellt pellets. Man b\u00f6r undvika godisblandningar och endast ge pellets\u00a0eftersom marsvin l\u00e4tt blir \u00f6verviktiga. Om man minskar kosten ska\u00a0h\u00f6et inte\u00a0minskas d\u00e5 det \u00e4r h\u00f6 som f\u00e5r marsvinens mage att fungera och g\u00f6r s\u00e5 den kan bryta ner annan mat.<\/p>\n<p>Viktigt att se till\u00a0att marsvinen f\u00e5r C-vitamin. C-vitamin l\u00f6ser upp sig i vatten s\u00e5 det \u00e4r on\u00f6digt att tills\u00e4tta genom dricksvatten, b\u00e4ttre att ge genom mat.[\/vc_column_text][\/vc_column_inner][\/vc_row_inner][\/vc_column][\/vc_row][vc_row][vc_column width=&#8221;1\/5&#8243;][vc_single_image image=&#8221;975&#8243; img_size=&#8221;medium&#8221; alignment=&#8221;center&#8221; style=&#8221;vc_box_border_circle_2&#8243; border_color=&#8221;green&#8221; css=&#8221;&#8221; title=&#8221;Kleo&#8221;][\/vc_column][vc_column width=&#8221;1\/5&#8243;][vc_single_image image=&#8221;929&#8243; img_size=&#8221;medium&#8221; alignment=&#8221;center&#8221; style=&#8221;vc_box_border_circle_2&#8243; border_color=&#8221;green&#8221; title=&#8221;Hj\u00f6rdis&#8221;][\/vc_column][vc_column width=&#8221;1\/5&#8243;][vc_single_image image=&#8221;976&#8243; img_size=&#8221;medium&#8221; alignment=&#8221;center&#8221; style=&#8221;vc_box_border_circle_2&#8243; border_color=&#8221;green&#8221; css=&#8221;&#8221; title=&#8221;Lusen&#8221;][\/vc_column][vc_column width=&#8221;1\/5&#8243;][vc_single_image image=&#8221;932&#8243; img_size=&#8221;medium&#8221; alignment=&#8221;center&#8221; style=&#8221;vc_box_border_circle_2&#8243; border_color=&#8221;green&#8221; title=&#8221;Humlan&#8221;][\/vc_column][vc_column width=&#8221;1\/5&#8243;][vc_single_image image=&#8221;977&#8243; img_size=&#8221;medium&#8221; alignment=&#8221;center&#8221; style=&#8221;vc_box_border_circle_2&#8243; border_color=&#8221;green&#8221; css=&#8221;&#8221; title=&#8221;Loppan&#8221;][\/vc_column][\/vc_row]<\/p>\n<\/div>","protected":false},"excerpt":{"rendered":"<p>[vc_row][vc_column][vc_column_text] Marsvinen Det finns m\u00e5nga olika raser och f\u00e4rger p\u00e5 marsvin. P\u00e5 g\u00e5rden har vi bland annat s\u00e5 kallade pet-marsvin, vilket \u00e4r blandraser. Vi har ocks\u00e5 marsvin av rasen Rex, varav n\u00e5gra \u00e4r f\u00f6dda p\u00e5 g\u00e5rden. [\/vc_column_text][vc_separator color=&#8221;green&#8221; style=&#8221;double&#8221;][vc_row_inner][vc_column_inner width=&#8221;1\/3&#8243;][vc_column_text] Familj Mamma: Hona Pappa: Hane Barn: Unge Marsvinsungarna f\u00f6ds helt f\u00e4rdigutvecklade och kan direkt b\u00f6rja&nbsp; <a href=\"https:\/\/www.4h.se\/bjorklundshage\/marsvinen\/\">&hellip; Read more <i class=\"glyphicon glyphicon-arrow-right\"><\/i><\/a><\/p>\n","protected":false},"author":121,"featured_media":0,"parent":0,"menu_order":0,"comment_status":"closed","ping_status":"closed","template":"","meta":{"footnotes":""},"class_list":["post-449","page","type-page","status-publish","hentry"],"yoast_head":"<!-- This site is optimized with the Yoast SEO plugin v27.4 - https:\/\/yoast.com\/product\/yoast-seo-wordpress\/ -->\n<title>Marsvinen - Bj\u00f6rklunds Hage 4H-g\u00e5rd<\/title>\n<meta name=\"robots\" content=\"index, follow, max-snippet:-1, max-image-preview:large, max-video-preview:-1\" \/>\n<link rel=\"canonical\" href=\"https:\/\/www.4h.se\/bjorklundshage\/marsvinen\/\" \/>\n<meta property=\"og:locale\" content=\"sv_SE\" \/>\n<meta property=\"og:type\" content=\"article\" \/>\n<meta property=\"og:title\" content=\"Marsvinen - Bj\u00f6rklunds Hage 4H-g\u00e5rd\" \/>\n<meta property=\"og:description\" content=\"[vc_row][vc_column][vc_column_text] Marsvinen Det finns m\u00e5nga olika raser och f\u00e4rger p\u00e5 marsvin. P\u00e5 g\u00e5rden har vi bland annat s\u00e5 kallade pet-marsvin, vilket \u00e4r blandraser. Vi har ocks\u00e5 marsvin av rasen Rex, varav n\u00e5gra \u00e4r f\u00f6dda p\u00e5 g\u00e5rden. [\/vc_column_text][vc_separator color=&#8221;green&#8221; style=&#8221;double&#8221;][vc_row_inner][vc_column_inner width=&#8221;1\/3&#8243;][vc_column_text] Familj Mamma: Hona Pappa: Hane Barn: Unge Marsvinsungarna f\u00f6ds helt f\u00e4rdigutvecklade och kan direkt b\u00f6rja&nbsp; &hellip; Read more\" \/>\n<meta property=\"og:url\" content=\"https:\/\/www.4h.se\/bjorklundshage\/marsvinen\/\" \/>\n<meta property=\"og:site_name\" content=\"Bj\u00f6rklunds Hage 4H-g\u00e5rd\" \/>\n<meta property=\"article:modified_time\" content=\"2026-01-01T10:45:53+00:00\" \/>\n<meta name=\"twitter:card\" content=\"summary_large_image\" \/>\n<meta name=\"twitter:label1\" content=\"Ber\u00e4knad l\u00e4stid\" \/>\n\t<meta name=\"twitter:data1\" content=\"2 minuter\" \/>\n<script type=\"application\/ld+json\" class=\"yoast-schema-graph\">{\"@context\":\"https:\\\/\\\/schema.org\",\"@graph\":[{\"@type\":\"WebPage\",\"@id\":\"https:\\\/\\\/www.4h.se\\\/bjorklundshage\\\/marsvinen\\\/\",\"url\":\"https:\\\/\\\/www.4h.se\\\/bjorklundshage\\\/marsvinen\\\/\",\"name\":\"Marsvinen - Bj\u00f6rklunds Hage 4H-g\u00e5rd\",\"isPartOf\":{\"@id\":\"https:\\\/\\\/www.4h.se\\\/bjorklundshage\\\/#website\"},\"datePublished\":\"2018-05-31T19:43:21+00:00\",\"dateModified\":\"2026-01-01T10:45:53+00:00\",\"breadcrumb\":{\"@id\":\"https:\\\/\\\/www.4h.se\\\/bjorklundshage\\\/marsvinen\\\/#breadcrumb\"},\"inLanguage\":\"sv-SE\",\"potentialAction\":[{\"@type\":\"ReadAction\",\"target\":[\"https:\\\/\\\/www.4h.se\\\/bjorklundshage\\\/marsvinen\\\/\"]}]},{\"@type\":\"BreadcrumbList\",\"@id\":\"https:\\\/\\\/www.4h.se\\\/bjorklundshage\\\/marsvinen\\\/#breadcrumb\",\"itemListElement\":[{\"@type\":\"ListItem\",\"position\":1,\"name\":\"Hem\",\"item\":\"https:\\\/\\\/www.4h.se\\\/bjorklundshage\\\/\"},{\"@type\":\"ListItem\",\"position\":2,\"name\":\"Marsvinen\"}]},{\"@type\":\"WebSite\",\"@id\":\"https:\\\/\\\/www.4h.se\\\/bjorklundshage\\\/#website\",\"url\":\"https:\\\/\\\/www.4h.se\\\/bjorklundshage\\\/\",\"name\":\"Bj\u00f6rklunds Hage 4H-g\u00e5rd\",\"description\":\"\",\"potentialAction\":[{\"@type\":\"SearchAction\",\"target\":{\"@type\":\"EntryPoint\",\"urlTemplate\":\"https:\\\/\\\/www.4h.se\\\/bjorklundshage\\\/?s={search_term_string}\"},\"query-input\":{\"@type\":\"PropertyValueSpecification\",\"valueRequired\":true,\"valueName\":\"search_term_string\"}}],\"inLanguage\":\"sv-SE\"}]}<\/script>\n<!-- \/ Yoast SEO plugin. -->","yoast_head_json":{"title":"Marsvinen - Bj\u00f6rklunds Hage 4H-g\u00e5rd","robots":{"index":"index","follow":"follow","max-snippet":"max-snippet:-1","max-image-preview":"max-image-preview:large","max-video-preview":"max-video-preview:-1"},"canonical":"https:\/\/www.4h.se\/bjorklundshage\/marsvinen\/","og_locale":"sv_SE","og_type":"article","og_title":"Marsvinen - Bj\u00f6rklunds Hage 4H-g\u00e5rd","og_description":"[vc_row][vc_column][vc_column_text] Marsvinen Det finns m\u00e5nga olika raser och f\u00e4rger p\u00e5 marsvin. P\u00e5 g\u00e5rden har vi bland annat s\u00e5 kallade pet-marsvin, vilket \u00e4r blandraser. Vi har ocks\u00e5 marsvin av rasen Rex, varav n\u00e5gra \u00e4r f\u00f6dda p\u00e5 g\u00e5rden. [\/vc_column_text][vc_separator color=&#8221;green&#8221; style=&#8221;double&#8221;][vc_row_inner][vc_column_inner width=&#8221;1\/3&#8243;][vc_column_text] Familj Mamma: Hona Pappa: Hane Barn: Unge Marsvinsungarna f\u00f6ds helt f\u00e4rdigutvecklade och kan direkt b\u00f6rja&nbsp; &hellip; Read more","og_url":"https:\/\/www.4h.se\/bjorklundshage\/marsvinen\/","og_site_name":"Bj\u00f6rklunds Hage 4H-g\u00e5rd","article_modified_time":"2026-01-01T10:45:53+00:00","twitter_card":"summary_large_image","twitter_misc":{"Ber\u00e4knad l\u00e4stid":"2 minuter"},"schema":{"@context":"https:\/\/schema.org","@graph":[{"@type":"WebPage","@id":"https:\/\/www.4h.se\/bjorklundshage\/marsvinen\/","url":"https:\/\/www.4h.se\/bjorklundshage\/marsvinen\/","name":"Marsvinen - Bj\u00f6rklunds Hage 4H-g\u00e5rd","isPartOf":{"@id":"https:\/\/www.4h.se\/bjorklundshage\/#website"},"datePublished":"2018-05-31T19:43:21+00:00","dateModified":"2026-01-01T10:45:53+00:00","breadcrumb":{"@id":"https:\/\/www.4h.se\/bjorklundshage\/marsvinen\/#breadcrumb"},"inLanguage":"sv-SE","potentialAction":[{"@type":"ReadAction","target":["https:\/\/www.4h.se\/bjorklundshage\/marsvinen\/"]}]},{"@type":"BreadcrumbList","@id":"https:\/\/www.4h.se\/bjorklundshage\/marsvinen\/#breadcrumb","itemListElement":[{"@type":"ListItem","position":1,"name":"Hem","item":"https:\/\/www.4h.se\/bjorklundshage\/"},{"@type":"ListItem","position":2,"name":"Marsvinen"}]},{"@type":"WebSite","@id":"https:\/\/www.4h.se\/bjorklundshage\/#website","url":"https:\/\/www.4h.se\/bjorklundshage\/","name":"Bj\u00f6rklunds Hage 4H-g\u00e5rd","description":"","potentialAction":[{"@type":"SearchAction","target":{"@type":"EntryPoint","urlTemplate":"https:\/\/www.4h.se\/bjorklundshage\/?s={search_term_string}"},"query-input":{"@type":"PropertyValueSpecification","valueRequired":true,"valueName":"search_term_string"}}],"inLanguage":"sv-SE"}]}},"_links":{"self":[{"href":"https:\/\/www.4h.se\/bjorklundshage\/wp-json\/wp\/v2\/pages\/449","targetHints":{"allow":["GET"]}}],"collection":[{"href":"https:\/\/www.4h.se\/bjorklundshage\/wp-json\/wp\/v2\/pages"}],"about":[{"href":"https:\/\/www.4h.se\/bjorklundshage\/wp-json\/wp\/v2\/types\/page"}],"author":[{"embeddable":true,"href":"https:\/\/www.4h.se\/bjorklundshage\/wp-json\/wp\/v2\/users\/121"}],"replies":[{"embeddable":true,"href":"https:\/\/www.4h.se\/bjorklundshage\/wp-json\/wp\/v2\/comments?post=449"}],"version-history":[{"count":0,"href":"https:\/\/www.4h.se\/bjorklundshage\/wp-json\/wp\/v2\/pages\/449\/revisions"}],"wp:attachment":[{"href":"https:\/\/www.4h.se\/bjorklundshage\/wp-json\/wp\/v2\/media?parent=449"}],"curies":[{"name":"wp","href":"https:\/\/api.w.org\/{rel}","templated":true}]}}