



{"id":506,"date":"2025-09-11T10:47:24","date_gmt":"2025-09-11T08:47:24","guid":{"rendered":"https:\/\/www.4h.se\/augustendal\/?page_id=506"},"modified":"2026-04-13T10:39:04","modified_gmt":"2026-04-13T08:39:04","slug":"cafe","status":"publish","type":"page","link":"https:\/\/www.4h.se\/augustendal\/cafe\/","title":{"rendered":"Caf\u00e9"},"content":{"rendered":"<div class=\"wpb-content-wrapper\"><p>[vc_section][vc_row][vc_column width=&#8221;2\/3&#8243;][vc_column_text css=&#8221;&#8221;]<\/p>\n<h3>V\u00e4lkommen till Augustendals 4H-G\u00e5rds caf\u00e9!\u200b<\/h3>\n<p><span style=\"font-size: medium;\">H\u00e4r serverar vi alltid nybakade bullar och annat hembakat. Vi s\u00e4ljer \u00e4ven, glass, kaffe, te, varm choklad, smakis och l\u00e4sk. Caf\u00e9et finns i det stora gula huset p\u00e5 g\u00e5rden.<\/span><\/p>\n<p><span style=\"font-size: medium;\">Under de s\u00f6ndagar vi har \u00f6ppet s\u00e4ljer vi toast.<\/span><\/p>\n<p><span style=\"font-size: medium;\"><br \/>\nP\u00e5 g\u00e5rden har vi en allm\u00e4n grill som \u00e4r fritt fram att nyttja. Egen kol och t\u00e4ndv\u00e4tska tas med.<\/span><\/p>\n<p>&nbsp;<\/p>\n<h4><strong>P\u00e5 Augustendals caf\u00e9 \u2026..<\/strong><\/h4>\n<p>&#8230;&nbsp;finns det tillg\u00e5ng till barnstolar, microv\u00e5gsugn att v\u00e4rma barnmat i.<br \/>\n&#8230; finns en lekh\u00f6rna med leksaker, b\u00f6cker<br \/>\n&#8230; finns tillg\u00e5ng till handikappanpassad toalett samt sk\u00f6trum.<br \/>\n&#8230; tar vi emot kontantbetalning och Swish, ej rikskuponger eller kort.<br \/>\n&#8230; f\u00e5r man inte ta in barnvagnen i huset. Barnvagnen st\u00e4lls utanf\u00f6r caf\u00e9t.<br \/>\n&#8230; f\u00e5r hunden stanna utanf\u00f6r och f\u00e5r ej tas med in.[\/vc_column_text][\/vc_column][vc_column width=&#8221;1\/3&#8243;][vc_column_text css=&#8221;&#8221;]<\/p>\n<h3><strong><span style=\"color: #508d24;\">\u00d6ppettider&nbsp;<\/span><\/strong><br \/>\n<strong>M\u00e5ndag kl.10-16<\/strong><br \/>\n<strong>Tisdag&nbsp;&nbsp;<span style=\"color: #2a2a2a;\">kl.10-16<\/span><\/strong><br \/>\n<strong>Onsdag&nbsp;<span style=\"color: #2a2a2a;\">kl.10-16<\/span><\/strong><br \/>\n<strong>Torsdag<span style=\"color: #2a2a2a;\"> kl.10-17<\/span><\/strong><br \/>\n<strong>Fredag&nbsp;&nbsp;<span style=\"color: #2a2a2a;\">kl.10-16<\/span><\/strong><br \/>\n<strong>L\u00f6rdag&nbsp;<span style=\"color: #8d2424;\">St\u00e4ngt<\/span><\/strong><\/h3>\n<h3><strong>S\u00f6ndag Kl.11-15<\/strong><\/h3>\n<h3><strong><span style=\"color: #508d24;\">Avvikande \u00d6ppettider<\/span><\/strong><\/h3>\n<h3><\/h3>\n<p>[\/vc_column_text][\/vc_column][\/vc_row][\/vc_section][vc_row][vc_column width=&#8221;1\/4&#8243;][vc_images_carousel images=&#8221;590,594,593,592,591&#8243; img_size=&#8221;large&#8221; css=&#8221;&#8221;][\/vc_column][vc_column width=&#8221;3\/4&#8243;][\/vc_column][\/vc_row][vc_row][vc_column][vc_gallery interval=&#8221;3&#8243; images=&#8221;594&#8243; img_size=&#8221;tumbnail&#8221; css=&#8221;&#8221;][\/vc_column][\/vc_row]<\/p>\n<\/div>","protected":false},"excerpt":{"rendered":"<p>[vc_section][vc_row][vc_column width=&#8221;2\/3&#8243;][vc_column_text css=&#8221;&#8221;] V\u00e4lkommen till Augustendals 4H-G\u00e5rds caf\u00e9!\u200b H\u00e4r serverar vi alltid nybakade bullar och annat hembakat. Vi s\u00e4ljer \u00e4ven, glass, kaffe, te, varm choklad, smakis och l\u00e4sk. Caf\u00e9et finns i det stora gula huset p\u00e5 g\u00e5rden. Under de s\u00f6ndagar vi har \u00f6ppet s\u00e4ljer vi toast. P\u00e5 g\u00e5rden har vi en allm\u00e4n grill som \u00e4r&nbsp; <a href=\"https:\/\/www.4h.se\/augustendal\/cafe\/\">&hellip; Read more <i class=\"glyphicon glyphicon-arrow-right\"><\/i><\/a><\/p>\n","protected":false},"author":248,"featured_media":0,"parent":0,"menu_order":0,"comment_status":"closed","ping_status":"closed","template":"","meta":{"footnotes":""},"class_list":["post-506","page","type-page","status-publish","hentry"],"yoast_head":"<!-- This site is optimized with the Yoast SEO plugin v27.4 - https:\/\/yoast.com\/product\/yoast-seo-wordpress\/ -->\n<title>Caf\u00e9 - Augustendals 4H-g\u00e5rd<\/title>\n<meta name=\"robots\" content=\"index, follow, max-snippet:-1, max-image-preview:large, max-video-preview:-1\" \/>\n<link rel=\"canonical\" href=\"https:\/\/www.4h.se\/augustendal\/cafe\/\" \/>\n<meta property=\"og:locale\" content=\"sv_SE\" \/>\n<meta property=\"og:type\" content=\"article\" \/>\n<meta property=\"og:title\" content=\"Caf\u00e9 - Augustendals 4H-g\u00e5rd\" \/>\n<meta property=\"og:description\" content=\"[vc_section][vc_row][vc_column width=&#8221;2\/3&#8243;][vc_column_text css=&#8221;&#8221;] V\u00e4lkommen till Augustendals 4H-G\u00e5rds caf\u00e9!\u200b H\u00e4r serverar vi alltid nybakade bullar och annat hembakat. Vi s\u00e4ljer \u00e4ven, glass, kaffe, te, varm choklad, smakis och l\u00e4sk. Caf\u00e9et finns i det stora gula huset p\u00e5 g\u00e5rden. Under de s\u00f6ndagar vi har \u00f6ppet s\u00e4ljer vi toast. P\u00e5 g\u00e5rden har vi en allm\u00e4n grill som \u00e4r&nbsp; &hellip; Read more\" \/>\n<meta property=\"og:url\" content=\"https:\/\/www.4h.se\/augustendal\/cafe\/\" \/>\n<meta property=\"og:site_name\" content=\"Augustendals 4H-g\u00e5rd\" \/>\n<meta property=\"article:modified_time\" content=\"2026-04-13T08:39:04+00:00\" \/>\n<meta name=\"twitter:card\" content=\"summary_large_image\" \/>\n<meta name=\"twitter:label1\" content=\"Ber\u00e4knad l\u00e4stid\" \/>\n\t<meta name=\"twitter:data1\" content=\"1 minut\" \/>\n<script type=\"application\/ld+json\" class=\"yoast-schema-graph\">{\"@context\":\"https:\\\/\\\/schema.org\",\"@graph\":[{\"@type\":\"WebPage\",\"@id\":\"https:\\\/\\\/www.4h.se\\\/augustendal\\\/cafe\\\/\",\"url\":\"https:\\\/\\\/www.4h.se\\\/augustendal\\\/cafe\\\/\",\"name\":\"Caf\u00e9 - Augustendals 4H-g\u00e5rd\",\"isPartOf\":{\"@id\":\"https:\\\/\\\/www.4h.se\\\/augustendal\\\/#website\"},\"datePublished\":\"2025-09-11T08:47:24+00:00\",\"dateModified\":\"2026-04-13T08:39:04+00:00\",\"breadcrumb\":{\"@id\":\"https:\\\/\\\/www.4h.se\\\/augustendal\\\/cafe\\\/#breadcrumb\"},\"inLanguage\":\"sv-SE\",\"potentialAction\":[{\"@type\":\"ReadAction\",\"target\":[\"https:\\\/\\\/www.4h.se\\\/augustendal\\\/cafe\\\/\"]}]},{\"@type\":\"BreadcrumbList\",\"@id\":\"https:\\\/\\\/www.4h.se\\\/augustendal\\\/cafe\\\/#breadcrumb\",\"itemListElement\":[{\"@type\":\"ListItem\",\"position\":1,\"name\":\"Hem\",\"item\":\"https:\\\/\\\/www.4h.se\\\/augustendal\\\/\"},{\"@type\":\"ListItem\",\"position\":2,\"name\":\"Caf\u00e9\"}]},{\"@type\":\"WebSite\",\"@id\":\"https:\\\/\\\/www.4h.se\\\/augustendal\\\/#website\",\"url\":\"https:\\\/\\\/www.4h.se\\\/augustendal\\\/\",\"name\":\"Augustendals 4H-g\u00e5rd\",\"description\":\"\",\"potentialAction\":[{\"@type\":\"SearchAction\",\"target\":{\"@type\":\"EntryPoint\",\"urlTemplate\":\"https:\\\/\\\/www.4h.se\\\/augustendal\\\/?s={search_term_string}\"},\"query-input\":{\"@type\":\"PropertyValueSpecification\",\"valueRequired\":true,\"valueName\":\"search_term_string\"}}],\"inLanguage\":\"sv-SE\"}]}<\/script>\n<!-- \/ Yoast SEO plugin. -->","yoast_head_json":{"title":"Caf\u00e9 - Augustendals 4H-g\u00e5rd","robots":{"index":"index","follow":"follow","max-snippet":"max-snippet:-1","max-image-preview":"max-image-preview:large","max-video-preview":"max-video-preview:-1"},"canonical":"https:\/\/www.4h.se\/augustendal\/cafe\/","og_locale":"sv_SE","og_type":"article","og_title":"Caf\u00e9 - Augustendals 4H-g\u00e5rd","og_description":"[vc_section][vc_row][vc_column width=&#8221;2\/3&#8243;][vc_column_text css=&#8221;&#8221;] V\u00e4lkommen till Augustendals 4H-G\u00e5rds caf\u00e9!\u200b H\u00e4r serverar vi alltid nybakade bullar och annat hembakat. Vi s\u00e4ljer \u00e4ven, glass, kaffe, te, varm choklad, smakis och l\u00e4sk. Caf\u00e9et finns i det stora gula huset p\u00e5 g\u00e5rden. Under de s\u00f6ndagar vi har \u00f6ppet s\u00e4ljer vi toast. P\u00e5 g\u00e5rden har vi en allm\u00e4n grill som \u00e4r&nbsp; &hellip; Read more","og_url":"https:\/\/www.4h.se\/augustendal\/cafe\/","og_site_name":"Augustendals 4H-g\u00e5rd","article_modified_time":"2026-04-13T08:39:04+00:00","twitter_card":"summary_large_image","twitter_misc":{"Ber\u00e4knad l\u00e4stid":"1 minut"},"schema":{"@context":"https:\/\/schema.org","@graph":[{"@type":"WebPage","@id":"https:\/\/www.4h.se\/augustendal\/cafe\/","url":"https:\/\/www.4h.se\/augustendal\/cafe\/","name":"Caf\u00e9 - Augustendals 4H-g\u00e5rd","isPartOf":{"@id":"https:\/\/www.4h.se\/augustendal\/#website"},"datePublished":"2025-09-11T08:47:24+00:00","dateModified":"2026-04-13T08:39:04+00:00","breadcrumb":{"@id":"https:\/\/www.4h.se\/augustendal\/cafe\/#breadcrumb"},"inLanguage":"sv-SE","potentialAction":[{"@type":"ReadAction","target":["https:\/\/www.4h.se\/augustendal\/cafe\/"]}]},{"@type":"BreadcrumbList","@id":"https:\/\/www.4h.se\/augustendal\/cafe\/#breadcrumb","itemListElement":[{"@type":"ListItem","position":1,"name":"Hem","item":"https:\/\/www.4h.se\/augustendal\/"},{"@type":"ListItem","position":2,"name":"Caf\u00e9"}]},{"@type":"WebSite","@id":"https:\/\/www.4h.se\/augustendal\/#website","url":"https:\/\/www.4h.se\/augustendal\/","name":"Augustendals 4H-g\u00e5rd","description":"","potentialAction":[{"@type":"SearchAction","target":{"@type":"EntryPoint","urlTemplate":"https:\/\/www.4h.se\/augustendal\/?s={search_term_string}"},"query-input":{"@type":"PropertyValueSpecification","valueRequired":true,"valueName":"search_term_string"}}],"inLanguage":"sv-SE"}]}},"_links":{"self":[{"href":"https:\/\/www.4h.se\/augustendal\/wp-json\/wp\/v2\/pages\/506","targetHints":{"allow":["GET"]}}],"collection":[{"href":"https:\/\/www.4h.se\/augustendal\/wp-json\/wp\/v2\/pages"}],"about":[{"href":"https:\/\/www.4h.se\/augustendal\/wp-json\/wp\/v2\/types\/page"}],"author":[{"embeddable":true,"href":"https:\/\/www.4h.se\/augustendal\/wp-json\/wp\/v2\/users\/248"}],"replies":[{"embeddable":true,"href":"https:\/\/www.4h.se\/augustendal\/wp-json\/wp\/v2\/comments?post=506"}],"version-history":[{"count":0,"href":"https:\/\/www.4h.se\/augustendal\/wp-json\/wp\/v2\/pages\/506\/revisions"}],"wp:attachment":[{"href":"https:\/\/www.4h.se\/augustendal\/wp-json\/wp\/v2\/media?parent=506"}],"curies":[{"name":"wp","href":"https:\/\/api.w.org\/{rel}","templated":true}]}}