



{"id":480,"date":"2025-09-10T13:17:40","date_gmt":"2025-09-10T11:17:40","guid":{"rendered":"https:\/\/www.4h.se\/augustendal\/?page_id=480"},"modified":"2025-12-04T11:25:32","modified_gmt":"2025-12-04T10:25:32","slug":"hast-och-vagn","status":"publish","type":"page","link":"https:\/\/www.4h.se\/augustendal\/hast-och-vagn\/","title":{"rendered":"H\u00e4st och vagn"},"content":{"rendered":"<div class=\"wpb-content-wrapper\"><p>[vc_row][vc_column][vc_column_text]<\/p>\n<h2 style=\"text-align: center;\">H\u00e4st och vagn<\/h2>\n<p>[\/vc_column_text][\/vc_column][\/vc_row][vc_row][vc_column][vc_separator color=&#8221;green&#8221; style=&#8221;dotted&#8221; border_width=&#8221;3&#8243; css=&#8221;&#8221;][\/vc_column][\/vc_row][vc_row][vc_column][vc_column_text css=&#8221;&#8221;]<\/p>\n<div class=\"paragraph\" style=\"text-align: center;\">H\u00e4st och vagn \u00e4r en rolig aktivitet f\u00f6r b\u00e5de barn och vuxna. Vi k\u00f6r \u00e5ret om, med undantag fr\u00e5n extrema v\u00e4derlag. Vi k\u00f6r med v\u00e5r ardenner Valder.<\/div>\n<div style=\"text-align: center;\"><\/div>\n<div class=\"paragraph\" style=\"text-align: center;\">\n<p><strong>Pris f\u00f6r privatpersoner:&nbsp;<\/strong>600kr f\u00f6r 4 vuxna + 4 barn<br \/>\n<strong>Pris f\u00f6r f\u00f6rskolor:<\/strong>&nbsp;600kr inkl 10 barn d\u00e4refter 50kr\/barn<\/p>\n<p>Turen tar ca 30 &#8211; 40 minuter.<\/p>\n<p>OBS!<br \/>\nEndast bokning tisdag-torsdag fr\u00e5n kl 10.30. Senast bokningsbara tid: 14.45.<br \/>\n<span style=\"color: #8d2424;\">(Ej bokning fredagar, skollov och r\u00f6da dagar)<\/span><\/p>\n<pre><strong>Mejla oss vid bokning av h\u00e4st och vagn: augustendal@4h.se<\/strong><\/pre>\n<\/div>\n<p>[\/vc_column_text][\/vc_column][\/vc_row][vc_row][vc_column][vc_single_image image=&#8221;522&#8243; img_size=&#8221;large&#8221; alignment=&#8221;center&#8221; css=&#8221;&#8221;][\/vc_column][\/vc_row]<\/p>\n<\/div>","protected":false},"excerpt":{"rendered":"<p>[vc_row][vc_column][vc_column_text] H\u00e4st och vagn [\/vc_column_text][\/vc_column][\/vc_row][vc_row][vc_column][vc_separator color=&#8221;green&#8221; style=&#8221;dotted&#8221; border_width=&#8221;3&#8243; css=&#8221;&#8221;][\/vc_column][\/vc_row][vc_row][vc_column][vc_column_text css=&#8221;&#8221;] H\u00e4st och vagn \u00e4r en rolig aktivitet f\u00f6r b\u00e5de barn och vuxna. Vi k\u00f6r \u00e5ret om, med undantag fr\u00e5n extrema v\u00e4derlag. Vi k\u00f6r med v\u00e5r ardenner Valder. Pris f\u00f6r privatpersoner:&nbsp;600kr f\u00f6r 4 vuxna + 4 barn Pris f\u00f6r f\u00f6rskolor:&nbsp;600kr inkl 10 barn d\u00e4refter 50kr\/barn Turen&nbsp; <a href=\"https:\/\/www.4h.se\/augustendal\/hast-och-vagn\/\">&hellip; Read more <i class=\"glyphicon glyphicon-arrow-right\"><\/i><\/a><\/p>\n","protected":false},"author":248,"featured_media":0,"parent":0,"menu_order":0,"comment_status":"closed","ping_status":"closed","template":"","meta":{"_acf_changed":false,"footnotes":""},"class_list":["post-480","page","type-page","status-publish","hentry"],"acf":[],"yoast_head":"<!-- This site is optimized with the Yoast SEO plugin v27.5 - https:\/\/yoast.com\/product\/yoast-seo-wordpress\/ -->\n<title>H\u00e4st och vagn - Augustendals 4H-g\u00e5rd<\/title>\n<meta name=\"robots\" content=\"index, follow, max-snippet:-1, max-image-preview:large, max-video-preview:-1\" \/>\n<link rel=\"canonical\" href=\"https:\/\/www.4h.se\/augustendal\/hast-och-vagn\/\" \/>\n<meta property=\"og:locale\" content=\"sv_SE\" \/>\n<meta property=\"og:type\" content=\"article\" \/>\n<meta property=\"og:title\" content=\"H\u00e4st och vagn - Augustendals 4H-g\u00e5rd\" \/>\n<meta property=\"og:description\" content=\"[vc_row][vc_column][vc_column_text] H\u00e4st och vagn [\/vc_column_text][\/vc_column][\/vc_row][vc_row][vc_column][vc_separator color=&#8221;green&#8221; style=&#8221;dotted&#8221; border_width=&#8221;3&#8243; css=&#8221;&#8221;][\/vc_column][\/vc_row][vc_row][vc_column][vc_column_text css=&#8221;&#8221;] H\u00e4st och vagn \u00e4r en rolig aktivitet f\u00f6r b\u00e5de barn och vuxna. Vi k\u00f6r \u00e5ret om, med undantag fr\u00e5n extrema v\u00e4derlag. Vi k\u00f6r med v\u00e5r ardenner Valder. Pris f\u00f6r privatpersoner:&nbsp;600kr f\u00f6r 4 vuxna + 4 barn Pris f\u00f6r f\u00f6rskolor:&nbsp;600kr inkl 10 barn d\u00e4refter 50kr\/barn Turen&nbsp; &hellip; Read more\" \/>\n<meta property=\"og:url\" content=\"https:\/\/www.4h.se\/augustendal\/hast-och-vagn\/\" \/>\n<meta property=\"og:site_name\" content=\"Augustendals 4H-g\u00e5rd\" \/>\n<meta property=\"article:modified_time\" content=\"2025-12-04T10:25:32+00:00\" \/>\n<meta name=\"twitter:card\" content=\"summary_large_image\" \/>\n<meta name=\"twitter:label1\" content=\"Ber\u00e4knad l\u00e4stid\" \/>\n\t<meta name=\"twitter:data1\" content=\"1 minut\" \/>\n<script type=\"application\/ld+json\" class=\"yoast-schema-graph\">{\"@context\":\"https:\\\/\\\/schema.org\",\"@graph\":[{\"@type\":\"WebPage\",\"@id\":\"https:\\\/\\\/www.4h.se\\\/augustendal\\\/hast-och-vagn\\\/\",\"url\":\"https:\\\/\\\/www.4h.se\\\/augustendal\\\/hast-och-vagn\\\/\",\"name\":\"H\u00e4st och vagn - Augustendals 4H-g\u00e5rd\",\"isPartOf\":{\"@id\":\"https:\\\/\\\/www.4h.se\\\/augustendal\\\/#website\"},\"datePublished\":\"2025-09-10T11:17:40+00:00\",\"dateModified\":\"2025-12-04T10:25:32+00:00\",\"breadcrumb\":{\"@id\":\"https:\\\/\\\/www.4h.se\\\/augustendal\\\/hast-och-vagn\\\/#breadcrumb\"},\"inLanguage\":\"sv-SE\",\"potentialAction\":[{\"@type\":\"ReadAction\",\"target\":[\"https:\\\/\\\/www.4h.se\\\/augustendal\\\/hast-och-vagn\\\/\"]}]},{\"@type\":\"BreadcrumbList\",\"@id\":\"https:\\\/\\\/www.4h.se\\\/augustendal\\\/hast-och-vagn\\\/#breadcrumb\",\"itemListElement\":[{\"@type\":\"ListItem\",\"position\":1,\"name\":\"Hem\",\"item\":\"https:\\\/\\\/www.4h.se\\\/augustendal\\\/\"},{\"@type\":\"ListItem\",\"position\":2,\"name\":\"H\u00e4st och vagn\"}]},{\"@type\":\"WebSite\",\"@id\":\"https:\\\/\\\/www.4h.se\\\/augustendal\\\/#website\",\"url\":\"https:\\\/\\\/www.4h.se\\\/augustendal\\\/\",\"name\":\"Augustendals 4H-g\u00e5rd\",\"description\":\"\",\"potentialAction\":[{\"@type\":\"SearchAction\",\"target\":{\"@type\":\"EntryPoint\",\"urlTemplate\":\"https:\\\/\\\/www.4h.se\\\/augustendal\\\/?s={search_term_string}\"},\"query-input\":{\"@type\":\"PropertyValueSpecification\",\"valueRequired\":true,\"valueName\":\"search_term_string\"}}],\"inLanguage\":\"sv-SE\"}]}<\/script>\n<!-- \/ Yoast SEO plugin. -->","yoast_head_json":{"title":"H\u00e4st och vagn - Augustendals 4H-g\u00e5rd","robots":{"index":"index","follow":"follow","max-snippet":"max-snippet:-1","max-image-preview":"max-image-preview:large","max-video-preview":"max-video-preview:-1"},"canonical":"https:\/\/www.4h.se\/augustendal\/hast-och-vagn\/","og_locale":"sv_SE","og_type":"article","og_title":"H\u00e4st och vagn - Augustendals 4H-g\u00e5rd","og_description":"[vc_row][vc_column][vc_column_text] H\u00e4st och vagn [\/vc_column_text][\/vc_column][\/vc_row][vc_row][vc_column][vc_separator color=&#8221;green&#8221; style=&#8221;dotted&#8221; border_width=&#8221;3&#8243; css=&#8221;&#8221;][\/vc_column][\/vc_row][vc_row][vc_column][vc_column_text css=&#8221;&#8221;] H\u00e4st och vagn \u00e4r en rolig aktivitet f\u00f6r b\u00e5de barn och vuxna. Vi k\u00f6r \u00e5ret om, med undantag fr\u00e5n extrema v\u00e4derlag. Vi k\u00f6r med v\u00e5r ardenner Valder. Pris f\u00f6r privatpersoner:&nbsp;600kr f\u00f6r 4 vuxna + 4 barn Pris f\u00f6r f\u00f6rskolor:&nbsp;600kr inkl 10 barn d\u00e4refter 50kr\/barn Turen&nbsp; &hellip; Read more","og_url":"https:\/\/www.4h.se\/augustendal\/hast-och-vagn\/","og_site_name":"Augustendals 4H-g\u00e5rd","article_modified_time":"2025-12-04T10:25:32+00:00","twitter_card":"summary_large_image","twitter_misc":{"Ber\u00e4knad l\u00e4stid":"1 minut"},"schema":{"@context":"https:\/\/schema.org","@graph":[{"@type":"WebPage","@id":"https:\/\/www.4h.se\/augustendal\/hast-och-vagn\/","url":"https:\/\/www.4h.se\/augustendal\/hast-och-vagn\/","name":"H\u00e4st och vagn - Augustendals 4H-g\u00e5rd","isPartOf":{"@id":"https:\/\/www.4h.se\/augustendal\/#website"},"datePublished":"2025-09-10T11:17:40+00:00","dateModified":"2025-12-04T10:25:32+00:00","breadcrumb":{"@id":"https:\/\/www.4h.se\/augustendal\/hast-och-vagn\/#breadcrumb"},"inLanguage":"sv-SE","potentialAction":[{"@type":"ReadAction","target":["https:\/\/www.4h.se\/augustendal\/hast-och-vagn\/"]}]},{"@type":"BreadcrumbList","@id":"https:\/\/www.4h.se\/augustendal\/hast-och-vagn\/#breadcrumb","itemListElement":[{"@type":"ListItem","position":1,"name":"Hem","item":"https:\/\/www.4h.se\/augustendal\/"},{"@type":"ListItem","position":2,"name":"H\u00e4st och vagn"}]},{"@type":"WebSite","@id":"https:\/\/www.4h.se\/augustendal\/#website","url":"https:\/\/www.4h.se\/augustendal\/","name":"Augustendals 4H-g\u00e5rd","description":"","potentialAction":[{"@type":"SearchAction","target":{"@type":"EntryPoint","urlTemplate":"https:\/\/www.4h.se\/augustendal\/?s={search_term_string}"},"query-input":{"@type":"PropertyValueSpecification","valueRequired":true,"valueName":"search_term_string"}}],"inLanguage":"sv-SE"}]}},"_links":{"self":[{"href":"https:\/\/www.4h.se\/augustendal\/wp-json\/wp\/v2\/pages\/480","targetHints":{"allow":["GET"]}}],"collection":[{"href":"https:\/\/www.4h.se\/augustendal\/wp-json\/wp\/v2\/pages"}],"about":[{"href":"https:\/\/www.4h.se\/augustendal\/wp-json\/wp\/v2\/types\/page"}],"author":[{"embeddable":true,"href":"https:\/\/www.4h.se\/augustendal\/wp-json\/wp\/v2\/users\/248"}],"replies":[{"embeddable":true,"href":"https:\/\/www.4h.se\/augustendal\/wp-json\/wp\/v2\/comments?post=480"}],"version-history":[{"count":0,"href":"https:\/\/www.4h.se\/augustendal\/wp-json\/wp\/v2\/pages\/480\/revisions"}],"wp:attachment":[{"href":"https:\/\/www.4h.se\/augustendal\/wp-json\/wp\/v2\/media?parent=480"}],"curies":[{"name":"wp","href":"https:\/\/api.w.org\/{rel}","templated":true}]}}

Häst och vagn

<div class="wpb-content-wrapper"><p>[vc_row][vc_column][vc_column_text]</p>
<h2 style="text-align: center;">Häst och vagn</h2>
<p>[/vc_column_text][/vc_column][/vc_row][vc_row][vc_column][vc_separator color=&#8221;green&#8221; style=&#8221;dotted&#8221; border_width=&#8221;3&#8243; css=&#8221;&#8221;][/vc_column][/vc_row][vc_row][vc_column][vc_column_text css=&#8221;&#8221;]</p>
<div class="paragraph" style="text-align: center;">Häst och vagn är en rolig aktivitet för både barn och vuxna. Vi kör året om, med undantag från extrema väderlag. Vi kör med vår ardenner Valder.</div>
<div style="text-align: center;"></div>
<div class="paragraph" style="text-align: center;">
<p><strong>Pris för privatpersoner:&nbsp;</strong>600kr för 4 vuxna + 4 barn<br />
<strong>Pris för förskolor:</strong>&nbsp;600kr inkl 10 barn därefter 50kr/barn</p>
<p>Turen tar ca 30 &#8211; 40 minuter.</p>
<p>OBS!<br />
Endast bokning tisdag-torsdag från kl 10.30. Senast bokningsbara tid: 14.45.<br />
<span style="color: #8d2424;">(Ej bokning fredagar, skollov och röda dagar)</span></p>
<pre><strong>Mejla oss vid bokning av häst och vagn: augustendal@4h.se</strong></pre>
</div>
<p>[/vc_column_text][/vc_column][/vc_row][vc_row][vc_column][vc_single_image image=&#8221;522&#8243; img_size=&#8221;large&#8221; alignment=&#8221;center&#8221; css=&#8221;&#8221;][/vc_column][/vc_row]</p>
</div>

<p>[vc_row][vc_column][vc_column_text] Häst och vagn [/vc_column_text][/vc_column][/vc_row][vc_row][vc_column][vc_separator color=&#8221;green&#8221; style=&#8221;dotted&#8221; border_width=&#8221;3&#8243; css=&#8221;&#8221;][/vc_column][/vc_row][vc_row][vc_column][vc_column_text css=&#8221;&#8221;] Häst och vagn är en rolig aktivitet för både barn och vuxna. Vi kör året om, med undantag från extrema väderlag. Vi kör med vår ardenner Valder. Pris för privatpersoner:&nbsp;600kr för 4 vuxna + 4 barn Pris för förskolor:&nbsp;600kr inkl 10 barn därefter 50kr/barn Turen&nbsp; <a href="https://www.4h.se/augustendal/hast-och-vagn/">&hellip; Read more <i class="glyphicon glyphicon-arrow-right"></i></a></p>

<!-- This site is optimized with the Yoast SEO plugin v27.5 - https://yoast.com/product/yoast-seo-wordpress/ -->
<title>Häst och vagn - Augustendals 4H-gård</title>
<meta name="robots" content="index, follow, max-snippet:-1, max-image-preview:large, max-video-preview:-1" />
<link rel="canonical" href="https://www.4h.se/augustendal/hast-och-vagn/" />
<meta property="og:locale" content="sv_SE" />
<meta property="og:type" content="article" />
<meta property="og:title" content="Häst och vagn - Augustendals 4H-gård" />
<meta property="og:description" content="[vc_row][vc_column][vc_column_text] Häst och vagn [/vc_column_text][/vc_column][/vc_row][vc_row][vc_column][vc_separator color=&#8221;green&#8221; style=&#8221;dotted&#8221; border_width=&#8221;3&#8243; css=&#8221;&#8221;][/vc_column][/vc_row][vc_row][vc_column][vc_column_text css=&#8221;&#8221;] Häst och vagn är en rolig aktivitet för både barn och vuxna. Vi kör året om, med undantag från extrema väderlag. Vi kör med vår ardenner Valder. Pris för privatpersoner:&nbsp;600kr för 4 vuxna + 4 barn Pris för förskolor:&nbsp;600kr inkl 10 barn därefter 50kr/barn Turen&nbsp; &hellip; Read more" />
<meta property="og:url" content="https://www.4h.se/augustendal/hast-och-vagn/" />
<meta property="og:site_name" content="Augustendals 4H-gård" />
<meta property="article:modified_time" content="2025-12-04T10:25:32+00:00" />
<meta name="twitter:card" content="summary_large_image" />
<meta name="twitter:label1" content="Beräknad lästid" />
	<meta name="twitter:data1" content="1 minut" />
<script type="application/ld+json" class="yoast-schema-graph">{"@context":"https:\/\/schema.org","@graph":[{"@type":"WebPage","@id":"https:\/\/www.4h.se\/augustendal\/hast-och-vagn\/","url":"https:\/\/www.4h.se\/augustendal\/hast-och-vagn\/","name":"Häst och vagn - Augustendals 4H-gård","isPartOf":{"@id":"https:\/\/www.4h.se\/augustendal\/#website"},"datePublished":"2025-09-10T11:17:40+00:00","dateModified":"2025-12-04T10:25:32+00:00","breadcrumb":{"@id":"https:\/\/www.4h.se\/augustendal\/hast-och-vagn\/#breadcrumb"},"inLanguage":"sv-SE","potentialAction":[{"@type":"ReadAction","target":["https:\/\/www.4h.se\/augustendal\/hast-och-vagn\/"]}]},{"@type":"BreadcrumbList","@id":"https:\/\/www.4h.se\/augustendal\/hast-och-vagn\/#breadcrumb","itemListElement":[{"@type":"ListItem","position":1,"name":"Hem","item":"https:\/\/www.4h.se\/augustendal\/"},{"@type":"ListItem","position":2,"name":"Häst och vagn"}]},{"@type":"WebSite","@id":"https:\/\/www.4h.se\/augustendal\/#website","url":"https:\/\/www.4h.se\/augustendal\/","name":"Augustendals 4H-gård","description":"","potentialAction":[{"@type":"SearchAction","target":{"@type":"EntryPoint","urlTemplate":"https:\/\/www.4h.se\/augustendal\/?s={search_term_string}"},"query-input":{"@type":"PropertyValueSpecification","valueRequired":true,"valueName":"search_term_string"}}],"inLanguage":"sv-SE"}]}</script>
<!-- / Yoast SEO plugin. -->

Häst och vagn - Augustendals 4H-gård

[vc_row][vc_column][vc_column_text] Häst och vagn [/vc_column_text][/vc_column][/vc_row][vc_row][vc_column][vc_separator color=&#8221;green&#8221; style=&#8221;dotted&#8221; border_width=&#8221;3&#8243; css=&#8221;&#8221;][/vc_column][/vc_row][vc_row][vc_column][vc_column_text css=&#8221;&#8221;] Häst och vagn är en rolig aktivitet för både barn och vuxna. Vi kör året om, med undantag från extrema väderlag. Vi kör med vår ardenner Valder. Pris för privatpersoner:&nbsp;600kr för 4 vuxna + 4 barn Pris för förskolor:&nbsp;600kr inkl 10 barn därefter 50kr/barn Turen&nbsp; &hellip; Read more

Augustendals 4H-gård
