



{"id":401,"date":"2016-10-31T10:22:24","date_gmt":"2016-10-31T09:22:24","guid":{"rendered":"http:\/\/www.4h.se\/astad\/?page_id=401"},"modified":"2025-01-28T20:57:02","modified_gmt":"2025-01-28T19:57:02","slug":"lager","status":"publish","type":"page","link":"https:\/\/www.4h.se\/astad\/lager\/","title":{"rendered":"L\u00e4ger"},"content":{"rendered":"<div class=\"wpb-content-wrapper\"><p>[vc_row][vc_column][vc_column_text css=&#8221;&#8221;]<\/p>\n<h1>L\u00e4ger p\u00e5 g\u00e5rden<\/h1>\n<div class=\"wpb_text_column wpb_content_element \">\n<div class=\"wpb_wrapper\">\n<p>Tillsammans med Hallands 4H har vi annordnat l\u00e4ger p\u00e5 g\u00e5rden sedan 1980-talet. L\u00e4ger \u00e4r faktiskt g\u00e5rdens ursprungliga syfte, n\u00e4r den byggdes under 1930-talet fungerade den som kommunens barnkoloni. 4H tog senare \u00f6ver och har utvecklat och f\u00f6rb\u00e4ttrat verksamheten \u00e4nda sen dess. Med den bakgrunden \u00e4r det inte konstigt att vi kan alla knep f\u00f6r man skapar fantastiska l\u00e4gerveckor. 2024 deltog cirka 150 deltagare i \u00e5ldern 10\u201314 \u00e5r p\u00e5 l\u00e4ger p\u00e5 g\u00e5rden. Vi hoppas \u00e4ven detta \u00e5r fylla l\u00e4gerg\u00e5rden med skratt, gemenskap och minnen f\u00f6r livet.<\/p>\n<\/div>\n<\/div>\n<p>[\/vc_column_text][\/vc_column][\/vc_row][vc_row][vc_column][vc_separator style=&#8221;dotted&#8221; border_width=&#8221;5&#8243;][\/vc_column][\/vc_row][vc_row][vc_column width=&#8221;1\/3&#8243;][vc_column_text]<\/p>\n<div class=\"wpb_text_column wpb_content_element \">\n<div class=\"wpb_wrapper\">\n<h1><a href=\"https:\/\/www.4h.se\/astad\/wp-content\/uploads\/sites\/64\/2016\/10\/20200625_170340450_iOS.jpg\"><img loading=\"lazy\" decoding=\"async\" class=\"alignnone size-medium wp-image-480\" src=\"https:\/\/www.4h.se\/astad\/wp-content\/uploads\/sites\/64\/2016\/10\/20200625_170340450_iOS-400x300.jpg\" alt=\"20200625_170340450_iOS\" width=\"400\" height=\"300\" srcset=\"https:\/\/www.4h.se\/astad\/wp-content\/uploads\/sites\/64\/2016\/10\/20200625_170340450_iOS-400x300.jpg 400w, https:\/\/www.4h.se\/astad\/wp-content\/uploads\/sites\/64\/2016\/10\/20200625_170340450_iOS-170x128.jpg 170w, https:\/\/www.4h.se\/astad\/wp-content\/uploads\/sites\/64\/2016\/10\/20200625_170340450_iOS-970x728.jpg 970w\" sizes=\"auto, (max-width: 400px) 100vw, 400px\" \/><\/a><\/h1>\n<h1>P\u00e5sklovsl\u00e4ger<\/h1>\n<\/div>\n<\/div>\n<div class=\"wpb_text_column wpb_content_element \">\n<div class=\"wpb_wrapper\">\n<div class=\"wpb_text_column wpb_content_element \">\n<div class=\"wpb_wrapper\">\n<h5 style=\"text-align: left;\">L\u00e4ngtar du precis som vi tillbaka till sommarens h\u00e4rliga l\u00e4gerk\u00e4nsla? Efter alla nya och saknade v\u00e4nner? Eller vill du kanske l\u00e4ra k\u00e4nna nya kompisar? Detta l\u00e4ger \u00e4r chansen att f\u00e5 uppleva just den fantastiska k\u00e4nslan igen! Under dagen lagar vi mat \u00f6ver \u00f6ppen eld, k\u00f6r roliga lekar, myser framf\u00f6r brasan och massa annat skoj!<\/h5>\n<h5 style=\"text-align: left;\">Mer info kommer om aktiviteten blir av!<\/h5>\n<p>&nbsp;<\/p>\n<\/div>\n<\/div>\n<\/div>\n<\/div>\n<p>[\/vc_column_text][\/vc_column][vc_column width=&#8221;1\/3&#8243;][vc_column_text css=&#8221;&#8221;]<\/p>\n<div class=\"wpb_text_column wpb_content_element \">\n<div class=\"wpb_wrapper\">\n<h1><a href=\"https:\/\/www.4h.se\/astad\/wp-content\/uploads\/sites\/64\/2016\/10\/IMG_3268.jpg\"><img loading=\"lazy\" decoding=\"async\" class=\"alignnone size-medium wp-image-483\" src=\"https:\/\/www.4h.se\/astad\/wp-content\/uploads\/sites\/64\/2016\/10\/IMG_3268-400x300.jpg\" alt=\"Friluftsgrupp_Jenny J\u00f6nsson\" width=\"400\" height=\"300\" srcset=\"https:\/\/www.4h.se\/astad\/wp-content\/uploads\/sites\/64\/2016\/10\/IMG_3268-400x300.jpg 400w, https:\/\/www.4h.se\/astad\/wp-content\/uploads\/sites\/64\/2016\/10\/IMG_3268-170x128.jpg 170w, https:\/\/www.4h.se\/astad\/wp-content\/uploads\/sites\/64\/2016\/10\/IMG_3268-970x728.jpg 970w\" sizes=\"auto, (max-width: 400px) 100vw, 400px\" \/><\/a><\/h1>\n<h1>Lantlivsl\u00e4ger<\/h1>\n<p>Under sommaren annordnas Lantlivsl\u00e4ger p\u00e5 g\u00e5rden. Detta \u00e4r \u00e5ret absoluta h\u00f6jdpunkt! Under en l\u00e4gervecka f\u00e5r deltagarna tillsammans med utbildade ledarna ta hand om djuren som d\u00e5 flyttar in p\u00e5 g\u00e5rden, paddla kanot, laga mat och ta hand om l\u00e4gerg\u00e5rden i \u00f6vrigt. Djuren p\u00e5 g\u00e5rden under l\u00e4gret \u00e4r minih\u00e4star, kaniner, f\u00e5r, grisar och h\u00f6ns. Vi bor i 2\u20136-b\u00e4ddsrum \u2013 sista natten en mysig \u00f6vernattning utomhus. Det blir massor av bad fr\u00e5n bryggan, utflykter, mys vid l\u00e4gerelden och ett och annat l\u00e4gerbus. S\u00e5 v\u00e4lkommen p\u00e5 lantlivsl\u00e4ger vecka 25-28!<\/p>\n<p>Tillg\u00e4nglighetsanpassade faciliteter finns p\u00e5 g\u00e5rden.<\/p>\n<\/div>\n<\/div>\n<div class=\"wpb_text_column wpb_content_element \">\n<div class=\"wpb_wrapper\">\n<h3><a href=\"https:\/\/membersky.com\/org\/4h\/4H-i-Halland\/event\">Anm\u00e4l dig h\u00e4r!<\/a><\/h3>\n<p><a href=\"https:\/\/membersky.com\/org\/4h\/4H-i-Halland\/event\">Anm\u00e4lan till v\u00e5ra arrangemang sker genom v\u00e5r medlemsprotal MemberSky.\u00a0Klicka h\u00e4r f\u00f6r att komma direkt till MemberSky och arrangemang anordnade av Hallands 4H.\u00a0Systemet \u00e4r\u00a0under utveckling. Om ni redan har ett konto p\u00e5 MemberSky \u00e4r det enklast att logga in f\u00f6rst och sedan anm\u00e4la er till l\u00e4gret.<\/a><\/p>\n<p>Vid fr\u00e5gor kontakta Hallands 4Hs expedition:<br \/>\n0725-12 15 02 eller halland@4h.se.<\/p>\n<\/div>\n<\/div>\n<p>[\/vc_column_text][\/vc_column][vc_column width=&#8221;1\/3&#8243;][vc_column_text css=&#8221;&#8221;]<\/p>\n<div class=\"wpb_text_column wpb_content_element \">\n<div class=\"wpb_wrapper\">\n<h1><a href=\"https:\/\/www.4h.se\/astad\/wp-content\/uploads\/sites\/64\/2016\/10\/120861104_361891058292161_6085735363298836893_n.jpg\"><img loading=\"lazy\" decoding=\"async\" class=\"alignnone size-medium wp-image-481\" src=\"https:\/\/www.4h.se\/astad\/wp-content\/uploads\/sites\/64\/2016\/10\/120861104_361891058292161_6085735363298836893_n-451x300.jpg\" alt=\"Promenad till sj\u00f6n_Klara Ragnarsson\" width=\"451\" height=\"300\" srcset=\"https:\/\/www.4h.se\/astad\/wp-content\/uploads\/sites\/64\/2016\/10\/120861104_361891058292161_6085735363298836893_n-451x300.jpg 451w, https:\/\/www.4h.se\/astad\/wp-content\/uploads\/sites\/64\/2016\/10\/120861104_361891058292161_6085735363298836893_n-170x113.jpg 170w, https:\/\/www.4h.se\/astad\/wp-content\/uploads\/sites\/64\/2016\/10\/120861104_361891058292161_6085735363298836893_n-970x645.jpg 970w\" sizes=\"auto, (max-width: 451px) 100vw, 451px\" \/><\/a><\/h1>\n<h1>Friluftsl\u00e4ger<\/h1>\n<\/div>\n<\/div>\n<div class=\"wpb_text_column wpb_content_element \">\n<div class=\"wpb_wrapper\">\n<div class=\"wpb_text_column wpb_content_element \">\n<div class=\"wpb_wrapper\">\n<p>Under l\u00e4gret \u00f6vernattar deltagarna utomhus och lagar all mat \u00f6ver \u00f6ppen eld eller p\u00e5 stormk\u00f6k. Uppdelade i tv\u00e5 lag t\u00e4vlar l\u00e4gerdeltagarna mot varandra i en massa roliga och sp\u00e4nnande t\u00e4vlingar som bl.a. kanotrace och att g\u00f6ra upp eld. Ifall du gillar natur och friluftsliv \u00e4r detta l\u00e4gret f\u00f6r dig!<\/p>\n<p>(Obs! Under detta l\u00e4gret finns inga djur p\u00e5 g\u00e5rden).<\/p>\n<\/div>\n<\/div>\n<div class=\"wpb_text_column wpb_content_element \">\n<div class=\"wpb_wrapper\">\n<h3><a href=\"https:\/\/membersky.com\/org\/4h\/4H-i-Halland\/event\">Anm\u00e4l dig h\u00e4r!<\/a><\/h3>\n<p><a href=\"https:\/\/membersky.com\/org\/4h\/4H-i-Halland\/event\">Anm\u00e4lan till v\u00e5ra arrangemang sker genom v\u00e5r medlemsprotal MemberSky.\u00a0Klicka h\u00e4r f\u00f6r att komma direkt till MemberSky och arrangemang anordnade av Hallands 4H.\u00a0Systemet \u00e4r\u00a0under utveckling. Om ni redan har ett konto p\u00e5 MemberSky \u00e4r det enklast att logga in f\u00f6rst, ladda om denna sida och sedan anm\u00e4la er.<\/a><\/p>\n<p>Vid fr\u00e5gor kontakta Hallands 4Hs expedition:<br \/>\n0725-12 15 02 eller halland@4h.se.<\/p>\n<\/div>\n<\/div>\n<\/div>\n<\/div>\n<p>[\/vc_column_text][\/vc_column][\/vc_row][vc_row][vc_column width=&#8221;1\/3&#8243;][vc_column_text]<\/p>\n<h1><a href=\"https:\/\/www.4h.se\/astad\/wp-content\/uploads\/sites\/64\/2016\/10\/astad5.jpg\"><img loading=\"lazy\" decoding=\"async\" class=\"alignnone size-medium wp-image-479\" src=\"https:\/\/www.4h.se\/astad\/wp-content\/uploads\/sites\/64\/2016\/10\/astad5-453x300.jpg\" alt=\"\" width=\"453\" height=\"300\" srcset=\"https:\/\/www.4h.se\/astad\/wp-content\/uploads\/sites\/64\/2016\/10\/astad5-453x300.jpg 453w, https:\/\/www.4h.se\/astad\/wp-content\/uploads\/sites\/64\/2016\/10\/astad5-170x113.jpg 170w, https:\/\/www.4h.se\/astad\/wp-content\/uploads\/sites\/64\/2016\/10\/astad5-970x642.jpg 970w\" sizes=\"auto, (max-width: 453px) 100vw, 453px\" \/><\/a><\/h1>\n<h1>\u00c5tertr\u00e4ffsl\u00e4ger<\/h1>\n<p>Efter en fantastisk l\u00e4gersommar somnar g\u00e5rden en liten stund innan vi alla l\u00e4ngtar tillbaka till sommarens gl\u00e4djefyllda l\u00e4gerveckor. P\u00e5 h\u00f6stlovet arrangerar vi d\u00e4rf\u00f6r \u00e5tertr\u00e4ffsl\u00e4ger d\u00e5 du f\u00e5r komma tillbaka till \u00c4stad 4H-g\u00e5rd och h\u00e4nga med dina 4H-kompisar. Under l\u00e4gret blickar vi tillbaka till sommarens alla h\u00e4rliga minnen, g\u00f6r utflykter i naturen, lagar god mat och massa annat skoj.[\/vc_column_text][\/vc_column][vc_column width=&#8221;1\/3&#8243;][vc_column_text]<\/p>\n<h1><a href=\"https:\/\/www.4h.se\/astad\/wp-content\/uploads\/sites\/64\/2016\/10\/astad6.jpg\"><img loading=\"lazy\" decoding=\"async\" class=\"alignnone size-medium wp-image-482\" src=\"https:\/\/www.4h.se\/astad\/wp-content\/uploads\/sites\/64\/2016\/10\/astad6-453x300.jpg\" alt=\"astad6\" width=\"453\" height=\"300\" srcset=\"https:\/\/www.4h.se\/astad\/wp-content\/uploads\/sites\/64\/2016\/10\/astad6-453x300.jpg 453w, https:\/\/www.4h.se\/astad\/wp-content\/uploads\/sites\/64\/2016\/10\/astad6-170x113.jpg 170w, https:\/\/www.4h.se\/astad\/wp-content\/uploads\/sites\/64\/2016\/10\/astad6-970x642.jpg 970w\" sizes=\"auto, (max-width: 453px) 100vw, 453px\" \/><\/a><\/h1>\n<h1>Vinterl\u00e4ger<\/h1>\n<p>Mer info kommer![\/vc_column_text][\/vc_column][vc_column width=&#8221;1\/3&#8243;][vc_column_text]<\/p>\n<h1><a href=\"https:\/\/www.4h.se\/astad\/wp-content\/uploads\/sites\/64\/2016\/10\/thumbnail.jpg\"><img loading=\"lazy\" decoding=\"async\" class=\"alignnone size-medium wp-image-484\" src=\"https:\/\/www.4h.se\/astad\/wp-content\/uploads\/sites\/64\/2016\/10\/thumbnail-450x300.jpg\" alt=\"thumbnail\" width=\"450\" height=\"300\" srcset=\"https:\/\/www.4h.se\/astad\/wp-content\/uploads\/sites\/64\/2016\/10\/thumbnail-450x300.jpg 450w, https:\/\/www.4h.se\/astad\/wp-content\/uploads\/sites\/64\/2016\/10\/thumbnail-170x113.jpg 170w, https:\/\/www.4h.se\/astad\/wp-content\/uploads\/sites\/64\/2016\/10\/thumbnail-970x647.jpg 970w, https:\/\/www.4h.se\/astad\/wp-content\/uploads\/sites\/64\/2016\/10\/thumbnail.jpg 2000w\" sizes=\"auto, (max-width: 450px) 100vw, 450px\" \/><\/a><\/h1>\n<h1>Andra aktiviteter<\/h1>\n<p>Hallands 4H och Varbergs 4H-krets anordnar under \u00e5ret en m\u00e4ngd aktiviteter och kurser p\u00e5 g\u00e5rden. H\u00e5ll dig uppdaterad\u00a0\u00f6ver vad som \u00e4r\u00a0p\u00e5 g\u00e5ng s\u00e5 du inte missar m\u00f6jligheten att l\u00e4ra k\u00e4nna nya v\u00e4nner i 4H. <a href=\"https:\/\/www.4h.se\/halland\/\" target=\"_blank\" rel=\"noopener\">P\u00e5 Hallands 4Hs hemsida finns information om\u00a0en m\u00e4ngd aktiviteter!<\/a>[\/vc_column_text][\/vc_column][\/vc_row][vc_row][vc_column width=&#8221;1\/3&#8243;][vc_column_text]<\/p>\n<h1><a href=\"https:\/\/www.4h.se\/astad\/wp-content\/uploads\/sites\/64\/2016\/10\/IMG_1989-2.jpg\"><img loading=\"lazy\" decoding=\"async\" class=\"alignnone size-medium wp-image-486\" src=\"https:\/\/www.4h.se\/astad\/wp-content\/uploads\/sites\/64\/2016\/10\/IMG_1989-2-400x300.jpg\" alt=\"IMG_1989 2\" width=\"400\" height=\"300\" srcset=\"https:\/\/www.4h.se\/astad\/wp-content\/uploads\/sites\/64\/2016\/10\/IMG_1989-2-400x300.jpg 400w, https:\/\/www.4h.se\/astad\/wp-content\/uploads\/sites\/64\/2016\/10\/IMG_1989-2-170x127.jpg 170w, https:\/\/www.4h.se\/astad\/wp-content\/uploads\/sites\/64\/2016\/10\/IMG_1989-2-970x727.jpg 970w\" sizes=\"auto, (max-width: 400px) 100vw, 400px\" \/><\/a><\/h1>\n<h1>Jobba som l\u00e4gerledare!<\/h1>\n<p>Att jobba som l\u00e4gerledare p\u00e5 \u00c4stad 4H-g\u00e5rd \u00e4r det b\u00e4sta sommarjobbet man kan ha. <a href=\"https:\/\/www.4h.se\/halland\/lediga-jobb\/\">Mer information finns p\u00e5 Hallands 4Hs hemsida!\u00a0<\/a>[\/vc_column_text][\/vc_column][vc_column width=&#8221;1\/3&#8243;][\/vc_column][vc_column width=&#8221;1\/3&#8243;][\/vc_column][\/vc_row][vc_row][vc_column][vc_row_inner][vc_column_inner][vc_separator style=&#8221;dotted&#8221; border_width=&#8221;5&#8243;][\/vc_column_inner][\/vc_row_inner][\/vc_column][\/vc_row][vc_row][vc_column][vc_column_text]<\/p>\n<p style=\"text-align: center\" align=\"right\"><span style=\"font-size: xx-small\">Foton p\u00e5 denna sidan: Klara Ragnarsson, Jenny J\u00f6nsson, Linnea Otterdahl, Hampus Brink<\/span><\/p>\n<p>[\/vc_column_text][\/vc_column][\/vc_row]<\/p>\n<\/div>","protected":false},"excerpt":{"rendered":"<p>[vc_row][vc_column][vc_column_text css=&#8221;&#8221;] L\u00e4ger p\u00e5 g\u00e5rden Tillsammans med Hallands 4H har vi annordnat l\u00e4ger p\u00e5 g\u00e5rden sedan 1980-talet. L\u00e4ger \u00e4r faktiskt g\u00e5rdens ursprungliga syfte, n\u00e4r den byggdes under 1930-talet fungerade den som kommunens barnkoloni. 4H tog senare \u00f6ver och har utvecklat och f\u00f6rb\u00e4ttrat verksamheten \u00e4nda sen dess. Med den bakgrunden \u00e4r det inte konstigt att vi&nbsp; <a href=\"https:\/\/www.4h.se\/astad\/lager\/\">&hellip; Read more <i class=\"glyphicon glyphicon-arrow-right\"><\/i><\/a><\/p>\n","protected":false},"author":67,"featured_media":0,"parent":0,"menu_order":0,"comment_status":"closed","ping_status":"closed","template":"","meta":{"_acf_changed":false,"footnotes":""},"class_list":["post-401","page","type-page","status-publish","hentry"],"acf":[],"yoast_head":"<!-- This site is optimized with the Yoast SEO plugin v27.4 - https:\/\/yoast.com\/product\/yoast-seo-wordpress\/ -->\n<title>L\u00e4ger - \u00c4stad 4H<\/title>\n<meta name=\"robots\" content=\"index, follow, max-snippet:-1, max-image-preview:large, max-video-preview:-1\" \/>\n<link rel=\"canonical\" href=\"https:\/\/www.4h.se\/astad\/lager\/\" \/>\n<meta property=\"og:locale\" content=\"sv_SE\" \/>\n<meta property=\"og:type\" content=\"article\" \/>\n<meta property=\"og:title\" content=\"L\u00e4ger - \u00c4stad 4H\" \/>\n<meta property=\"og:description\" content=\"[vc_row][vc_column][vc_column_text css=&#8221;&#8221;] L\u00e4ger p\u00e5 g\u00e5rden Tillsammans med Hallands 4H har vi annordnat l\u00e4ger p\u00e5 g\u00e5rden sedan 1980-talet. L\u00e4ger \u00e4r faktiskt g\u00e5rdens ursprungliga syfte, n\u00e4r den byggdes under 1930-talet fungerade den som kommunens barnkoloni. 4H tog senare \u00f6ver och har utvecklat och f\u00f6rb\u00e4ttrat verksamheten \u00e4nda sen dess. Med den bakgrunden \u00e4r det inte konstigt att vi&nbsp; &hellip; Read more\" \/>\n<meta property=\"og:url\" content=\"https:\/\/www.4h.se\/astad\/lager\/\" \/>\n<meta property=\"og:site_name\" content=\"\u00c4stad 4H\" \/>\n<meta property=\"article:modified_time\" content=\"2025-01-28T19:57:02+00:00\" \/>\n<meta property=\"og:image\" content=\"https:\/\/www.4h.se\/astad\/wp-content\/uploads\/sites\/64\/2016\/10\/20200625_170340450_iOS-400x300.jpg\" \/>\n<meta name=\"twitter:card\" content=\"summary_large_image\" \/>\n<meta name=\"twitter:label1\" content=\"Ber\u00e4knad l\u00e4stid\" \/>\n\t<meta name=\"twitter:data1\" content=\"4 minuter\" \/>\n<script type=\"application\/ld+json\" class=\"yoast-schema-graph\">{\"@context\":\"https:\\\/\\\/schema.org\",\"@graph\":[{\"@type\":\"WebPage\",\"@id\":\"https:\\\/\\\/www.4h.se\\\/astad\\\/lager\\\/\",\"url\":\"https:\\\/\\\/www.4h.se\\\/astad\\\/lager\\\/\",\"name\":\"L\u00e4ger - \u00c4stad 4H\",\"isPartOf\":{\"@id\":\"https:\\\/\\\/www.4h.se\\\/astad\\\/#website\"},\"primaryImageOfPage\":{\"@id\":\"https:\\\/\\\/www.4h.se\\\/astad\\\/lager\\\/#primaryimage\"},\"image\":{\"@id\":\"https:\\\/\\\/www.4h.se\\\/astad\\\/lager\\\/#primaryimage\"},\"thumbnailUrl\":\"https:\\\/\\\/www.4h.se\\\/astad\\\/wp-content\\\/uploads\\\/sites\\\/64\\\/2016\\\/10\\\/20200625_170340450_iOS-400x300.jpg\",\"datePublished\":\"2016-10-31T09:22:24+00:00\",\"dateModified\":\"2025-01-28T19:57:02+00:00\",\"breadcrumb\":{\"@id\":\"https:\\\/\\\/www.4h.se\\\/astad\\\/lager\\\/#breadcrumb\"},\"inLanguage\":\"sv-SE\",\"potentialAction\":[{\"@type\":\"ReadAction\",\"target\":[\"https:\\\/\\\/www.4h.se\\\/astad\\\/lager\\\/\"]}]},{\"@type\":\"ImageObject\",\"inLanguage\":\"sv-SE\",\"@id\":\"https:\\\/\\\/www.4h.se\\\/astad\\\/lager\\\/#primaryimage\",\"url\":\"https:\\\/\\\/www.4h.se\\\/astad\\\/wp-content\\\/uploads\\\/sites\\\/64\\\/2016\\\/10\\\/20200625_170340450_iOS.jpg\",\"contentUrl\":\"https:\\\/\\\/www.4h.se\\\/astad\\\/wp-content\\\/uploads\\\/sites\\\/64\\\/2016\\\/10\\\/20200625_170340450_iOS.jpg\",\"width\":4032,\"height\":3024},{\"@type\":\"BreadcrumbList\",\"@id\":\"https:\\\/\\\/www.4h.se\\\/astad\\\/lager\\\/#breadcrumb\",\"itemListElement\":[{\"@type\":\"ListItem\",\"position\":1,\"name\":\"Hem\",\"item\":\"https:\\\/\\\/www.4h.se\\\/astad\\\/\"},{\"@type\":\"ListItem\",\"position\":2,\"name\":\"L\u00e4ger\"}]},{\"@type\":\"WebSite\",\"@id\":\"https:\\\/\\\/www.4h.se\\\/astad\\\/#website\",\"url\":\"https:\\\/\\\/www.4h.se\\\/astad\\\/\",\"name\":\"\u00c4stad 4H\",\"description\":\"\",\"potentialAction\":[{\"@type\":\"SearchAction\",\"target\":{\"@type\":\"EntryPoint\",\"urlTemplate\":\"https:\\\/\\\/www.4h.se\\\/astad\\\/?s={search_term_string}\"},\"query-input\":{\"@type\":\"PropertyValueSpecification\",\"valueRequired\":true,\"valueName\":\"search_term_string\"}}],\"inLanguage\":\"sv-SE\"}]}<\/script>\n<!-- \/ Yoast SEO plugin. -->","yoast_head_json":{"title":"L\u00e4ger - \u00c4stad 4H","robots":{"index":"index","follow":"follow","max-snippet":"max-snippet:-1","max-image-preview":"max-image-preview:large","max-video-preview":"max-video-preview:-1"},"canonical":"https:\/\/www.4h.se\/astad\/lager\/","og_locale":"sv_SE","og_type":"article","og_title":"L\u00e4ger - \u00c4stad 4H","og_description":"[vc_row][vc_column][vc_column_text css=&#8221;&#8221;] L\u00e4ger p\u00e5 g\u00e5rden Tillsammans med Hallands 4H har vi annordnat l\u00e4ger p\u00e5 g\u00e5rden sedan 1980-talet. L\u00e4ger \u00e4r faktiskt g\u00e5rdens ursprungliga syfte, n\u00e4r den byggdes under 1930-talet fungerade den som kommunens barnkoloni. 4H tog senare \u00f6ver och har utvecklat och f\u00f6rb\u00e4ttrat verksamheten \u00e4nda sen dess. Med den bakgrunden \u00e4r det inte konstigt att vi&nbsp; &hellip; Read more","og_url":"https:\/\/www.4h.se\/astad\/lager\/","og_site_name":"\u00c4stad 4H","article_modified_time":"2025-01-28T19:57:02+00:00","og_image":[{"url":"https:\/\/www.4h.se\/astad\/wp-content\/uploads\/sites\/64\/2016\/10\/20200625_170340450_iOS-400x300.jpg","type":"","width":"","height":""}],"twitter_card":"summary_large_image","twitter_misc":{"Ber\u00e4knad l\u00e4stid":"4 minuter"},"schema":{"@context":"https:\/\/schema.org","@graph":[{"@type":"WebPage","@id":"https:\/\/www.4h.se\/astad\/lager\/","url":"https:\/\/www.4h.se\/astad\/lager\/","name":"L\u00e4ger - \u00c4stad 4H","isPartOf":{"@id":"https:\/\/www.4h.se\/astad\/#website"},"primaryImageOfPage":{"@id":"https:\/\/www.4h.se\/astad\/lager\/#primaryimage"},"image":{"@id":"https:\/\/www.4h.se\/astad\/lager\/#primaryimage"},"thumbnailUrl":"https:\/\/www.4h.se\/astad\/wp-content\/uploads\/sites\/64\/2016\/10\/20200625_170340450_iOS-400x300.jpg","datePublished":"2016-10-31T09:22:24+00:00","dateModified":"2025-01-28T19:57:02+00:00","breadcrumb":{"@id":"https:\/\/www.4h.se\/astad\/lager\/#breadcrumb"},"inLanguage":"sv-SE","potentialAction":[{"@type":"ReadAction","target":["https:\/\/www.4h.se\/astad\/lager\/"]}]},{"@type":"ImageObject","inLanguage":"sv-SE","@id":"https:\/\/www.4h.se\/astad\/lager\/#primaryimage","url":"https:\/\/www.4h.se\/astad\/wp-content\/uploads\/sites\/64\/2016\/10\/20200625_170340450_iOS.jpg","contentUrl":"https:\/\/www.4h.se\/astad\/wp-content\/uploads\/sites\/64\/2016\/10\/20200625_170340450_iOS.jpg","width":4032,"height":3024},{"@type":"BreadcrumbList","@id":"https:\/\/www.4h.se\/astad\/lager\/#breadcrumb","itemListElement":[{"@type":"ListItem","position":1,"name":"Hem","item":"https:\/\/www.4h.se\/astad\/"},{"@type":"ListItem","position":2,"name":"L\u00e4ger"}]},{"@type":"WebSite","@id":"https:\/\/www.4h.se\/astad\/#website","url":"https:\/\/www.4h.se\/astad\/","name":"\u00c4stad 4H","description":"","potentialAction":[{"@type":"SearchAction","target":{"@type":"EntryPoint","urlTemplate":"https:\/\/www.4h.se\/astad\/?s={search_term_string}"},"query-input":{"@type":"PropertyValueSpecification","valueRequired":true,"valueName":"search_term_string"}}],"inLanguage":"sv-SE"}]}},"_links":{"self":[{"href":"https:\/\/www.4h.se\/astad\/wp-json\/wp\/v2\/pages\/401","targetHints":{"allow":["GET"]}}],"collection":[{"href":"https:\/\/www.4h.se\/astad\/wp-json\/wp\/v2\/pages"}],"about":[{"href":"https:\/\/www.4h.se\/astad\/wp-json\/wp\/v2\/types\/page"}],"author":[{"embeddable":true,"href":"https:\/\/www.4h.se\/astad\/wp-json\/wp\/v2\/users\/67"}],"replies":[{"embeddable":true,"href":"https:\/\/www.4h.se\/astad\/wp-json\/wp\/v2\/comments?post=401"}],"version-history":[{"count":0,"href":"https:\/\/www.4h.se\/astad\/wp-json\/wp\/v2\/pages\/401\/revisions"}],"wp:attachment":[{"href":"https:\/\/www.4h.se\/astad\/wp-json\/wp\/v2\/media?parent=401"}],"curies":[{"name":"wp","href":"https:\/\/api.w.org\/{rel}","templated":true}]}}