



{"id":39,"date":"2014-12-09T20:10:35","date_gmt":"2014-12-09T19:10:35","guid":{"rendered":"http:\/\/www.4h.se\/rix16\/?page_id=39"},"modified":"2026-02-23T21:04:10","modified_gmt":"2026-02-23T20:04:10","slug":"hem","status":"publish","type":"page","link":"https:\/\/www.4h.se\/astad\/","title":{"rendered":"Startsida"},"content":{"rendered":"<div class=\"wpb-content-wrapper\"><p>[vc_row][vc_column width=&#8221;2\/3&#8243;][vc_column_text][\/vc_column_text][vc_column_text]<\/p>\n<h1 class=\"head1\"><strong>Natursk\u00f6nt bel\u00e4gen l\u00e4ger- och kursg\u00e5rd<\/strong><\/h1>\n<div class=\"txFixP\">\n<div class=\"embedContainer\"><\/div>\n<p align=\"left\">Vackert inramad av den centralhall\u00e4ndska bokskogen, och bara n\u00e5gra minuters natursk\u00f6n promenad fr\u00e5n tv\u00e5 sj\u00f6ar, ligger denna lugna, trivsamma l\u00e4gerg\u00e5rd. I n\u00e4rheten finns flera vandringsleder och utflyktsm\u00e5l. Vid Byasj\u00f6n har vi\u00a0v\u00e5r brygga samt kanoter och SUP-br\u00e4dor f\u00f6r uthyrning. P\u00e5 lov och helger\u00a0anordnas l\u00e4ger och aktiviteter f\u00f6r barn och unga.\u00a0\u00c4stad 4H-g\u00e5rd \u00e4r d\u00e4rf\u00f6r utm\u00e4rkt f\u00f6r l\u00e4gerskolor, kick-off, kurser och familjesammankomster.<\/p>\n<div style=\"text-align: left\" align=\"center\"><\/div>\n<p align=\"left\">Huset byggdes under 1930-talet och fungerade under m\u00e5nga \u00e5r som kommunens barnkoloni. Driften \u00f6vertogs av 4H i mitten av 1980-talet, och anl\u00e4ggningen renoverades i omg\u00e5ngar mellan \u00e5r 2000-2005.<\/p>\n<p>\u00c4stad 4H-klubb k\u00f6pte fastigheten i maj 2006 och har sedan dess fortsatt att bedriva l\u00e4ger- och kursverksamhet f\u00f6r barn och unga.<\/p><\/div>\n<p>[\/vc_column_text][vc_column_text css=&#8221;&#8221;]<\/p>\n<h1 class=\"head1\"><strong>\u00c5rsm\u00f6te 2026<\/strong><\/h1>\n<div class=\"txFixP\">\n<div class=\"embedContainer\"><\/div>\n<p align=\"left\">S\u00f6ndagen den 22 mars kl. 10.00 h\u00e5ller \u00c4stad 4H-klubb \u00e5rsm\u00f6te. Alla medlemmar \u00e4r v\u00e4lkomna! <a href=\"https:\/\/antribe.com\/org\/4h\/astads-4h\/event\/arsmote-2026-2\">Anm\u00e4lan sker via Antribe<\/a>.<\/p>\n<p align=\"left\"><a href=\"https:\/\/rs4h-my.sharepoint.com\/:b:\/g\/personal\/lisa_aldenklint_4h_se\/IQDRGXBjKfzpSJIpXAOlaAWxAeOXgCdvxAP760P_LPUYfto?e=85MUxL\">Kallelse och f\u00f6rslag till \u00e4rendelista finns h\u00e4r!<\/a><\/p>\n<\/div>\n<p align=\"left\"><a href=\"https:\/\/www.4h.se\/wp-content\/uploads\/2025\/11\/Stadgar-Sverige-4H-2025_1-.pdf\">L\u00e4nk till 4H:s stadgar<\/a><\/p>\n<p>[\/vc_column_text][\/vc_column][vc_column width=&#8221;1\/3&#8243;][vc_wp_posts number=&#8221;5&#8243;][\/vc_column][\/vc_row][vc_row][vc_column][vc_separator style=&#8221;dotted&#8221; border_width=&#8221;5&#8243;][\/vc_column][\/vc_row][vc_row][vc_column width=&#8221;1\/3&#8243;][vc_column_text]<\/p>\n<h1><a href=\"https:\/\/www.4h.se\/astad\/wp-content\/uploads\/sites\/64\/2021\/03\/La\u0308ger_A\u0308stad_Halland_Alma_Bengtsson_MG_7470_web.jpg\"><img loading=\"lazy\" decoding=\"async\" class=\"alignnone size-medium wp-image-494\" src=\"https:\/\/www.4h.se\/astad\/wp-content\/uploads\/sites\/64\/2021\/03\/La\u0308ger_A\u0308stad_Halland_Alma_Bengtsson_MG_7470_web-450x300.jpg\" alt=\"La\u0308ger_A\u0308stad_Halland_Alma_Bengtsson_MG_7470_web\" width=\"450\" height=\"300\" srcset=\"https:\/\/www.4h.se\/astad\/wp-content\/uploads\/sites\/64\/2021\/03\/La\u0308ger_A\u0308stad_Halland_Alma_Bengtsson_MG_7470_web-450x300.jpg 450w, https:\/\/www.4h.se\/astad\/wp-content\/uploads\/sites\/64\/2021\/03\/La\u0308ger_A\u0308stad_Halland_Alma_Bengtsson_MG_7470_web-170x113.jpg 170w, https:\/\/www.4h.se\/astad\/wp-content\/uploads\/sites\/64\/2021\/03\/La\u0308ger_A\u0308stad_Halland_Alma_Bengtsson_MG_7470_web-970x647.jpg 970w\" sizes=\"auto, (max-width: 450px) 100vw, 450px\" \/><\/a><\/h1>\n<h2><a title=\"L\u00e4ger\" href=\"https:\/\/www.4h.se\/astad\/lager\/\">L\u00e4gersommar<\/a><\/h2>\n<p><a title=\"L\u00e4ger\" href=\"https:\/\/www.4h.se\/astad\/lager\/\">\u00c5ret l\u00e4gersommar n\u00e4rmar sig med stormsteg. Missa inte chansen att ta del av\u00a0\u00e5rets h\u00f6jdpunkt!\u00a0<\/a>[\/vc_column_text][\/vc_column][vc_column width=&#8221;1\/3&#8243;][vc_column_text]<\/p>\n<h1><a href=\"https:\/\/www.4h.se\/astad\/wp-content\/uploads\/sites\/64\/2016\/10\/File1.jpg\"><img loading=\"lazy\" decoding=\"async\" class=\"alignnone size-medium wp-image-413\" src=\"https:\/\/www.4h.se\/astad\/wp-content\/uploads\/sites\/64\/2016\/10\/File1-450x300.jpg\" alt=\"file1\" width=\"450\" height=\"300\" srcset=\"https:\/\/www.4h.se\/astad\/wp-content\/uploads\/sites\/64\/2016\/10\/File1-450x300.jpg 450w, https:\/\/www.4h.se\/astad\/wp-content\/uploads\/sites\/64\/2016\/10\/File1-170x113.jpg 170w, https:\/\/www.4h.se\/astad\/wp-content\/uploads\/sites\/64\/2016\/10\/File1-970x647.jpg 970w, https:\/\/www.4h.se\/astad\/wp-content\/uploads\/sites\/64\/2016\/10\/File1.jpg 1000w\" sizes=\"auto, (max-width: 450px) 100vw, 450px\" \/><\/a><\/h1>\n<h2><a title=\"Bokning &amp; info\" href=\"https:\/\/www.4h.se\/astad\/bokning-info\/\">Hyr g\u00e5rden<\/a><\/h2>\n<p><a title=\"Bokning &amp; info\" href=\"https:\/\/www.4h.se\/astad\/bokning-info\/\">V\u00e5r l\u00e4gerg\u00e5rd g\u00e5r att hyra f\u00f6r allt fr\u00e5n l\u00e4ger till kurser och friluftsaktiviteter!\u00a0<\/a>[\/vc_column_text][\/vc_column][vc_column width=&#8221;1\/3&#8243;][vc_column_text]<\/p>\n<h1><a href=\"https:\/\/www.4h.se\/astad\/wp-content\/uploads\/sites\/64\/2021\/03\/La\u0308ger_A\u0308stad_Halland_Alma_Bengtsson_MG_7278_web.jpg\"><img loading=\"lazy\" decoding=\"async\" class=\"alignnone size-medium wp-image-491\" src=\"https:\/\/www.4h.se\/astad\/wp-content\/uploads\/sites\/64\/2021\/03\/La\u0308ger_A\u0308stad_Halland_Alma_Bengtsson_MG_7278_web-450x300.jpg\" alt=\"La\u0308ger_A\u0308stad_Halland_Alma_Bengtsson_MG_7278_web\" width=\"450\" height=\"300\" srcset=\"https:\/\/www.4h.se\/astad\/wp-content\/uploads\/sites\/64\/2021\/03\/La\u0308ger_A\u0308stad_Halland_Alma_Bengtsson_MG_7278_web-450x300.jpg 450w, https:\/\/www.4h.se\/astad\/wp-content\/uploads\/sites\/64\/2021\/03\/La\u0308ger_A\u0308stad_Halland_Alma_Bengtsson_MG_7278_web-170x113.jpg 170w, https:\/\/www.4h.se\/astad\/wp-content\/uploads\/sites\/64\/2021\/03\/La\u0308ger_A\u0308stad_Halland_Alma_Bengtsson_MG_7278_web-970x647.jpg 970w\" sizes=\"auto, (max-width: 450px) 100vw, 450px\" \/><\/a><\/h1>\n<h2><a title=\"Friluftsliv\" href=\"https:\/\/www.4h.se\/astad\/friluftsliv\/\">Friluftsliv<\/a><\/h2>\n<p><a title=\"Friluftsliv\" href=\"https:\/\/www.4h.se\/astad\/friluftsliv\/\">Vi samlar just nu v\u00e5ra b\u00e4sta tips p\u00e5\u00a0allt som har med friluftsliv att g\u00f6ra! Vad du kan hitta p\u00e5 i n\u00e4romr\u00e5det, hur du b\u00e4st lagar krabbelurer och mycket annat!<\/a><\/p>\n<p>Denna sidan \u00e4r under uppbyggnad.[\/vc_column_text][\/vc_column][\/vc_row][vc_row][vc_column][vc_separator style=&#8221;dotted&#8221; border_width=&#8221;5&#8243;][\/vc_column][\/vc_row][vc_row][vc_column width=&#8221;1\/3&#8243;][vc_column_text]<\/p>\n<h1><a href=\"https:\/\/www.4h.se\/astad\/wp-content\/uploads\/sites\/64\/2014\/12\/1354141_10200914835768170_818428379_o.jpg\"><img loading=\"lazy\" decoding=\"async\" class=\" size-medium wp-image-514 aligncenter\" src=\"https:\/\/www.4h.se\/astad\/wp-content\/uploads\/sites\/64\/2014\/12\/1354141_10200914835768170_818428379_o-453x300.jpg\" alt=\"1354141_10200914835768170_818428379_o\" width=\"453\" height=\"300\" srcset=\"https:\/\/www.4h.se\/astad\/wp-content\/uploads\/sites\/64\/2014\/12\/1354141_10200914835768170_818428379_o-453x300.jpg 453w, https:\/\/www.4h.se\/astad\/wp-content\/uploads\/sites\/64\/2014\/12\/1354141_10200914835768170_818428379_o-170x113.jpg 170w, https:\/\/www.4h.se\/astad\/wp-content\/uploads\/sites\/64\/2014\/12\/1354141_10200914835768170_818428379_o-970x642.jpg 970w, https:\/\/www.4h.se\/astad\/wp-content\/uploads\/sites\/64\/2014\/12\/1354141_10200914835768170_818428379_o.jpg 2048w\" sizes=\"auto, (max-width: 453px) 100vw, 453px\" \/><\/a><\/h1>\n<h2 style=\"text-align: center\">Kanottur<\/h2>\n<p style=\"text-align: justify\">En perfekt aktivitet \u00e4r att paddla kanot tillsammans. S\u00e5 samla ihop klubben, laget eller styrelsen och boka in en heldag med kanoting, picknick och bad i Byasj\u00f6n. Fr\u00e5n v\u00e5r brygga kan ni paddla till Holma \u00d6, Vindskyddet vid Hallandsleden eller genom kanalen till Ottersj\u00f6n.<\/p>\n<p style=\"text-align: justify\"><a href=\"https:\/\/www.4h.se\/astad\/bokning-info\/\">Info om bokning av kanoter hittar ni h\u00e4r!<\/a><\/p>\n<p>[\/vc_column_text][\/vc_column][vc_column width=&#8221;1\/3&#8243;][vc_column_text]<\/p>\n<h1 style=\"text-align: center\"><a href=\"https:\/\/www.4h.se\/astad\/wp-content\/uploads\/sites\/64\/2016\/10\/astad5.jpg\"><img loading=\"lazy\" decoding=\"async\" class=\"alignnone size-medium wp-image-479\" src=\"https:\/\/www.4h.se\/astad\/wp-content\/uploads\/sites\/64\/2016\/10\/astad5-453x300.jpg\" alt=\"\" width=\"453\" height=\"300\" srcset=\"https:\/\/www.4h.se\/astad\/wp-content\/uploads\/sites\/64\/2016\/10\/astad5-453x300.jpg 453w, https:\/\/www.4h.se\/astad\/wp-content\/uploads\/sites\/64\/2016\/10\/astad5-170x113.jpg 170w, https:\/\/www.4h.se\/astad\/wp-content\/uploads\/sites\/64\/2016\/10\/astad5-970x642.jpg 970w\" sizes=\"auto, (max-width: 453px) 100vw, 453px\" \/><\/a><\/h1>\n<h2 style=\"text-align: center\">L\u00e4gerskola och klassresa<\/h2>\n<p>Funderar ni p\u00e5 att \u00e5ka p\u00e5 klassresa eller l\u00e4gerskola? D\u00e5 \u00e4r v\u00e5r l\u00e4gerg\u00e5rd perfekt!<\/p>\n<p style=\"text-align: justify\">H\u00e4r bor ni i fina rum med v\u00e5ningss\u00e4ngar, stora ytor och n\u00e4ra till bad! V\u00e5r l\u00e4gerg\u00e5rd med 46 b\u00e4ddar \u00e4r byggd f\u00f6r just l\u00e4ger och l\u00e4get i \u00c4stad ger tillg\u00e5ng till en m\u00e4ngd aktiviteter. Paddla kanot, bes\u00f6k \u00d6str\u00f6\u00f6 f\u00e5rfarm eller boka in teambuilding med F\u00e5ngarna p\u00e5 g\u00e5rden hos v\u00e5ra grannar p\u00e5 Gr\u00f6nbetet som eftermiddagsaktivitet! V\u00e5r l\u00e4gerg\u00e5rd mitt i bokskogen \u00e4r en perfekt plats f\u00f6r att l\u00e4ra sig mer om naturen och allemansr\u00e4tten.<\/p>\n<p>&nbsp;<\/p>\n<p><a href=\"https:\/\/www.4h.se\/astad\/bokning-info\/\">Mer info om bokning\u00a0och v\u00e5rt skolpaket hittar ni h\u00e4r!<\/a>[\/vc_column_text][\/vc_column][vc_column width=&#8221;1\/3&#8243;][vc_column_text]<\/p>\n<h2 style=\"text-align: center\"><a href=\"https:\/\/www.4h.se\/astad\/wp-content\/uploads\/sites\/64\/2021\/03\/La\u0308ger_A\u0308stad_Halland_Alma_Bengtsson_MG_7445_web.jpg\"><img loading=\"lazy\" decoding=\"async\" class=\"alignnone size-medium wp-image-512\" src=\"https:\/\/www.4h.se\/astad\/wp-content\/uploads\/sites\/64\/2021\/03\/La\u0308ger_A\u0308stad_Halland_Alma_Bengtsson_MG_7445_web-450x300.jpg\" alt=\"La\u0308ger_A\u0308stad_Halland_Alma_Bengtsson_MG_7445_web\" width=\"450\" height=\"300\" srcset=\"https:\/\/www.4h.se\/astad\/wp-content\/uploads\/sites\/64\/2021\/03\/La\u0308ger_A\u0308stad_Halland_Alma_Bengtsson_MG_7445_web-450x300.jpg 450w, https:\/\/www.4h.se\/astad\/wp-content\/uploads\/sites\/64\/2021\/03\/La\u0308ger_A\u0308stad_Halland_Alma_Bengtsson_MG_7445_web-170x113.jpg 170w, https:\/\/www.4h.se\/astad\/wp-content\/uploads\/sites\/64\/2021\/03\/La\u0308ger_A\u0308stad_Halland_Alma_Bengtsson_MG_7445_web-970x647.jpg 970w\" sizes=\"auto, (max-width: 450px) 100vw, 450px\" \/><\/a><\/h2>\n<h2 style=\"text-align: center\">Kick-off eller kurs<\/h2>\n<p style=\"text-align: justify\">F\u00e5 tid att\u00a0bygga gemenskap\u00a0med naturen runt h\u00f6rnet p\u00e5 v\u00e5r l\u00e4gerg\u00e5rd mitt i den hall\u00e4ndska bokskogen omgiven av naturreservat, fina sj\u00f6ar och idyllisk jordbruksmark. V\u00e5r g\u00e5rd l\u00e4mpar sig bra f\u00f6r organisationen eller f\u00f6reningen som vill fokusera p\u00e5 att s\u00e4tta gemensamma m\u00e5l f\u00f6r\u00a0sin verksamhet med f\u00e5gelkvitter och krispig gr\u00f6nska i bakgrunden.<\/p>\n<p style=\"text-align: justify\">G\u00e5rden har 46 b\u00e4ddar p\u00e5 tv\u00e5 plan i olika stora flerb\u00e4ddsrum. Vi har samlingssal f\u00f6r 30 personer med konferensutrustning som projektorduk, whiteboardtavlor och bl\u00e4dderblock. Soffor att pausa i framf\u00f6r en \u00f6ppen spis och ett rymligt k\u00f6k d\u00e4r ni tillsammans kan laga mat. G\u00e5rdens l\u00e4ge erbjuder fina promenadmilj\u00f6er och paddelturer.<\/p>\n<p>&nbsp;<\/p>\n<p><a title=\"Bokning &amp; info\" href=\"https:\/\/www.4h.se\/astad\/bokning-info\/\">V\u00e4lkomna att boka er vistelse hos oss!<\/a>[\/vc_column_text][\/vc_column][\/vc_row][vc_row][vc_column][vc_separator style=&#8221;dotted&#8221; border_width=&#8221;5&#8243;][\/vc_column][\/vc_row][vc_row][vc_column][vc_column_text]<\/p>\n<p style=\"text-align: center\"><span style=\"font-size: xx-small\">Foton p\u00e5 denna sidan: Alma Bengtsson, Carl Holm\u00e9n, Hampus Brink, Linnea Otterdahl<\/span><\/p>\n<p>[\/vc_column_text][\/vc_column][\/vc_row][vc_row][vc_column][vc_separator][\/vc_column][\/vc_row]<\/p>\n<\/div>","protected":false},"excerpt":{"rendered":"<p>[vc_row][vc_column width=&#8221;2\/3&#8243;][vc_column_text][\/vc_column_text][vc_column_text] Natursk\u00f6nt bel\u00e4gen l\u00e4ger- och kursg\u00e5rd Vackert inramad av den centralhall\u00e4ndska bokskogen, och bara n\u00e5gra minuters natursk\u00f6n promenad fr\u00e5n tv\u00e5 sj\u00f6ar, ligger denna lugna, trivsamma l\u00e4gerg\u00e5rd. I n\u00e4rheten finns flera vandringsleder och utflyktsm\u00e5l. Vid Byasj\u00f6n har vi\u00a0v\u00e5r brygga samt kanoter och SUP-br\u00e4dor f\u00f6r uthyrning. P\u00e5 lov och helger\u00a0anordnas l\u00e4ger och aktiviteter f\u00f6r barn och&nbsp; <a href=\"https:\/\/www.4h.se\/astad\/\">&hellip; Read more <i class=\"glyphicon glyphicon-arrow-right\"><\/i><\/a><\/p>\n","protected":false},"author":1,"featured_media":0,"parent":0,"menu_order":10,"comment_status":"closed","ping_status":"closed","template":"","meta":{"_acf_changed":false,"footnotes":""},"class_list":["post-39","page","type-page","status-publish","hentry"],"acf":[],"yoast_head":"<!-- This site is optimized with the Yoast SEO plugin v27.4 - https:\/\/yoast.com\/product\/yoast-seo-wordpress\/ -->\n<title>Startsida - \u00c4stad 4H<\/title>\n<meta name=\"robots\" content=\"index, follow, max-snippet:-1, max-image-preview:large, max-video-preview:-1\" \/>\n<link rel=\"canonical\" href=\"https:\/\/www.4h.se\/astad\/\" \/>\n<meta property=\"og:locale\" content=\"sv_SE\" \/>\n<meta property=\"og:type\" content=\"article\" \/>\n<meta property=\"og:title\" content=\"Startsida - \u00c4stad 4H\" \/>\n<meta property=\"og:description\" content=\"[vc_row][vc_column width=&#8221;2\/3&#8243;][vc_column_text][\/vc_column_text][vc_column_text] Natursk\u00f6nt bel\u00e4gen l\u00e4ger- och kursg\u00e5rd Vackert inramad av den centralhall\u00e4ndska bokskogen, och bara n\u00e5gra minuters natursk\u00f6n promenad fr\u00e5n tv\u00e5 sj\u00f6ar, ligger denna lugna, trivsamma l\u00e4gerg\u00e5rd. I n\u00e4rheten finns flera vandringsleder och utflyktsm\u00e5l. Vid Byasj\u00f6n har vi\u00a0v\u00e5r brygga samt kanoter och SUP-br\u00e4dor f\u00f6r uthyrning. P\u00e5 lov och helger\u00a0anordnas l\u00e4ger och aktiviteter f\u00f6r barn och&nbsp; &hellip; Read more\" \/>\n<meta property=\"og:url\" content=\"https:\/\/www.4h.se\/astad\/\" \/>\n<meta property=\"og:site_name\" content=\"\u00c4stad 4H\" \/>\n<meta property=\"article:modified_time\" content=\"2026-02-23T20:04:10+00:00\" \/>\n<meta property=\"og:image\" content=\"https:\/\/www.4h.se\/astad\/wp-content\/uploads\/sites\/64\/2016\/10\/File1-450x300.jpg\" \/>\n<meta name=\"twitter:card\" content=\"summary_large_image\" \/>\n<meta name=\"twitter:label1\" content=\"Ber\u00e4knad l\u00e4stid\" \/>\n\t<meta name=\"twitter:data1\" content=\"4 minuter\" \/>\n<script type=\"application\/ld+json\" class=\"yoast-schema-graph\">{\"@context\":\"https:\\\/\\\/schema.org\",\"@graph\":[{\"@type\":\"WebPage\",\"@id\":\"https:\\\/\\\/www.4h.se\\\/astad\\\/\",\"url\":\"https:\\\/\\\/www.4h.se\\\/astad\\\/\",\"name\":\"Startsida - \u00c4stad 4H\",\"isPartOf\":{\"@id\":\"https:\\\/\\\/www.4h.se\\\/astad\\\/#website\"},\"primaryImageOfPage\":{\"@id\":\"https:\\\/\\\/www.4h.se\\\/astad\\\/#primaryimage\"},\"image\":{\"@id\":\"https:\\\/\\\/www.4h.se\\\/astad\\\/#primaryimage\"},\"thumbnailUrl\":\"https:\\\/\\\/www.4h.se\\\/astad\\\/wp-content\\\/uploads\\\/sites\\\/64\\\/2016\\\/10\\\/File1-450x300.jpg\",\"datePublished\":\"2014-12-09T19:10:35+00:00\",\"dateModified\":\"2026-02-23T20:04:10+00:00\",\"breadcrumb\":{\"@id\":\"https:\\\/\\\/www.4h.se\\\/astad\\\/#breadcrumb\"},\"inLanguage\":\"sv-SE\",\"potentialAction\":[{\"@type\":\"ReadAction\",\"target\":[\"https:\\\/\\\/www.4h.se\\\/astad\\\/\"]}]},{\"@type\":\"ImageObject\",\"inLanguage\":\"sv-SE\",\"@id\":\"https:\\\/\\\/www.4h.se\\\/astad\\\/#primaryimage\",\"url\":\"https:\\\/\\\/www.4h.se\\\/astad\\\/wp-content\\\/uploads\\\/sites\\\/64\\\/2016\\\/10\\\/File1.jpg\",\"contentUrl\":\"https:\\\/\\\/www.4h.se\\\/astad\\\/wp-content\\\/uploads\\\/sites\\\/64\\\/2016\\\/10\\\/File1.jpg\",\"width\":1000,\"height\":667},{\"@type\":\"BreadcrumbList\",\"@id\":\"https:\\\/\\\/www.4h.se\\\/astad\\\/#breadcrumb\",\"itemListElement\":[{\"@type\":\"ListItem\",\"position\":1,\"name\":\"Hem\",\"item\":\"https:\\\/\\\/www.4h.se\\\/astad\\\/\"},{\"@type\":\"ListItem\",\"position\":2,\"name\":\"Startsida\"}]},{\"@type\":\"WebSite\",\"@id\":\"https:\\\/\\\/www.4h.se\\\/astad\\\/#website\",\"url\":\"https:\\\/\\\/www.4h.se\\\/astad\\\/\",\"name\":\"\u00c4stad 4H\",\"description\":\"\",\"potentialAction\":[{\"@type\":\"SearchAction\",\"target\":{\"@type\":\"EntryPoint\",\"urlTemplate\":\"https:\\\/\\\/www.4h.se\\\/astad\\\/?s={search_term_string}\"},\"query-input\":{\"@type\":\"PropertyValueSpecification\",\"valueRequired\":true,\"valueName\":\"search_term_string\"}}],\"inLanguage\":\"sv-SE\"}]}<\/script>\n<!-- \/ Yoast SEO plugin. -->","yoast_head_json":{"title":"Startsida - \u00c4stad 4H","robots":{"index":"index","follow":"follow","max-snippet":"max-snippet:-1","max-image-preview":"max-image-preview:large","max-video-preview":"max-video-preview:-1"},"canonical":"https:\/\/www.4h.se\/astad\/","og_locale":"sv_SE","og_type":"article","og_title":"Startsida - \u00c4stad 4H","og_description":"[vc_row][vc_column width=&#8221;2\/3&#8243;][vc_column_text][\/vc_column_text][vc_column_text] Natursk\u00f6nt bel\u00e4gen l\u00e4ger- och kursg\u00e5rd Vackert inramad av den centralhall\u00e4ndska bokskogen, och bara n\u00e5gra minuters natursk\u00f6n promenad fr\u00e5n tv\u00e5 sj\u00f6ar, ligger denna lugna, trivsamma l\u00e4gerg\u00e5rd. I n\u00e4rheten finns flera vandringsleder och utflyktsm\u00e5l. Vid Byasj\u00f6n har vi\u00a0v\u00e5r brygga samt kanoter och SUP-br\u00e4dor f\u00f6r uthyrning. P\u00e5 lov och helger\u00a0anordnas l\u00e4ger och aktiviteter f\u00f6r barn och&nbsp; &hellip; Read more","og_url":"https:\/\/www.4h.se\/astad\/","og_site_name":"\u00c4stad 4H","article_modified_time":"2026-02-23T20:04:10+00:00","og_image":[{"url":"https:\/\/www.4h.se\/astad\/wp-content\/uploads\/sites\/64\/2016\/10\/File1-450x300.jpg","type":"","width":"","height":""}],"twitter_card":"summary_large_image","twitter_misc":{"Ber\u00e4knad l\u00e4stid":"4 minuter"},"schema":{"@context":"https:\/\/schema.org","@graph":[{"@type":"WebPage","@id":"https:\/\/www.4h.se\/astad\/","url":"https:\/\/www.4h.se\/astad\/","name":"Startsida - \u00c4stad 4H","isPartOf":{"@id":"https:\/\/www.4h.se\/astad\/#website"},"primaryImageOfPage":{"@id":"https:\/\/www.4h.se\/astad\/#primaryimage"},"image":{"@id":"https:\/\/www.4h.se\/astad\/#primaryimage"},"thumbnailUrl":"https:\/\/www.4h.se\/astad\/wp-content\/uploads\/sites\/64\/2016\/10\/File1-450x300.jpg","datePublished":"2014-12-09T19:10:35+00:00","dateModified":"2026-02-23T20:04:10+00:00","breadcrumb":{"@id":"https:\/\/www.4h.se\/astad\/#breadcrumb"},"inLanguage":"sv-SE","potentialAction":[{"@type":"ReadAction","target":["https:\/\/www.4h.se\/astad\/"]}]},{"@type":"ImageObject","inLanguage":"sv-SE","@id":"https:\/\/www.4h.se\/astad\/#primaryimage","url":"https:\/\/www.4h.se\/astad\/wp-content\/uploads\/sites\/64\/2016\/10\/File1.jpg","contentUrl":"https:\/\/www.4h.se\/astad\/wp-content\/uploads\/sites\/64\/2016\/10\/File1.jpg","width":1000,"height":667},{"@type":"BreadcrumbList","@id":"https:\/\/www.4h.se\/astad\/#breadcrumb","itemListElement":[{"@type":"ListItem","position":1,"name":"Hem","item":"https:\/\/www.4h.se\/astad\/"},{"@type":"ListItem","position":2,"name":"Startsida"}]},{"@type":"WebSite","@id":"https:\/\/www.4h.se\/astad\/#website","url":"https:\/\/www.4h.se\/astad\/","name":"\u00c4stad 4H","description":"","potentialAction":[{"@type":"SearchAction","target":{"@type":"EntryPoint","urlTemplate":"https:\/\/www.4h.se\/astad\/?s={search_term_string}"},"query-input":{"@type":"PropertyValueSpecification","valueRequired":true,"valueName":"search_term_string"}}],"inLanguage":"sv-SE"}]}},"_links":{"self":[{"href":"https:\/\/www.4h.se\/astad\/wp-json\/wp\/v2\/pages\/39","targetHints":{"allow":["GET"]}}],"collection":[{"href":"https:\/\/www.4h.se\/astad\/wp-json\/wp\/v2\/pages"}],"about":[{"href":"https:\/\/www.4h.se\/astad\/wp-json\/wp\/v2\/types\/page"}],"author":[{"embeddable":true,"href":"https:\/\/www.4h.se\/astad\/wp-json\/wp\/v2\/users\/1"}],"replies":[{"embeddable":true,"href":"https:\/\/www.4h.se\/astad\/wp-json\/wp\/v2\/comments?post=39"}],"version-history":[{"count":0,"href":"https:\/\/www.4h.se\/astad\/wp-json\/wp\/v2\/pages\/39\/revisions"}],"wp:attachment":[{"href":"https:\/\/www.4h.se\/astad\/wp-json\/wp\/v2\/media?parent=39"}],"curies":[{"name":"wp","href":"https:\/\/api.w.org\/{rel}","templated":true}]}}