



{"id":404,"date":"2017-01-28T22:01:11","date_gmt":"2017-01-28T21:01:11","guid":{"rendered":"http:\/\/www.4h.se\/arsta\/?page_id=404"},"modified":"2026-01-30T15:36:29","modified_gmt":"2026-01-30T14:36:29","slug":"jobba-hos-oss","status":"publish","type":"page","link":"https:\/\/www.4h.se\/arsta\/jobba-hos-oss\/","title":{"rendered":"Jobba hos oss"},"content":{"rendered":"<div class=\"wpb-content-wrapper\"><p>[vc_row][vc_column][vc_single_image image=&#8221;1495&#8243; img_size=&#8221;1110 x 300&#8243; alignment=&#8221;center&#8221; style=&#8221;vc_box_rounded&#8221; css=&#8221;&#8221;][vc_column_text css=&#8221;&#8221;]<\/p>\n<h1>Jobba hos oss<\/h1>\n<p>[\/vc_column_text][vc_column_text css=&#8221;&#8221;]P\u00e5 \u00c5rsta 4H-g\u00e5rd s\u00f6ker vi regelbundet ungdomar som vill vara med och utveckla 4H samt bli en del av den h\u00e4rliga gemenskapen h\u00e4r. Det \u00e4r viktigt att du tycker om att arbeta med m\u00e4nniskor, s\u00e4rskilt barn och unga i \u00e5ldrarna 6\u201325 \u00e5r, d\u00e5 det \u00e4r v\u00e5r huvudsakliga m\u00e5lgrupp. Som medarbetare hos oss kommer du dagligen att m\u00f6ta m\u00e4nniskor, antingen i form av barn och unga som deltar i l\u00e4ger och kurser, eller som bes\u00f6kare till g\u00e5rden.[\/vc_column_text][\/vc_column][\/vc_row][vc_row][vc_column][vc_separator color=&#8221;turquoise&#8221; css=&#8221;&#8221;][\/vc_column][\/vc_row][vc_row][vc_column][vc_column_text css=&#8221;&#8221;]<\/p>\n<h2 style=\"text-align: left;\">Lediga tj\u00e4nster<\/h2>\n<p>[\/vc_column_text][\/vc_column][\/vc_row][vc_row full_width=&#8221;stretch_row&#8221;][vc_column][vc_tta_tour style=&#8221;modern&#8221; color=&#8221;peacoc&#8221; spacing=&#8221;5&#8243; gap=&#8221;5&#8243; active_section=&#8221;1&#8243;][vc_tta_section title=&#8221;L\u00e4gerledare&#8221; tab_id=&#8221;1769783647994-4b1942a6-ece9&#8243;][vc_row_inner][vc_column_inner width=&#8221;1\/2&#8243;][vc_column_text css=&#8221;&#8221;]<\/p>\n<div class=\"wpb_text_column wpb_content_element\">\n<div class=\"wpb_wrapper\">\n<h3>L\u00e4gerledare \u2013 sommaren 2026<\/h3>\n<h4>Vill du jobba som l\u00e4gerledare hos Uppsala 4H sommaren 2026?<\/h4>\n<p data-start=\"204\" data-end=\"466\">Dr\u00f6mmer du om en sommar fylld av skratt, \u00e4ventyr och nya upplevelser? Som l\u00e4gerledare hos Uppsala 4H f\u00e5r du chansen att skapa meningsfull fritid f\u00f6r barn och unga \u2013 samtidigt som du sj\u00e4lv f\u00e5r en sommar full av gemenskap, l\u00e4rande och h\u00e4rliga utomhusupplevelser.<\/p>\n<p data-start=\"468\" data-end=\"855\">Hos oss kombinerar du lek, kreativitet och pedagogik med djur- och friluftsliv. Du f\u00e5r arbeta n\u00e4ra b\u00e5de natur och djur, leda aktiviteter och vara en trygg vuxen som inspirerar barn och ungdomar att uppt\u00e4cka och l\u00e4ra. Det \u00e4r mer \u00e4n ett sommarjobb \u2013 det \u00e4r en chans att g\u00f6ra skillnad, bygga minnen och v\u00e4xa tillsammans med kollegor som delar din passion.<\/p>\n<p data-start=\"857\" data-end=\"956\">\u00c4r du redo f\u00f6r sommarjobb som l\u00e4gerledare hos 4H i Uppsala?<\/p>\n<p data-start=\"857\" data-end=\"956\">\n<\/div>\n<\/div>\n<h4 data-start=\"857\" data-end=\"956\">\ud83c\udf40Fr\u00e5n 13 \u00e5r och upp\u00e5t<\/h4>\n<div class=\"wpb_text_column wpb_content_element\">\n<h4 data-start=\"857\" data-end=\"956\">\ud83c\udf40Ans\u00f6kan st\u00e4nger 31 mars<\/h4>\n<\/div>\n<p>[\/vc_column_text][vc_btn title=&#8221;Skicka in din ans\u00f6kan till l\u00e4gerledare h\u00e4r&#8221; style=&#8221;3d&#8221; color=&#8221;peacoc&#8221; align=&#8221;center&#8221; i_icon_fontawesome=&#8221;fa fa-solid fa-file-pen&#8221; css=&#8221;&#8221; button_block=&#8221;true&#8221; add_icon=&#8221;true&#8221; link=&#8221;url:https%3A%2F%2Fantribe.com%2Forg%2F4h%2F4h-i-uppsala%2Fevent%2Fansokan-om-sommarjobb-2026|target:_blank&#8221;][\/vc_column_inner][vc_column_inner width=&#8221;1\/2&#8243;][vc_single_image image=&#8221;1495&#8243; img_size=&#8221;550&#215;570&#8243; style=&#8221;vc_box_rounded&#8221; css=&#8221;&#8221;][\/vc_column_inner][\/vc_row_inner][\/vc_tta_section][vc_tta_section title=&#8221;Helgsk\u00f6tare&#8221; tab_id=&#8221;1769783671260-59c143c8-45b6&#8243;][vc_row_inner][vc_column_inner width=&#8221;1\/2&#8243;][vc_column_text css=&#8221;&#8221;]<\/p>\n<h3>Helgsk\u00f6tare<\/h3>\n<p><strong>Vill du ha l\u00e4rorikt helgjobb? Bli helgsk\u00f6tare hos oss!<\/strong><\/p>\n<p>Som helgpersonal hos oss ansvarar du f\u00f6r den dagliga omv\u00e5rdnaden av g\u00e5rdens djur. Du spelar ocks\u00e5 en viktig roll som representant f\u00f6r 4H och v\u00e4lkomnar g\u00e5rdens bes\u00f6kare. Du kommer \u00e4ven h\u00e5lla i en aktivitet f\u00f6r barn och unga och delar med dig av kunskap om djuren. F\u00f6r att arbeta hos oss som helgpersonal m\u00e5ste du vara minst 18 \u00e5r.[\/vc_column_text][vc_toggle title=&#8221;KRAV&#8221; style=&#8221;rounded&#8221; color=&#8221;peacoc&#8221; open=&#8221;true&#8221; css=&#8221;&#8221;]<\/p>\n<ul>\n<li>\u00c4r \u00f6ver 18 \u00e5r<\/li>\n<li>\u00c4r ansvarsfull och sj\u00e4lvst\u00e4ndig<\/li>\n<li>Har ett trevligt bem\u00f6tande<\/li>\n<\/ul>\n<p>&nbsp;[\/vc_toggle][vc_toggle title=&#8221;MERITERANDE&#8221; style=&#8221;rounded&#8221; color=&#8221;peacoc&#8221; open=&#8221;true&#8221; css=&#8221;&#8221;]<\/p>\n<ul>\n<li>Djur- och h\u00e4stvana<\/li>\n<li>Erfarenhet av att arbeta med barn<\/li>\n<\/ul>\n<p>[\/vc_toggle][vc_btn title=&#8221;Skicka in din ans\u00f6kan till helgsk\u00f6tare h\u00e4r&#8221; style=&#8221;3d&#8221; color=&#8221;peacoc&#8221; align=&#8221;center&#8221; i_icon_fontawesome=&#8221;fa fa-solid fa-file-pen&#8221; css=&#8221;&#8221; button_block=&#8221;true&#8221; add_icon=&#8221;true&#8221; link=&#8221;url:https%3A%2F%2Fwww.antribe.com%2Forg%2F4h%2F4h-i-uppsala%2Fevent%2Fansokan-helgskotare&#8221;][\/vc_column_inner][vc_column_inner width=&#8221;1\/2&#8243;][vc_single_image image=&#8221;1785&#8243; img_size=&#8221;550&#215;650&#8243; style=&#8221;vc_box_rounded&#8221; css=&#8221;&#8221;][\/vc_column_inner][\/vc_row_inner][\/vc_tta_section][\/vc_tta_tour][\/vc_column][\/vc_row]<\/p>\n<\/div>","protected":false},"excerpt":{"rendered":"<p>[vc_row][vc_column][vc_single_image image=&#8221;1495&#8243; img_size=&#8221;1110 x 300&#8243; alignment=&#8221;center&#8221; style=&#8221;vc_box_rounded&#8221; css=&#8221;&#8221;][vc_column_text css=&#8221;&#8221;] Jobba hos oss [\/vc_column_text][vc_column_text css=&#8221;&#8221;]P\u00e5 \u00c5rsta 4H-g\u00e5rd s\u00f6ker vi regelbundet ungdomar som vill vara med och utveckla 4H samt bli en del av den h\u00e4rliga gemenskapen h\u00e4r. Det \u00e4r viktigt att du tycker om att arbeta med m\u00e4nniskor, s\u00e4rskilt barn och unga i \u00e5ldrarna 6\u201325 \u00e5r,&nbsp; <a href=\"https:\/\/www.4h.se\/arsta\/jobba-hos-oss\/\">&hellip; Read more <i class=\"glyphicon glyphicon-arrow-right\"><\/i><\/a><\/p>\n","protected":false},"author":83,"featured_media":0,"parent":0,"menu_order":0,"comment_status":"closed","ping_status":"closed","template":"","meta":{"footnotes":""},"class_list":["post-404","page","type-page","status-publish","hentry"],"yoast_head":"<!-- This site is optimized with the Yoast SEO plugin v27.4 - https:\/\/yoast.com\/product\/yoast-seo-wordpress\/ -->\n<title>Jobba hos oss - \u00c5rsta 4H-g\u00e5rd<\/title>\n<meta name=\"robots\" content=\"index, follow, max-snippet:-1, max-image-preview:large, max-video-preview:-1\" \/>\n<link rel=\"canonical\" href=\"https:\/\/www.4h.se\/arsta\/jobba-hos-oss\/\" \/>\n<meta property=\"og:locale\" content=\"sv_SE\" \/>\n<meta property=\"og:type\" content=\"article\" \/>\n<meta property=\"og:title\" content=\"Jobba hos oss - \u00c5rsta 4H-g\u00e5rd\" \/>\n<meta property=\"og:description\" content=\"[vc_row][vc_column][vc_single_image image=&#8221;1495&#8243; img_size=&#8221;1110 x 300&#8243; alignment=&#8221;center&#8221; style=&#8221;vc_box_rounded&#8221; css=&#8221;&#8221;][vc_column_text css=&#8221;&#8221;] Jobba hos oss [\/vc_column_text][vc_column_text css=&#8221;&#8221;]P\u00e5 \u00c5rsta 4H-g\u00e5rd s\u00f6ker vi regelbundet ungdomar som vill vara med och utveckla 4H samt bli en del av den h\u00e4rliga gemenskapen h\u00e4r. Det \u00e4r viktigt att du tycker om att arbeta med m\u00e4nniskor, s\u00e4rskilt barn och unga i \u00e5ldrarna 6\u201325 \u00e5r,&nbsp; &hellip; Read more\" \/>\n<meta property=\"og:url\" content=\"https:\/\/www.4h.se\/arsta\/jobba-hos-oss\/\" \/>\n<meta property=\"og:site_name\" content=\"\u00c5rsta 4H-g\u00e5rd\" \/>\n<meta property=\"article:publisher\" content=\"https:\/\/www.facebook.com\/arsta4H\/\" \/>\n<meta property=\"article:modified_time\" content=\"2026-01-30T14:36:29+00:00\" \/>\n<meta name=\"twitter:card\" content=\"summary_large_image\" \/>\n<meta name=\"twitter:label1\" content=\"Ber\u00e4knad l\u00e4stid\" \/>\n\t<meta name=\"twitter:data1\" content=\"3 minuter\" \/>\n<script type=\"application\/ld+json\" class=\"yoast-schema-graph\">{\"@context\":\"https:\\\/\\\/schema.org\",\"@graph\":[{\"@type\":\"WebPage\",\"@id\":\"https:\\\/\\\/www.4h.se\\\/arsta\\\/jobba-hos-oss\\\/\",\"url\":\"https:\\\/\\\/www.4h.se\\\/arsta\\\/jobba-hos-oss\\\/\",\"name\":\"Jobba hos oss - \u00c5rsta 4H-g\u00e5rd\",\"isPartOf\":{\"@id\":\"https:\\\/\\\/www.4h.se\\\/arsta\\\/#website\"},\"datePublished\":\"2017-01-28T21:01:11+00:00\",\"dateModified\":\"2026-01-30T14:36:29+00:00\",\"breadcrumb\":{\"@id\":\"https:\\\/\\\/www.4h.se\\\/arsta\\\/jobba-hos-oss\\\/#breadcrumb\"},\"inLanguage\":\"sv-SE\",\"potentialAction\":[{\"@type\":\"ReadAction\",\"target\":[\"https:\\\/\\\/www.4h.se\\\/arsta\\\/jobba-hos-oss\\\/\"]}]},{\"@type\":\"BreadcrumbList\",\"@id\":\"https:\\\/\\\/www.4h.se\\\/arsta\\\/jobba-hos-oss\\\/#breadcrumb\",\"itemListElement\":[{\"@type\":\"ListItem\",\"position\":1,\"name\":\"Hem\",\"item\":\"https:\\\/\\\/www.4h.se\\\/arsta\\\/\"},{\"@type\":\"ListItem\",\"position\":2,\"name\":\"Jobba hos oss\"}]},{\"@type\":\"WebSite\",\"@id\":\"https:\\\/\\\/www.4h.se\\\/arsta\\\/#website\",\"url\":\"https:\\\/\\\/www.4h.se\\\/arsta\\\/\",\"name\":\"\u00c5rsta 4H-g\u00e5rd\",\"description\":\"L\u00e4ra genom att g\u00f6ra\",\"potentialAction\":[{\"@type\":\"SearchAction\",\"target\":{\"@type\":\"EntryPoint\",\"urlTemplate\":\"https:\\\/\\\/www.4h.se\\\/arsta\\\/?s={search_term_string}\"},\"query-input\":{\"@type\":\"PropertyValueSpecification\",\"valueRequired\":true,\"valueName\":\"search_term_string\"}}],\"inLanguage\":\"sv-SE\"}]}<\/script>\n<!-- \/ Yoast SEO plugin. -->","yoast_head_json":{"title":"Jobba hos oss - \u00c5rsta 4H-g\u00e5rd","robots":{"index":"index","follow":"follow","max-snippet":"max-snippet:-1","max-image-preview":"max-image-preview:large","max-video-preview":"max-video-preview:-1"},"canonical":"https:\/\/www.4h.se\/arsta\/jobba-hos-oss\/","og_locale":"sv_SE","og_type":"article","og_title":"Jobba hos oss - \u00c5rsta 4H-g\u00e5rd","og_description":"[vc_row][vc_column][vc_single_image image=&#8221;1495&#8243; img_size=&#8221;1110 x 300&#8243; alignment=&#8221;center&#8221; style=&#8221;vc_box_rounded&#8221; css=&#8221;&#8221;][vc_column_text css=&#8221;&#8221;] Jobba hos oss [\/vc_column_text][vc_column_text css=&#8221;&#8221;]P\u00e5 \u00c5rsta 4H-g\u00e5rd s\u00f6ker vi regelbundet ungdomar som vill vara med och utveckla 4H samt bli en del av den h\u00e4rliga gemenskapen h\u00e4r. Det \u00e4r viktigt att du tycker om att arbeta med m\u00e4nniskor, s\u00e4rskilt barn och unga i \u00e5ldrarna 6\u201325 \u00e5r,&nbsp; &hellip; Read more","og_url":"https:\/\/www.4h.se\/arsta\/jobba-hos-oss\/","og_site_name":"\u00c5rsta 4H-g\u00e5rd","article_publisher":"https:\/\/www.facebook.com\/arsta4H\/","article_modified_time":"2026-01-30T14:36:29+00:00","twitter_card":"summary_large_image","twitter_misc":{"Ber\u00e4knad l\u00e4stid":"3 minuter"},"schema":{"@context":"https:\/\/schema.org","@graph":[{"@type":"WebPage","@id":"https:\/\/www.4h.se\/arsta\/jobba-hos-oss\/","url":"https:\/\/www.4h.se\/arsta\/jobba-hos-oss\/","name":"Jobba hos oss - \u00c5rsta 4H-g\u00e5rd","isPartOf":{"@id":"https:\/\/www.4h.se\/arsta\/#website"},"datePublished":"2017-01-28T21:01:11+00:00","dateModified":"2026-01-30T14:36:29+00:00","breadcrumb":{"@id":"https:\/\/www.4h.se\/arsta\/jobba-hos-oss\/#breadcrumb"},"inLanguage":"sv-SE","potentialAction":[{"@type":"ReadAction","target":["https:\/\/www.4h.se\/arsta\/jobba-hos-oss\/"]}]},{"@type":"BreadcrumbList","@id":"https:\/\/www.4h.se\/arsta\/jobba-hos-oss\/#breadcrumb","itemListElement":[{"@type":"ListItem","position":1,"name":"Hem","item":"https:\/\/www.4h.se\/arsta\/"},{"@type":"ListItem","position":2,"name":"Jobba hos oss"}]},{"@type":"WebSite","@id":"https:\/\/www.4h.se\/arsta\/#website","url":"https:\/\/www.4h.se\/arsta\/","name":"\u00c5rsta 4H-g\u00e5rd","description":"L\u00e4ra genom att g\u00f6ra","potentialAction":[{"@type":"SearchAction","target":{"@type":"EntryPoint","urlTemplate":"https:\/\/www.4h.se\/arsta\/?s={search_term_string}"},"query-input":{"@type":"PropertyValueSpecification","valueRequired":true,"valueName":"search_term_string"}}],"inLanguage":"sv-SE"}]}},"_links":{"self":[{"href":"https:\/\/www.4h.se\/arsta\/wp-json\/wp\/v2\/pages\/404","targetHints":{"allow":["GET"]}}],"collection":[{"href":"https:\/\/www.4h.se\/arsta\/wp-json\/wp\/v2\/pages"}],"about":[{"href":"https:\/\/www.4h.se\/arsta\/wp-json\/wp\/v2\/types\/page"}],"author":[{"embeddable":true,"href":"https:\/\/www.4h.se\/arsta\/wp-json\/wp\/v2\/users\/83"}],"replies":[{"embeddable":true,"href":"https:\/\/www.4h.se\/arsta\/wp-json\/wp\/v2\/comments?post=404"}],"version-history":[{"count":0,"href":"https:\/\/www.4h.se\/arsta\/wp-json\/wp\/v2\/pages\/404\/revisions"}],"wp:attachment":[{"href":"https:\/\/www.4h.se\/arsta\/wp-json\/wp\/v2\/media?parent=404"}],"curies":[{"name":"wp","href":"https:\/\/api.w.org\/{rel}","templated":true}]}}