



{"id":1526,"date":"2020-02-27T17:22:34","date_gmt":"2020-02-27T16:22:34","guid":{"rendered":"https:\/\/www.4h.se\/almvik\/?page_id=1526"},"modified":"2026-04-19T19:43:52","modified_gmt":"2026-04-19T17:43:52","slug":"sportlov","status":"publish","type":"page","link":"https:\/\/www.4h.se\/almvik\/sportlov\/","title":{"rendered":"Sportlov"},"content":{"rendered":"<div class=\"wpb-content-wrapper\"><p>[vc_row][vc_column][vc_column_text css=&#8221;&#8221;]<\/p>\n<h2 align=\"center\"><span style=\"color: #008000;\"><strong>SPORTLOV 2026<\/strong><\/span><\/h2>\n<p>&nbsp;<\/p>\n<p>&nbsp;<\/p>\n<h2><span style=\"color: #008000;\"><strong>Info och Anm\u00e4lan till <em>Sportlovsl\u00e4ger<\/em> g\u00f6rs via <a href=\"https:\/\/www.antribe.com\/org\/4h\/almviks-4h\/event\" target=\"_blank\" rel=\"noopener\">Antribe<\/a>.<\/strong><\/span><\/h2>\n<p><span style=\"color: #339966;\"><strong>Anm\u00e4lan \u00e4r st\u00e4ngd.<\/strong><\/span><\/p>\n<div class=\"col-md-8\">\n<div>\n<p>&nbsp;<\/p>\n<p>&nbsp;<\/p>\n<p><b>SPORTLOVSL\u00c4GER&nbsp;<\/b><\/p>\n<p>Detta l\u00e4gret \u00e4r endast f\u00f6r medlemmar. \u00c4r man inte medlem tillkommer en medlemsavgift p\u00e5 350 kr som str\u00e4cker sig \u00e5ret ut. Barnet f\u00e5r endast vara med p\u00e5 ett \u201dSportlovsl\u00e4ger\u201d under Sportlovsveckan.<\/p>\n<p>P\u00e5 ett 4H-g\u00e5rdsl\u00e4ger sk\u00f6ter vi om djuren p\u00e5 g\u00e5rden; h\u00e4star, kor, f\u00e5r, getter, grisar, kaniner och h\u00f6ns. Vi mockar, lagar mat, leker olika lekar och pysslar om djuren m.m.<\/p>\n<p>&nbsp;<\/p>\n<p><strong>DAGAR:<\/strong> M\u00e5ndag &#8211; Tisdag kl 9:00-15:00 ELLER Onsdag &#8211; Torsdag kl 9:00-15:00<\/p>\n<p><strong>PLATS:<\/strong>&nbsp;I 4H-ladan och i stallet (utomhus)<\/p>\n<p><strong>\u00c5LDER:<\/strong> 7 \u00e5r och upp\u00e5t (det \u00e5ret man blir 7 \u00e5r)<\/p>\n<p><strong>MAT:<\/strong> Lunch och mellanm\u00e5l ing\u00e5r<\/p>\n<p><strong>KL\u00c4DSEL:<\/strong>&nbsp;O\u00f6mma kl\u00e4der och ev. regnkl\u00e4der, samt kraftiga skor eller gummist\u00f6vlar rekommenderas. Vi kommer vara ute mycket.<\/p>\n<p><strong>KOSTNAD:<\/strong> 300 kr\/l\u00e4ger<\/p>\n<p><i>Om du inte redan \u00e4r medlem tillkommer kostnad p\u00e5 350 kr f\u00f6r medlemskap 2026. Separat faktura mailas ut vid anm\u00e4lan.<\/i><\/p>\n<p><i>Medlemskap och aktivitetsavgifter kan numera betalas via Fritidskortet. F\u00f6r mer info l\u00e4s h\u00e4r;&nbsp;<\/i><i>https:\/\/fritidskortet.se\/<\/i><i><br \/>\n<\/i><\/p>\n<p>&nbsp;<\/p>\n<\/div>\n<\/div>\n<div>\n<p>&nbsp;<\/p>\n<p>&nbsp;<\/p>\n<p>&nbsp;<\/p>\n<p>&nbsp;<\/p>\n<p>&nbsp;<\/p>\n<\/div>\n<div class=\"col-md-4\">\n<div class=\"row\">\n<div class=\"col-md-12 mb-3\"><\/div>\n<\/div>\n<\/div>\n<p>&nbsp;<\/p>\n<p>&nbsp;<\/p>\n<p>&nbsp;[\/vc_column_text][\/vc_column][\/vc_row]<\/p>\n<\/div>","protected":false},"excerpt":{"rendered":"<p>[vc_row][vc_column][vc_column_text css=&#8221;&#8221;] SPORTLOV 2026 &nbsp; &nbsp; Info och Anm\u00e4lan till Sportlovsl\u00e4ger g\u00f6rs via Antribe. Anm\u00e4lan \u00e4r st\u00e4ngd. &nbsp; &nbsp; SPORTLOVSL\u00c4GER&nbsp; Detta l\u00e4gret \u00e4r endast f\u00f6r medlemmar. \u00c4r man inte medlem tillkommer en medlemsavgift p\u00e5 350 kr som str\u00e4cker sig \u00e5ret ut. Barnet f\u00e5r endast vara med p\u00e5 ett \u201dSportlovsl\u00e4ger\u201d under Sportlovsveckan. P\u00e5 ett 4H-g\u00e5rdsl\u00e4ger sk\u00f6ter&nbsp; <a href=\"https:\/\/www.4h.se\/almvik\/sportlov\/\">&hellip; Read more <i class=\"glyphicon glyphicon-arrow-right\"><\/i><\/a><\/p>\n","protected":false},"author":61,"featured_media":0,"parent":0,"menu_order":0,"comment_status":"closed","ping_status":"closed","template":"","meta":{"_acf_changed":false,"footnotes":""},"class_list":["post-1526","page","type-page","status-publish","hentry"],"acf":[],"yoast_head":"<!-- This site is optimized with the Yoast SEO plugin v27.4 - https:\/\/yoast.com\/product\/yoast-seo-wordpress\/ -->\n<title>Sportlov - Almviks 4H-g\u00e5rd<\/title>\n<meta name=\"robots\" content=\"index, follow, max-snippet:-1, max-image-preview:large, max-video-preview:-1\" \/>\n<link rel=\"canonical\" href=\"https:\/\/www.4h.se\/almvik\/sportlov\/\" \/>\n<meta property=\"og:locale\" content=\"sv_SE\" \/>\n<meta property=\"og:type\" content=\"article\" \/>\n<meta property=\"og:title\" content=\"Sportlov - Almviks 4H-g\u00e5rd\" \/>\n<meta property=\"og:description\" content=\"[vc_row][vc_column][vc_column_text css=&#8221;&#8221;] SPORTLOV 2026 &nbsp; &nbsp; Info och Anm\u00e4lan till Sportlovsl\u00e4ger g\u00f6rs via Antribe. Anm\u00e4lan \u00e4r st\u00e4ngd. &nbsp; &nbsp; SPORTLOVSL\u00c4GER&nbsp; Detta l\u00e4gret \u00e4r endast f\u00f6r medlemmar. \u00c4r man inte medlem tillkommer en medlemsavgift p\u00e5 350 kr som str\u00e4cker sig \u00e5ret ut. Barnet f\u00e5r endast vara med p\u00e5 ett \u201dSportlovsl\u00e4ger\u201d under Sportlovsveckan. P\u00e5 ett 4H-g\u00e5rdsl\u00e4ger sk\u00f6ter&nbsp; &hellip; Read more\" \/>\n<meta property=\"og:url\" content=\"https:\/\/www.4h.se\/almvik\/sportlov\/\" \/>\n<meta property=\"og:site_name\" content=\"Almviks 4H-g\u00e5rd\" \/>\n<meta property=\"article:publisher\" content=\"https:\/\/www.facebook.com\/Almviks4Hgard\/\" \/>\n<meta property=\"article:modified_time\" content=\"2026-04-19T17:43:52+00:00\" \/>\n<meta name=\"twitter:card\" content=\"summary_large_image\" \/>\n<meta name=\"twitter:label1\" content=\"Ber\u00e4knad l\u00e4stid\" \/>\n\t<meta name=\"twitter:data1\" content=\"1 minut\" \/>\n<script type=\"application\/ld+json\" class=\"yoast-schema-graph\">{\"@context\":\"https:\\\/\\\/schema.org\",\"@graph\":[{\"@type\":\"WebPage\",\"@id\":\"https:\\\/\\\/www.4h.se\\\/almvik\\\/sportlov\\\/\",\"url\":\"https:\\\/\\\/www.4h.se\\\/almvik\\\/sportlov\\\/\",\"name\":\"Sportlov - Almviks 4H-g\u00e5rd\",\"isPartOf\":{\"@id\":\"https:\\\/\\\/www.4h.se\\\/almvik\\\/#website\"},\"datePublished\":\"2020-02-27T16:22:34+00:00\",\"dateModified\":\"2026-04-19T17:43:52+00:00\",\"breadcrumb\":{\"@id\":\"https:\\\/\\\/www.4h.se\\\/almvik\\\/sportlov\\\/#breadcrumb\"},\"inLanguage\":\"sv-SE\",\"potentialAction\":[{\"@type\":\"ReadAction\",\"target\":[\"https:\\\/\\\/www.4h.se\\\/almvik\\\/sportlov\\\/\"]}]},{\"@type\":\"BreadcrumbList\",\"@id\":\"https:\\\/\\\/www.4h.se\\\/almvik\\\/sportlov\\\/#breadcrumb\",\"itemListElement\":[{\"@type\":\"ListItem\",\"position\":1,\"name\":\"Hem\",\"item\":\"https:\\\/\\\/www.4h.se\\\/almvik\\\/\"},{\"@type\":\"ListItem\",\"position\":2,\"name\":\"Sportlov\"}]},{\"@type\":\"WebSite\",\"@id\":\"https:\\\/\\\/www.4h.se\\\/almvik\\\/#website\",\"url\":\"https:\\\/\\\/www.4h.se\\\/almvik\\\/\",\"name\":\"Almviks 4H-g\u00e5rd\",\"description\":\"\",\"potentialAction\":[{\"@type\":\"SearchAction\",\"target\":{\"@type\":\"EntryPoint\",\"urlTemplate\":\"https:\\\/\\\/www.4h.se\\\/almvik\\\/?s={search_term_string}\"},\"query-input\":{\"@type\":\"PropertyValueSpecification\",\"valueRequired\":true,\"valueName\":\"search_term_string\"}}],\"inLanguage\":\"sv-SE\"}]}<\/script>\n<!-- \/ Yoast SEO plugin. -->","yoast_head_json":{"title":"Sportlov - Almviks 4H-g\u00e5rd","robots":{"index":"index","follow":"follow","max-snippet":"max-snippet:-1","max-image-preview":"max-image-preview:large","max-video-preview":"max-video-preview:-1"},"canonical":"https:\/\/www.4h.se\/almvik\/sportlov\/","og_locale":"sv_SE","og_type":"article","og_title":"Sportlov - Almviks 4H-g\u00e5rd","og_description":"[vc_row][vc_column][vc_column_text css=&#8221;&#8221;] SPORTLOV 2026 &nbsp; &nbsp; Info och Anm\u00e4lan till Sportlovsl\u00e4ger g\u00f6rs via Antribe. Anm\u00e4lan \u00e4r st\u00e4ngd. &nbsp; &nbsp; SPORTLOVSL\u00c4GER&nbsp; Detta l\u00e4gret \u00e4r endast f\u00f6r medlemmar. \u00c4r man inte medlem tillkommer en medlemsavgift p\u00e5 350 kr som str\u00e4cker sig \u00e5ret ut. Barnet f\u00e5r endast vara med p\u00e5 ett \u201dSportlovsl\u00e4ger\u201d under Sportlovsveckan. P\u00e5 ett 4H-g\u00e5rdsl\u00e4ger sk\u00f6ter&nbsp; &hellip; Read more","og_url":"https:\/\/www.4h.se\/almvik\/sportlov\/","og_site_name":"Almviks 4H-g\u00e5rd","article_publisher":"https:\/\/www.facebook.com\/Almviks4Hgard\/","article_modified_time":"2026-04-19T17:43:52+00:00","twitter_card":"summary_large_image","twitter_misc":{"Ber\u00e4knad l\u00e4stid":"1 minut"},"schema":{"@context":"https:\/\/schema.org","@graph":[{"@type":"WebPage","@id":"https:\/\/www.4h.se\/almvik\/sportlov\/","url":"https:\/\/www.4h.se\/almvik\/sportlov\/","name":"Sportlov - Almviks 4H-g\u00e5rd","isPartOf":{"@id":"https:\/\/www.4h.se\/almvik\/#website"},"datePublished":"2020-02-27T16:22:34+00:00","dateModified":"2026-04-19T17:43:52+00:00","breadcrumb":{"@id":"https:\/\/www.4h.se\/almvik\/sportlov\/#breadcrumb"},"inLanguage":"sv-SE","potentialAction":[{"@type":"ReadAction","target":["https:\/\/www.4h.se\/almvik\/sportlov\/"]}]},{"@type":"BreadcrumbList","@id":"https:\/\/www.4h.se\/almvik\/sportlov\/#breadcrumb","itemListElement":[{"@type":"ListItem","position":1,"name":"Hem","item":"https:\/\/www.4h.se\/almvik\/"},{"@type":"ListItem","position":2,"name":"Sportlov"}]},{"@type":"WebSite","@id":"https:\/\/www.4h.se\/almvik\/#website","url":"https:\/\/www.4h.se\/almvik\/","name":"Almviks 4H-g\u00e5rd","description":"","potentialAction":[{"@type":"SearchAction","target":{"@type":"EntryPoint","urlTemplate":"https:\/\/www.4h.se\/almvik\/?s={search_term_string}"},"query-input":{"@type":"PropertyValueSpecification","valueRequired":true,"valueName":"search_term_string"}}],"inLanguage":"sv-SE"}]}},"_links":{"self":[{"href":"https:\/\/www.4h.se\/almvik\/wp-json\/wp\/v2\/pages\/1526","targetHints":{"allow":["GET"]}}],"collection":[{"href":"https:\/\/www.4h.se\/almvik\/wp-json\/wp\/v2\/pages"}],"about":[{"href":"https:\/\/www.4h.se\/almvik\/wp-json\/wp\/v2\/types\/page"}],"author":[{"embeddable":true,"href":"https:\/\/www.4h.se\/almvik\/wp-json\/wp\/v2\/users\/61"}],"replies":[{"embeddable":true,"href":"https:\/\/www.4h.se\/almvik\/wp-json\/wp\/v2\/comments?post=1526"}],"version-history":[{"count":0,"href":"https:\/\/www.4h.se\/almvik\/wp-json\/wp\/v2\/pages\/1526\/revisions"}],"wp:attachment":[{"href":"https:\/\/www.4h.se\/almvik\/wp-json\/wp\/v2\/media?parent=1526"}],"curies":[{"name":"wp","href":"https:\/\/api.w.org\/{rel}","templated":true}]}}