



{"id":418,"date":"2019-04-29T10:57:42","date_gmt":"2019-04-29T08:57:42","guid":{"rendered":"http:\/\/www.4h.se\/almhult\/?page_id=418"},"modified":"2020-08-24T13:18:59","modified_gmt":"2020-08-24T11:18:59","slug":"sommarlager","status":"publish","type":"page","link":"https:\/\/www.4h.se\/almhult\/sommarlager\/","title":{"rendered":"Sommarl\u00e4ger"},"content":{"rendered":"<div class=\"wpb-content-wrapper\"><p>[vc_row][vc_column width=&#8221;1\/2&#8243;][vc_column_text]<\/p>\n<h3><strong>Sommarl\u00e4ger p\u00e5\u00a0\u00c4lmhults\u00a04H-g\u00e5rd<\/strong><\/h3>\n<p>Under dagl\u00e4gret tar vi hand om g\u00e5rden d\u00e4r vi har kaniner, h\u00f6ns och f\u00e5r. Vi leker och tr\u00e4ffar\u00a0en massa nya kompisar med samma intresse.\u00a0Dessutom pysslar vi, bygger, leker och mycket annat skoj. Fika ing\u00e5r men alla har med sig egen lunchl\u00e5da.<\/p>\n<p>L\u00e4gertr\u00f6ja ing\u00e5r i priset.<\/p>\n<p>\u00c5lder fr\u00e5n det \u00e5ret deltagaren fyller 7 \u00e5r.<\/p>\n<p>&nbsp;<\/p>\n<p><a href=\"https:\/\/membersky.com\/org\/4h\/4h-i-kronoberg\/event\/sommarlager-pa-almhults-4h-gard-v-32\">\u00a0<\/a>[\/vc_column_text][\/vc_column][vc_column width=&#8221;1\/2&#8243;][vc_single_image image=&#8221;419&#8243; img_size=&#8221;500&#215;400&#8243;][\/vc_column][\/vc_row]<\/p>\n<\/div>","protected":false},"excerpt":{"rendered":"<p>[vc_row][vc_column width=&#8221;1\/2&#8243;][vc_column_text] Sommarl\u00e4ger p\u00e5\u00a0\u00c4lmhults\u00a04H-g\u00e5rd Under dagl\u00e4gret tar vi hand om g\u00e5rden d\u00e4r vi har kaniner, h\u00f6ns och f\u00e5r. Vi leker och tr\u00e4ffar\u00a0en massa nya kompisar med samma intresse.\u00a0Dessutom pysslar vi, bygger, leker och mycket annat skoj. Fika ing\u00e5r men alla har med sig egen lunchl\u00e5da. L\u00e4gertr\u00f6ja ing\u00e5r i priset. \u00c5lder fr\u00e5n det \u00e5ret deltagaren fyller&nbsp; <a href=\"https:\/\/www.4h.se\/almhult\/sommarlager\/\">&hellip; Read more <i class=\"glyphicon glyphicon-arrow-right\"><\/i><\/a><\/p>\n","protected":false},"author":85,"featured_media":0,"parent":0,"menu_order":0,"comment_status":"closed","ping_status":"closed","template":"","meta":{"_acf_changed":false,"footnotes":""},"class_list":["post-418","page","type-page","status-publish","hentry"],"acf":[],"yoast_head":"<!-- This site is optimized with the Yoast SEO plugin v27.5 - https:\/\/yoast.com\/product\/yoast-seo-wordpress\/ -->\n<title>Sommarl\u00e4ger - \u00c4lmhults 4H-g\u00e5rd<\/title>\n<meta name=\"robots\" content=\"index, follow, max-snippet:-1, max-image-preview:large, max-video-preview:-1\" \/>\n<link rel=\"canonical\" href=\"https:\/\/www.4h.se\/almhult\/sommarlager\/\" \/>\n<meta property=\"og:locale\" content=\"sv_SE\" \/>\n<meta property=\"og:type\" content=\"article\" \/>\n<meta property=\"og:title\" content=\"Sommarl\u00e4ger - \u00c4lmhults 4H-g\u00e5rd\" \/>\n<meta property=\"og:description\" content=\"[vc_row][vc_column width=&#8221;1\/2&#8243;][vc_column_text] Sommarl\u00e4ger p\u00e5\u00a0\u00c4lmhults\u00a04H-g\u00e5rd Under dagl\u00e4gret tar vi hand om g\u00e5rden d\u00e4r vi har kaniner, h\u00f6ns och f\u00e5r. Vi leker och tr\u00e4ffar\u00a0en massa nya kompisar med samma intresse.\u00a0Dessutom pysslar vi, bygger, leker och mycket annat skoj. Fika ing\u00e5r men alla har med sig egen lunchl\u00e5da. L\u00e4gertr\u00f6ja ing\u00e5r i priset. \u00c5lder fr\u00e5n det \u00e5ret deltagaren fyller&nbsp; &hellip; Read more\" \/>\n<meta property=\"og:url\" content=\"https:\/\/www.4h.se\/almhult\/sommarlager\/\" \/>\n<meta property=\"og:site_name\" content=\"\u00c4lmhults 4H-g\u00e5rd\" \/>\n<meta property=\"article:modified_time\" content=\"2020-08-24T11:18:59+00:00\" \/>\n<meta name=\"twitter:card\" content=\"summary_large_image\" \/>\n<meta name=\"twitter:label1\" content=\"Ber\u00e4knad l\u00e4stid\" \/>\n\t<meta name=\"twitter:data1\" content=\"1 minut\" \/>\n<script type=\"application\/ld+json\" class=\"yoast-schema-graph\">{\"@context\":\"https:\\\/\\\/schema.org\",\"@graph\":[{\"@type\":\"WebPage\",\"@id\":\"https:\\\/\\\/www.4h.se\\\/almhult\\\/sommarlager\\\/\",\"url\":\"https:\\\/\\\/www.4h.se\\\/almhult\\\/sommarlager\\\/\",\"name\":\"Sommarl\u00e4ger - \u00c4lmhults 4H-g\u00e5rd\",\"isPartOf\":{\"@id\":\"https:\\\/\\\/www.4h.se\\\/almhult\\\/#website\"},\"datePublished\":\"2019-04-29T08:57:42+00:00\",\"dateModified\":\"2020-08-24T11:18:59+00:00\",\"breadcrumb\":{\"@id\":\"https:\\\/\\\/www.4h.se\\\/almhult\\\/sommarlager\\\/#breadcrumb\"},\"inLanguage\":\"sv-SE\",\"potentialAction\":[{\"@type\":\"ReadAction\",\"target\":[\"https:\\\/\\\/www.4h.se\\\/almhult\\\/sommarlager\\\/\"]}]},{\"@type\":\"BreadcrumbList\",\"@id\":\"https:\\\/\\\/www.4h.se\\\/almhult\\\/sommarlager\\\/#breadcrumb\",\"itemListElement\":[{\"@type\":\"ListItem\",\"position\":1,\"name\":\"Hem\",\"item\":\"https:\\\/\\\/www.4h.se\\\/almhult\\\/\"},{\"@type\":\"ListItem\",\"position\":2,\"name\":\"Sommarl\u00e4ger\"}]},{\"@type\":\"WebSite\",\"@id\":\"https:\\\/\\\/www.4h.se\\\/almhult\\\/#website\",\"url\":\"https:\\\/\\\/www.4h.se\\\/almhult\\\/\",\"name\":\"\u00c4lmhults 4H-g\u00e5rd\",\"description\":\"\",\"potentialAction\":[{\"@type\":\"SearchAction\",\"target\":{\"@type\":\"EntryPoint\",\"urlTemplate\":\"https:\\\/\\\/www.4h.se\\\/almhult\\\/?s={search_term_string}\"},\"query-input\":{\"@type\":\"PropertyValueSpecification\",\"valueRequired\":true,\"valueName\":\"search_term_string\"}}],\"inLanguage\":\"sv-SE\"}]}<\/script>\n<!-- \/ Yoast SEO plugin. -->","yoast_head_json":{"title":"Sommarl\u00e4ger - \u00c4lmhults 4H-g\u00e5rd","robots":{"index":"index","follow":"follow","max-snippet":"max-snippet:-1","max-image-preview":"max-image-preview:large","max-video-preview":"max-video-preview:-1"},"canonical":"https:\/\/www.4h.se\/almhult\/sommarlager\/","og_locale":"sv_SE","og_type":"article","og_title":"Sommarl\u00e4ger - \u00c4lmhults 4H-g\u00e5rd","og_description":"[vc_row][vc_column width=&#8221;1\/2&#8243;][vc_column_text] Sommarl\u00e4ger p\u00e5\u00a0\u00c4lmhults\u00a04H-g\u00e5rd Under dagl\u00e4gret tar vi hand om g\u00e5rden d\u00e4r vi har kaniner, h\u00f6ns och f\u00e5r. Vi leker och tr\u00e4ffar\u00a0en massa nya kompisar med samma intresse.\u00a0Dessutom pysslar vi, bygger, leker och mycket annat skoj. Fika ing\u00e5r men alla har med sig egen lunchl\u00e5da. L\u00e4gertr\u00f6ja ing\u00e5r i priset. \u00c5lder fr\u00e5n det \u00e5ret deltagaren fyller&nbsp; &hellip; Read more","og_url":"https:\/\/www.4h.se\/almhult\/sommarlager\/","og_site_name":"\u00c4lmhults 4H-g\u00e5rd","article_modified_time":"2020-08-24T11:18:59+00:00","twitter_card":"summary_large_image","twitter_misc":{"Ber\u00e4knad l\u00e4stid":"1 minut"},"schema":{"@context":"https:\/\/schema.org","@graph":[{"@type":"WebPage","@id":"https:\/\/www.4h.se\/almhult\/sommarlager\/","url":"https:\/\/www.4h.se\/almhult\/sommarlager\/","name":"Sommarl\u00e4ger - \u00c4lmhults 4H-g\u00e5rd","isPartOf":{"@id":"https:\/\/www.4h.se\/almhult\/#website"},"datePublished":"2019-04-29T08:57:42+00:00","dateModified":"2020-08-24T11:18:59+00:00","breadcrumb":{"@id":"https:\/\/www.4h.se\/almhult\/sommarlager\/#breadcrumb"},"inLanguage":"sv-SE","potentialAction":[{"@type":"ReadAction","target":["https:\/\/www.4h.se\/almhult\/sommarlager\/"]}]},{"@type":"BreadcrumbList","@id":"https:\/\/www.4h.se\/almhult\/sommarlager\/#breadcrumb","itemListElement":[{"@type":"ListItem","position":1,"name":"Hem","item":"https:\/\/www.4h.se\/almhult\/"},{"@type":"ListItem","position":2,"name":"Sommarl\u00e4ger"}]},{"@type":"WebSite","@id":"https:\/\/www.4h.se\/almhult\/#website","url":"https:\/\/www.4h.se\/almhult\/","name":"\u00c4lmhults 4H-g\u00e5rd","description":"","potentialAction":[{"@type":"SearchAction","target":{"@type":"EntryPoint","urlTemplate":"https:\/\/www.4h.se\/almhult\/?s={search_term_string}"},"query-input":{"@type":"PropertyValueSpecification","valueRequired":true,"valueName":"search_term_string"}}],"inLanguage":"sv-SE"}]}},"_links":{"self":[{"href":"https:\/\/www.4h.se\/almhult\/wp-json\/wp\/v2\/pages\/418","targetHints":{"allow":["GET"]}}],"collection":[{"href":"https:\/\/www.4h.se\/almhult\/wp-json\/wp\/v2\/pages"}],"about":[{"href":"https:\/\/www.4h.se\/almhult\/wp-json\/wp\/v2\/types\/page"}],"author":[{"embeddable":true,"href":"https:\/\/www.4h.se\/almhult\/wp-json\/wp\/v2\/users\/85"}],"replies":[{"embeddable":true,"href":"https:\/\/www.4h.se\/almhult\/wp-json\/wp\/v2\/comments?post=418"}],"version-history":[{"count":0,"href":"https:\/\/www.4h.se\/almhult\/wp-json\/wp\/v2\/pages\/418\/revisions"}],"wp:attachment":[{"href":"https:\/\/www.4h.se\/almhult\/wp-json\/wp\/v2\/media?parent=418"}],"curies":[{"name":"wp","href":"https:\/\/api.w.org\/{rel}","templated":true}]}}