



{"id":752,"date":"2026-02-12T13:51:24","date_gmt":"2026-02-12T12:51:24","guid":{"rendered":"https:\/\/www.4h.se\/akalla\/?page_id=752"},"modified":"2026-02-12T14:46:17","modified_gmt":"2026-02-12T13:46:17","slug":"2026-2","status":"publish","type":"page","link":"https:\/\/www.4h.se\/akalla\/2026-2\/","title":{"rendered":"2026"},"content":{"rendered":"<div class=\"wpb-content-wrapper\"><p>[vc_row][vc_column width=&#8221;1\/2&#8243;][vc_column_text css=&#8221;&#8221;]<\/p>\n<h2><strong>\u00c5rets projekt<\/strong><\/h2>\n<p>Under 2026 driver vi tv\u00e5 projekt: \u201d Fritid p\u00e5 4H\u201d och \u201dL\u00e4ger p\u00e5 4H\u201d<\/p>\n<p>Vi vill att alla barn i stadsdelen ska f\u00e5 m\u00f6jlighet att komma i kontakt med djuren, v\u00e5r verksamhet och f\u00e5r en meningsfull fritid, d\u00e4rf\u00f6r driver vi dessa tv\u00e5 projekt.<\/p>\n<p>&nbsp;<\/p>\n<h3><strong>Fritid p\u00e5 4H<\/strong><\/h3>\n<p>Genom att erbjuda olika gratisaktiviteter med inriktning djur och natur b\u00e5de genom skola, fritidsaktiviteter och olika evenemangsdagar hoppas vi att vi ska n\u00e5 s\u00e5 m\u00e5nga barn som m\u00f6jligt i stadsdelen som annars inte haft m\u00f6jlighet att delta i v\u00e5ra aktiviteter. Vi kommer att ha kostnadsfria:<\/p>\n<ul>\n<li>Djursk\u00f6tarkurser<\/li>\n<li>Studiebes\u00f6k f\u00f6r f\u00f6rskola och skola<\/li>\n<li>Gratisaktiviteter p\u00e5 evenemangsdagar<\/li>\n<li>Ridterapi<\/li>\n<li>Ledarutveckling<\/li>\n<\/ul>\n<p><strong>Fritid p\u00e5 4H str\u00e4cker sig under hela 2026.&nbsp;<\/strong><\/p>\n<h3><strong>L\u00e4ger p\u00e5 4H<\/strong><\/h3>\n<p>Vi vill att barnen i v\u00e5r stadsdel ska f\u00e5 m\u00f6jlighet att g\u00e5 ett skollovsl\u00e4ger helt kostnadsfritt!<\/p>\n<ul>\n<li>Dagl\u00e4gret \u00e4r fr\u00e5n 7 \u00e5r<\/li>\n<li>Man f\u00e5r anm\u00e4la sig till en vecka\/person<\/li>\n<li>Genom fondmedel erbjuder vi gratis l\u00e4gerplats p\u00e5 en lovvecka.<\/li>\n<li>Barnen anm\u00e4ler sig via v\u00e5r aktivitetssida Antribe<\/li>\n<\/ul>\n<p><strong>L\u00e4ger p\u00e5 4H str\u00e4cker sig under hela 2026.&nbsp;<\/strong><\/p>\n<p>&nbsp;[\/vc_column_text][\/vc_column][vc_column width=&#8221;1\/2&#8243;][vc_column_text css=&#8221;&#8221;]<\/p>\n<h3>Bidragsgivare:<\/h3>\n<h4>Fritid p\u00e5 4H<\/h4>\n<p>\u00c5ke Wibergs Stiftelse<\/p>\n<p>Stiftelsen Maja &amp; J.P \u00c5hlen<\/p>\n<p>Oscar &amp; Maria Ekmans donationsfond<\/p>\n<p>Stiftelsen Ulf Lundahls Minnesfond<\/p>\n<p>Per Sk\u00e5rman Stiftelse<\/p>\n<p>Stiftelsen Sven Jerrings Fond<\/p>\n<p>&nbsp;<\/p>\n<h4>L\u00e4ger p\u00e5 4H<\/h4>\n<p>Stiftelsen Lars Hiertas Minne<\/p>\n<p>Stiftelsen Oscar Hirschs Minne<\/p>\n<p>Kungliga S\u00e4llskapet Pro Patria<\/p>\n<p>&nbsp;<\/p>\n<p><img loading=\"lazy\" decoding=\"async\" class=\"alignnone  wp-image-754\" src=\"https:\/\/www.4h.se\/akalla\/wp-content\/uploads\/sites\/109\/2026\/02\/DSC_0847-970x765.jpg\" alt=\"\" width=\"433\" height=\"341\" srcset=\"https:\/\/www.4h.se\/akalla\/wp-content\/uploads\/sites\/109\/2026\/02\/DSC_0847-970x765.jpg 970w, https:\/\/www.4h.se\/akalla\/wp-content\/uploads\/sites\/109\/2026\/02\/DSC_0847-380x300.jpg 380w, https:\/\/www.4h.se\/akalla\/wp-content\/uploads\/sites\/109\/2026\/02\/DSC_0847-170x134.jpg 170w, https:\/\/www.4h.se\/akalla\/wp-content\/uploads\/sites\/109\/2026\/02\/DSC_0847-768x606.jpg 768w, https:\/\/www.4h.se\/akalla\/wp-content\/uploads\/sites\/109\/2026\/02\/DSC_0847-1536x1212.jpg 1536w, https:\/\/www.4h.se\/akalla\/wp-content\/uploads\/sites\/109\/2026\/02\/DSC_0847-2048x1615.jpg 2048w\" sizes=\"auto, (max-width: 433px) 100vw, 433px\" \/>[\/vc_column_text][\/vc_column][\/vc_row]<\/p>\n<\/div>","protected":false},"excerpt":{"rendered":"<p>[vc_row][vc_column width=&#8221;1\/2&#8243;][vc_column_text css=&#8221;&#8221;] \u00c5rets projekt Under 2026 driver vi tv\u00e5 projekt: \u201d Fritid p\u00e5 4H\u201d och \u201dL\u00e4ger p\u00e5 4H\u201d Vi vill att alla barn i stadsdelen ska f\u00e5 m\u00f6jlighet att komma i kontakt med djuren, v\u00e5r verksamhet och f\u00e5r en meningsfull fritid, d\u00e4rf\u00f6r driver vi dessa tv\u00e5 projekt. &nbsp; Fritid p\u00e5 4H Genom att erbjuda&nbsp; <a href=\"https:\/\/www.4h.se\/akalla\/2026-2\/\">&hellip; Read more <i class=\"glyphicon glyphicon-arrow-right\"><\/i><\/a><\/p>\n","protected":false},"author":158,"featured_media":0,"parent":0,"menu_order":0,"comment_status":"closed","ping_status":"closed","template":"","meta":{"footnotes":""},"class_list":["post-752","page","type-page","status-publish","hentry"],"yoast_head":"<!-- This site is optimized with the Yoast SEO plugin v27.4 - https:\/\/yoast.com\/product\/yoast-seo-wordpress\/ -->\n<title>2026 - Akalla 4H-g\u00e5rd<\/title>\n<meta name=\"robots\" content=\"index, follow, max-snippet:-1, max-image-preview:large, max-video-preview:-1\" \/>\n<link rel=\"canonical\" href=\"https:\/\/www.4h.se\/akalla\/2026-2\/\" \/>\n<meta property=\"og:locale\" content=\"sv_SE\" \/>\n<meta property=\"og:type\" content=\"article\" \/>\n<meta property=\"og:title\" content=\"2026 - Akalla 4H-g\u00e5rd\" \/>\n<meta property=\"og:description\" content=\"[vc_row][vc_column width=&#8221;1\/2&#8243;][vc_column_text css=&#8221;&#8221;] \u00c5rets projekt Under 2026 driver vi tv\u00e5 projekt: \u201d Fritid p\u00e5 4H\u201d och \u201dL\u00e4ger p\u00e5 4H\u201d Vi vill att alla barn i stadsdelen ska f\u00e5 m\u00f6jlighet att komma i kontakt med djuren, v\u00e5r verksamhet och f\u00e5r en meningsfull fritid, d\u00e4rf\u00f6r driver vi dessa tv\u00e5 projekt. &nbsp; Fritid p\u00e5 4H Genom att erbjuda&nbsp; &hellip; Read more\" \/>\n<meta property=\"og:url\" content=\"https:\/\/www.4h.se\/akalla\/2026-2\/\" \/>\n<meta property=\"og:site_name\" content=\"Akalla 4H-g\u00e5rd\" \/>\n<meta property=\"article:modified_time\" content=\"2026-02-12T13:46:17+00:00\" \/>\n<meta property=\"og:image\" content=\"https:\/\/www.4h.se\/akalla\/wp-content\/uploads\/sites\/109\/2026\/02\/DSC_0847-scaled.jpg\" \/>\n\t<meta property=\"og:image:width\" content=\"2560\" \/>\n\t<meta property=\"og:image:height\" content=\"2019\" \/>\n\t<meta property=\"og:image:type\" content=\"image\/jpeg\" \/>\n<meta name=\"twitter:card\" content=\"summary_large_image\" \/>\n<script type=\"application\/ld+json\" class=\"yoast-schema-graph\">{\"@context\":\"https:\\\/\\\/schema.org\",\"@graph\":[{\"@type\":\"WebPage\",\"@id\":\"https:\\\/\\\/www.4h.se\\\/akalla\\\/2026-2\\\/\",\"url\":\"https:\\\/\\\/www.4h.se\\\/akalla\\\/2026-2\\\/\",\"name\":\"2026 - Akalla 4H-g\u00e5rd\",\"isPartOf\":{\"@id\":\"https:\\\/\\\/www.4h.se\\\/akalla\\\/#website\"},\"primaryImageOfPage\":{\"@id\":\"https:\\\/\\\/www.4h.se\\\/akalla\\\/2026-2\\\/#primaryimage\"},\"image\":{\"@id\":\"https:\\\/\\\/www.4h.se\\\/akalla\\\/2026-2\\\/#primaryimage\"},\"thumbnailUrl\":\"https:\\\/\\\/www.4h.se\\\/akalla\\\/wp-content\\\/uploads\\\/sites\\\/109\\\/2026\\\/02\\\/DSC_0847-970x765.jpg\",\"datePublished\":\"2026-02-12T12:51:24+00:00\",\"dateModified\":\"2026-02-12T13:46:17+00:00\",\"breadcrumb\":{\"@id\":\"https:\\\/\\\/www.4h.se\\\/akalla\\\/2026-2\\\/#breadcrumb\"},\"inLanguage\":\"sv-SE\",\"potentialAction\":[{\"@type\":\"ReadAction\",\"target\":[\"https:\\\/\\\/www.4h.se\\\/akalla\\\/2026-2\\\/\"]}]},{\"@type\":\"ImageObject\",\"inLanguage\":\"sv-SE\",\"@id\":\"https:\\\/\\\/www.4h.se\\\/akalla\\\/2026-2\\\/#primaryimage\",\"url\":\"https:\\\/\\\/www.4h.se\\\/akalla\\\/wp-content\\\/uploads\\\/sites\\\/109\\\/2026\\\/02\\\/DSC_0847-scaled.jpg\",\"contentUrl\":\"https:\\\/\\\/www.4h.se\\\/akalla\\\/wp-content\\\/uploads\\\/sites\\\/109\\\/2026\\\/02\\\/DSC_0847-scaled.jpg\",\"width\":2560,\"height\":2019},{\"@type\":\"BreadcrumbList\",\"@id\":\"https:\\\/\\\/www.4h.se\\\/akalla\\\/2026-2\\\/#breadcrumb\",\"itemListElement\":[{\"@type\":\"ListItem\",\"position\":1,\"name\":\"Hem\",\"item\":\"https:\\\/\\\/www.4h.se\\\/akalla\\\/\"},{\"@type\":\"ListItem\",\"position\":2,\"name\":\"2026\"}]},{\"@type\":\"WebSite\",\"@id\":\"https:\\\/\\\/www.4h.se\\\/akalla\\\/#website\",\"url\":\"https:\\\/\\\/www.4h.se\\\/akalla\\\/\",\"name\":\"Akalla 4H-g\u00e5rd\",\"description\":\"L\u00e4ra genom att g\u00f6ra\",\"potentialAction\":[{\"@type\":\"SearchAction\",\"target\":{\"@type\":\"EntryPoint\",\"urlTemplate\":\"https:\\\/\\\/www.4h.se\\\/akalla\\\/?s={search_term_string}\"},\"query-input\":{\"@type\":\"PropertyValueSpecification\",\"valueRequired\":true,\"valueName\":\"search_term_string\"}}],\"inLanguage\":\"sv-SE\"}]}<\/script>\n<!-- \/ Yoast SEO plugin. -->","yoast_head_json":{"title":"2026 - Akalla 4H-g\u00e5rd","robots":{"index":"index","follow":"follow","max-snippet":"max-snippet:-1","max-image-preview":"max-image-preview:large","max-video-preview":"max-video-preview:-1"},"canonical":"https:\/\/www.4h.se\/akalla\/2026-2\/","og_locale":"sv_SE","og_type":"article","og_title":"2026 - Akalla 4H-g\u00e5rd","og_description":"[vc_row][vc_column width=&#8221;1\/2&#8243;][vc_column_text css=&#8221;&#8221;] \u00c5rets projekt Under 2026 driver vi tv\u00e5 projekt: \u201d Fritid p\u00e5 4H\u201d och \u201dL\u00e4ger p\u00e5 4H\u201d Vi vill att alla barn i stadsdelen ska f\u00e5 m\u00f6jlighet att komma i kontakt med djuren, v\u00e5r verksamhet och f\u00e5r en meningsfull fritid, d\u00e4rf\u00f6r driver vi dessa tv\u00e5 projekt. &nbsp; Fritid p\u00e5 4H Genom att erbjuda&nbsp; &hellip; Read more","og_url":"https:\/\/www.4h.se\/akalla\/2026-2\/","og_site_name":"Akalla 4H-g\u00e5rd","article_modified_time":"2026-02-12T13:46:17+00:00","og_image":[{"width":2560,"height":2019,"url":"https:\/\/www.4h.se\/akalla\/wp-content\/uploads\/sites\/109\/2026\/02\/DSC_0847-scaled.jpg","type":"image\/jpeg"}],"twitter_card":"summary_large_image","schema":{"@context":"https:\/\/schema.org","@graph":[{"@type":"WebPage","@id":"https:\/\/www.4h.se\/akalla\/2026-2\/","url":"https:\/\/www.4h.se\/akalla\/2026-2\/","name":"2026 - Akalla 4H-g\u00e5rd","isPartOf":{"@id":"https:\/\/www.4h.se\/akalla\/#website"},"primaryImageOfPage":{"@id":"https:\/\/www.4h.se\/akalla\/2026-2\/#primaryimage"},"image":{"@id":"https:\/\/www.4h.se\/akalla\/2026-2\/#primaryimage"},"thumbnailUrl":"https:\/\/www.4h.se\/akalla\/wp-content\/uploads\/sites\/109\/2026\/02\/DSC_0847-970x765.jpg","datePublished":"2026-02-12T12:51:24+00:00","dateModified":"2026-02-12T13:46:17+00:00","breadcrumb":{"@id":"https:\/\/www.4h.se\/akalla\/2026-2\/#breadcrumb"},"inLanguage":"sv-SE","potentialAction":[{"@type":"ReadAction","target":["https:\/\/www.4h.se\/akalla\/2026-2\/"]}]},{"@type":"ImageObject","inLanguage":"sv-SE","@id":"https:\/\/www.4h.se\/akalla\/2026-2\/#primaryimage","url":"https:\/\/www.4h.se\/akalla\/wp-content\/uploads\/sites\/109\/2026\/02\/DSC_0847-scaled.jpg","contentUrl":"https:\/\/www.4h.se\/akalla\/wp-content\/uploads\/sites\/109\/2026\/02\/DSC_0847-scaled.jpg","width":2560,"height":2019},{"@type":"BreadcrumbList","@id":"https:\/\/www.4h.se\/akalla\/2026-2\/#breadcrumb","itemListElement":[{"@type":"ListItem","position":1,"name":"Hem","item":"https:\/\/www.4h.se\/akalla\/"},{"@type":"ListItem","position":2,"name":"2026"}]},{"@type":"WebSite","@id":"https:\/\/www.4h.se\/akalla\/#website","url":"https:\/\/www.4h.se\/akalla\/","name":"Akalla 4H-g\u00e5rd","description":"L\u00e4ra genom att g\u00f6ra","potentialAction":[{"@type":"SearchAction","target":{"@type":"EntryPoint","urlTemplate":"https:\/\/www.4h.se\/akalla\/?s={search_term_string}"},"query-input":{"@type":"PropertyValueSpecification","valueRequired":true,"valueName":"search_term_string"}}],"inLanguage":"sv-SE"}]}},"_links":{"self":[{"href":"https:\/\/www.4h.se\/akalla\/wp-json\/wp\/v2\/pages\/752","targetHints":{"allow":["GET"]}}],"collection":[{"href":"https:\/\/www.4h.se\/akalla\/wp-json\/wp\/v2\/pages"}],"about":[{"href":"https:\/\/www.4h.se\/akalla\/wp-json\/wp\/v2\/types\/page"}],"author":[{"embeddable":true,"href":"https:\/\/www.4h.se\/akalla\/wp-json\/wp\/v2\/users\/158"}],"replies":[{"embeddable":true,"href":"https:\/\/www.4h.se\/akalla\/wp-json\/wp\/v2\/comments?post=752"}],"version-history":[{"count":0,"href":"https:\/\/www.4h.se\/akalla\/wp-json\/wp\/v2\/pages\/752\/revisions"}],"wp:attachment":[{"href":"https:\/\/www.4h.se\/akalla\/wp-json\/wp\/v2\/media?parent=752"}],"curies":[{"name":"wp","href":"https:\/\/api.w.org\/{rel}","templated":true}]}}