



{"id":633,"date":"2023-04-07T20:45:39","date_gmt":"2023-04-07T18:45:39","guid":{"rendered":"https:\/\/www.4h.se\/akalla\/?page_id=633"},"modified":"2026-01-14T13:07:57","modified_gmt":"2026-01-14T12:07:57","slug":"oppenverksamhet","status":"publish","type":"page","link":"https:\/\/www.4h.se\/akalla\/oppenverksamhet\/","title":{"rendered":"\u00d6ppenverksamhet"},"content":{"rendered":"<div class=\"wpb-content-wrapper\"><p>[vc_row][vc_column width=&#8221;1\/2&#8243;][vc_column_text css=&#8221;&#8221;]<\/p>\n<h2>\u00d6ppen verksamhet\/Prova p\u00e5 4H<\/h2>\n<h4><\/h4>\n<p>Har ingen inbokad \u00f6ppenverksamhet f\u00f6rtillf\u00e4llet<\/p>\n<p>&nbsp;[\/vc_column_text][vc_column_text css=&#8221;&#8221;]<img loading=\"lazy\" decoding=\"async\" class=\"alignnone wp-image-713\" src=\"https:\/\/www.4h.se\/akalla\/wp-content\/uploads\/sites\/109\/2025\/01\/DSC_0005-970x832.jpg\" alt=\"\" width=\"213\" height=\"183\" srcset=\"https:\/\/www.4h.se\/akalla\/wp-content\/uploads\/sites\/109\/2025\/01\/DSC_0005-970x832.jpg 970w, https:\/\/www.4h.se\/akalla\/wp-content\/uploads\/sites\/109\/2025\/01\/DSC_0005-350x300.jpg 350w, https:\/\/www.4h.se\/akalla\/wp-content\/uploads\/sites\/109\/2025\/01\/DSC_0005-170x146.jpg 170w, https:\/\/www.4h.se\/akalla\/wp-content\/uploads\/sites\/109\/2025\/01\/DSC_0005-768x659.jpg 768w, https:\/\/www.4h.se\/akalla\/wp-content\/uploads\/sites\/109\/2025\/01\/DSC_0005-1536x1317.jpg 1536w, https:\/\/www.4h.se\/akalla\/wp-content\/uploads\/sites\/109\/2025\/01\/DSC_0005-2048x1756.jpg 2048w\" sizes=\"auto, (max-width: 213px) 100vw, 213px\" \/>[\/vc_column_text][\/vc_column][vc_column width=&#8221;1\/2&#8243;][\/vc_column][\/vc_row][vc_row][vc_column width=&#8221;1\/2&#8243;][\/vc_column][vc_column width=&#8221;1\/2&#8243;][\/vc_column][\/vc_row]<\/p>\n<\/div>","protected":false},"excerpt":{"rendered":"<p>[vc_row][vc_column width=&#8221;1\/2&#8243;][vc_column_text css=&#8221;&#8221;] \u00d6ppen verksamhet\/Prova p\u00e5 4H Har ingen inbokad \u00f6ppenverksamhet f\u00f6rtillf\u00e4llet &nbsp;[\/vc_column_text][vc_column_text css=&#8221;&#8221;][\/vc_column_text][\/vc_column][vc_column width=&#8221;1\/2&#8243;][\/vc_column][\/vc_row][vc_row][vc_column width=&#8221;1\/2&#8243;][\/vc_column][vc_column width=&#8221;1\/2&#8243;][\/vc_column][\/vc_row]<\/p>\n","protected":false},"author":158,"featured_media":0,"parent":0,"menu_order":0,"comment_status":"closed","ping_status":"closed","template":"","meta":{"footnotes":""},"class_list":["post-633","page","type-page","status-publish","hentry"],"yoast_head":"<!-- This site is optimized with the Yoast SEO plugin v27.4 - https:\/\/yoast.com\/product\/yoast-seo-wordpress\/ -->\n<title>\u00d6ppenverksamhet - Akalla 4H-g\u00e5rd<\/title>\n<meta name=\"robots\" content=\"index, follow, max-snippet:-1, max-image-preview:large, max-video-preview:-1\" \/>\n<link rel=\"canonical\" href=\"https:\/\/www.4h.se\/akalla\/oppenverksamhet\/\" \/>\n<meta property=\"og:locale\" content=\"sv_SE\" \/>\n<meta property=\"og:type\" content=\"article\" \/>\n<meta property=\"og:title\" content=\"\u00d6ppenverksamhet - Akalla 4H-g\u00e5rd\" \/>\n<meta property=\"og:description\" content=\"[vc_row][vc_column width=&#8221;1\/2&#8243;][vc_column_text css=&#8221;&#8221;] \u00d6ppen verksamhet\/Prova p\u00e5 4H Har ingen inbokad \u00f6ppenverksamhet f\u00f6rtillf\u00e4llet &nbsp;[\/vc_column_text][vc_column_text css=&#8221;&#8221;][\/vc_column_text][\/vc_column][vc_column width=&#8221;1\/2&#8243;][\/vc_column][\/vc_row][vc_row][vc_column width=&#8221;1\/2&#8243;][\/vc_column][vc_column width=&#8221;1\/2&#8243;][\/vc_column][\/vc_row]\" \/>\n<meta property=\"og:url\" content=\"https:\/\/www.4h.se\/akalla\/oppenverksamhet\/\" \/>\n<meta property=\"og:site_name\" content=\"Akalla 4H-g\u00e5rd\" \/>\n<meta property=\"article:modified_time\" content=\"2026-01-14T12:07:57+00:00\" \/>\n<meta property=\"og:image\" content=\"https:\/\/www.4h.se\/akalla\/wp-content\/uploads\/sites\/109\/2025\/01\/DSC_0005-scaled.jpg\" \/>\n\t<meta property=\"og:image:width\" content=\"2560\" \/>\n\t<meta property=\"og:image:height\" content=\"2195\" \/>\n\t<meta property=\"og:image:type\" content=\"image\/jpeg\" \/>\n<meta name=\"twitter:card\" content=\"summary_large_image\" \/>\n<script type=\"application\/ld+json\" class=\"yoast-schema-graph\">{\"@context\":\"https:\\\/\\\/schema.org\",\"@graph\":[{\"@type\":\"WebPage\",\"@id\":\"https:\\\/\\\/www.4h.se\\\/akalla\\\/oppenverksamhet\\\/\",\"url\":\"https:\\\/\\\/www.4h.se\\\/akalla\\\/oppenverksamhet\\\/\",\"name\":\"\u00d6ppenverksamhet - Akalla 4H-g\u00e5rd\",\"isPartOf\":{\"@id\":\"https:\\\/\\\/www.4h.se\\\/akalla\\\/#website\"},\"primaryImageOfPage\":{\"@id\":\"https:\\\/\\\/www.4h.se\\\/akalla\\\/oppenverksamhet\\\/#primaryimage\"},\"image\":{\"@id\":\"https:\\\/\\\/www.4h.se\\\/akalla\\\/oppenverksamhet\\\/#primaryimage\"},\"thumbnailUrl\":\"https:\\\/\\\/www.4h.se\\\/akalla\\\/wp-content\\\/uploads\\\/sites\\\/109\\\/2025\\\/01\\\/DSC_0005-970x832.jpg\",\"datePublished\":\"2023-04-07T18:45:39+00:00\",\"dateModified\":\"2026-01-14T12:07:57+00:00\",\"breadcrumb\":{\"@id\":\"https:\\\/\\\/www.4h.se\\\/akalla\\\/oppenverksamhet\\\/#breadcrumb\"},\"inLanguage\":\"sv-SE\",\"potentialAction\":[{\"@type\":\"ReadAction\",\"target\":[\"https:\\\/\\\/www.4h.se\\\/akalla\\\/oppenverksamhet\\\/\"]}]},{\"@type\":\"ImageObject\",\"inLanguage\":\"sv-SE\",\"@id\":\"https:\\\/\\\/www.4h.se\\\/akalla\\\/oppenverksamhet\\\/#primaryimage\",\"url\":\"https:\\\/\\\/www.4h.se\\\/akalla\\\/wp-content\\\/uploads\\\/sites\\\/109\\\/2025\\\/01\\\/DSC_0005-scaled.jpg\",\"contentUrl\":\"https:\\\/\\\/www.4h.se\\\/akalla\\\/wp-content\\\/uploads\\\/sites\\\/109\\\/2025\\\/01\\\/DSC_0005-scaled.jpg\",\"width\":2560,\"height\":2195},{\"@type\":\"BreadcrumbList\",\"@id\":\"https:\\\/\\\/www.4h.se\\\/akalla\\\/oppenverksamhet\\\/#breadcrumb\",\"itemListElement\":[{\"@type\":\"ListItem\",\"position\":1,\"name\":\"Hem\",\"item\":\"https:\\\/\\\/www.4h.se\\\/akalla\\\/\"},{\"@type\":\"ListItem\",\"position\":2,\"name\":\"\u00d6ppenverksamhet\"}]},{\"@type\":\"WebSite\",\"@id\":\"https:\\\/\\\/www.4h.se\\\/akalla\\\/#website\",\"url\":\"https:\\\/\\\/www.4h.se\\\/akalla\\\/\",\"name\":\"Akalla 4H-g\u00e5rd\",\"description\":\"L\u00e4ra genom att g\u00f6ra\",\"potentialAction\":[{\"@type\":\"SearchAction\",\"target\":{\"@type\":\"EntryPoint\",\"urlTemplate\":\"https:\\\/\\\/www.4h.se\\\/akalla\\\/?s={search_term_string}\"},\"query-input\":{\"@type\":\"PropertyValueSpecification\",\"valueRequired\":true,\"valueName\":\"search_term_string\"}}],\"inLanguage\":\"sv-SE\"}]}<\/script>\n<!-- \/ Yoast SEO plugin. -->","yoast_head_json":{"title":"\u00d6ppenverksamhet - Akalla 4H-g\u00e5rd","robots":{"index":"index","follow":"follow","max-snippet":"max-snippet:-1","max-image-preview":"max-image-preview:large","max-video-preview":"max-video-preview:-1"},"canonical":"https:\/\/www.4h.se\/akalla\/oppenverksamhet\/","og_locale":"sv_SE","og_type":"article","og_title":"\u00d6ppenverksamhet - Akalla 4H-g\u00e5rd","og_description":"[vc_row][vc_column width=&#8221;1\/2&#8243;][vc_column_text css=&#8221;&#8221;] \u00d6ppen verksamhet\/Prova p\u00e5 4H Har ingen inbokad \u00f6ppenverksamhet f\u00f6rtillf\u00e4llet &nbsp;[\/vc_column_text][vc_column_text css=&#8221;&#8221;][\/vc_column_text][\/vc_column][vc_column width=&#8221;1\/2&#8243;][\/vc_column][\/vc_row][vc_row][vc_column width=&#8221;1\/2&#8243;][\/vc_column][vc_column width=&#8221;1\/2&#8243;][\/vc_column][\/vc_row]","og_url":"https:\/\/www.4h.se\/akalla\/oppenverksamhet\/","og_site_name":"Akalla 4H-g\u00e5rd","article_modified_time":"2026-01-14T12:07:57+00:00","og_image":[{"width":2560,"height":2195,"url":"https:\/\/www.4h.se\/akalla\/wp-content\/uploads\/sites\/109\/2025\/01\/DSC_0005-scaled.jpg","type":"image\/jpeg"}],"twitter_card":"summary_large_image","schema":{"@context":"https:\/\/schema.org","@graph":[{"@type":"WebPage","@id":"https:\/\/www.4h.se\/akalla\/oppenverksamhet\/","url":"https:\/\/www.4h.se\/akalla\/oppenverksamhet\/","name":"\u00d6ppenverksamhet - Akalla 4H-g\u00e5rd","isPartOf":{"@id":"https:\/\/www.4h.se\/akalla\/#website"},"primaryImageOfPage":{"@id":"https:\/\/www.4h.se\/akalla\/oppenverksamhet\/#primaryimage"},"image":{"@id":"https:\/\/www.4h.se\/akalla\/oppenverksamhet\/#primaryimage"},"thumbnailUrl":"https:\/\/www.4h.se\/akalla\/wp-content\/uploads\/sites\/109\/2025\/01\/DSC_0005-970x832.jpg","datePublished":"2023-04-07T18:45:39+00:00","dateModified":"2026-01-14T12:07:57+00:00","breadcrumb":{"@id":"https:\/\/www.4h.se\/akalla\/oppenverksamhet\/#breadcrumb"},"inLanguage":"sv-SE","potentialAction":[{"@type":"ReadAction","target":["https:\/\/www.4h.se\/akalla\/oppenverksamhet\/"]}]},{"@type":"ImageObject","inLanguage":"sv-SE","@id":"https:\/\/www.4h.se\/akalla\/oppenverksamhet\/#primaryimage","url":"https:\/\/www.4h.se\/akalla\/wp-content\/uploads\/sites\/109\/2025\/01\/DSC_0005-scaled.jpg","contentUrl":"https:\/\/www.4h.se\/akalla\/wp-content\/uploads\/sites\/109\/2025\/01\/DSC_0005-scaled.jpg","width":2560,"height":2195},{"@type":"BreadcrumbList","@id":"https:\/\/www.4h.se\/akalla\/oppenverksamhet\/#breadcrumb","itemListElement":[{"@type":"ListItem","position":1,"name":"Hem","item":"https:\/\/www.4h.se\/akalla\/"},{"@type":"ListItem","position":2,"name":"\u00d6ppenverksamhet"}]},{"@type":"WebSite","@id":"https:\/\/www.4h.se\/akalla\/#website","url":"https:\/\/www.4h.se\/akalla\/","name":"Akalla 4H-g\u00e5rd","description":"L\u00e4ra genom att g\u00f6ra","potentialAction":[{"@type":"SearchAction","target":{"@type":"EntryPoint","urlTemplate":"https:\/\/www.4h.se\/akalla\/?s={search_term_string}"},"query-input":{"@type":"PropertyValueSpecification","valueRequired":true,"valueName":"search_term_string"}}],"inLanguage":"sv-SE"}]}},"_links":{"self":[{"href":"https:\/\/www.4h.se\/akalla\/wp-json\/wp\/v2\/pages\/633","targetHints":{"allow":["GET"]}}],"collection":[{"href":"https:\/\/www.4h.se\/akalla\/wp-json\/wp\/v2\/pages"}],"about":[{"href":"https:\/\/www.4h.se\/akalla\/wp-json\/wp\/v2\/types\/page"}],"author":[{"embeddable":true,"href":"https:\/\/www.4h.se\/akalla\/wp-json\/wp\/v2\/users\/158"}],"replies":[{"embeddable":true,"href":"https:\/\/www.4h.se\/akalla\/wp-json\/wp\/v2\/comments?post=633"}],"version-history":[{"count":0,"href":"https:\/\/www.4h.se\/akalla\/wp-json\/wp\/v2\/pages\/633\/revisions"}],"wp:attachment":[{"href":"https:\/\/www.4h.se\/akalla\/wp-json\/wp\/v2\/media?parent=633"}],"curies":[{"name":"wp","href":"https:\/\/api.w.org\/{rel}","templated":true}]}}