



{"id":355,"date":"2015-12-16T23:13:52","date_gmt":"2015-12-16T22:13:52","guid":{"rendered":"http:\/\/www.4h.se\/mall\/?page_id=355"},"modified":"2026-04-01T13:42:04","modified_gmt":"2026-04-01T11:42:04","slug":"hitta-hit","status":"publish","type":"page","link":"https:\/\/www.4h.se\/akalla\/om-garden\/hitta-hit\/","title":{"rendered":"Hitta hit"},"content":{"rendered":"<div class=\"wpb-content-wrapper\"><p>[vc_row][vc_column][vc_column_text css=&#8221;&#8221;]<\/p>\n<h1>Hitta till v\u00e5r 4H-klubb<\/h1>\n<p>&nbsp;<\/p>\n<h3><strong>V\u00c4GBESKRIVNING MED T-BANA OCH BUSS<\/strong><\/h3>\n<p>Bl\u00e5 linje till Akalla, uppg\u00e5ng Akalla by, g\u00e5 \u00f6ver torget upp p\u00e5 asfaltsv\u00e4gen i skogsdungen,&nbsp;h\u00e5ll v\u00e4nster. Nu \u00e4r du p\u00e5 Akalla by! (ca 250 meter fr\u00e5n t-banan)<\/p>\n<p>Det g\u00e5r m\u00e5nga busslinjer till Akalla, bland annat 178:an. F\u00f6lj samma beskrivning som fr\u00e5n tunnelbanan!<\/p>\n<h3><strong>V\u00c4GBESKRIVNING FR\u00c5N<\/strong>&nbsp;<strong>E18<\/strong><\/h3>\n<p>Sv\u00e4ng mot Akalla\/Sollentuna i Hjulstarondellen, Sv\u00e4ng in h\u00f6ger tredje trafikljuset till Akalla V\u00e4stra. Parkera bakom Coop Extra p\u00e5 stora parkeringen. G\u00e5 upp p\u00e5 torget, f\u00f6lj asfaltsv\u00e4gen upp i skogsdungen h\u00e5ll v\u00e4nster. Nu \u00e4r du p\u00e5 Akalla By! (ca 250 meter fr\u00e5n torget)<\/p>\n<h3><strong>V\u00c4GBESKRIVNING FR\u00c5N<\/strong>&nbsp;<strong>E4:AN<\/strong><\/h3>\n<p>Sv\u00e4ng av Sollentuna\/Akalla avfarten, tag h\u00f6ger i stora rondellen. Tredje trafikljuset efter rondellen sv\u00e4nger ni in v\u00e4nster till Akalla V\u00e4stra, parkera bakom Coop Extra p\u00e5 stora parkeringen. G\u00e5 upp p\u00e5 torget, f\u00f6lj asfaltsv\u00e4gen upp i skogsdungen h\u00e5ll v\u00e4nster. Nu \u00e4r du p\u00e5 Akalla By! (ca 250 meter fr\u00e5n torget)<\/p>\n<h3><strong>V\u00c4GBESKRIVNING MED FLYGPLAN!<\/strong><\/h3>\n<p>Ta sikte p\u00e5 Akalla by&#8230; N\u00e4r du ser dammen hoppar du ut ur planet!<\/p>\n<p>Om du lyckas landa utan att skr\u00e4mma v\u00e5ra ankor s\u00e5 f\u00e5r du en exklusiv visning bland v\u00e5ra djur &#8230;<\/p>\n<p>Nu \u00e4r du framme!!<\/p>\n<h3><strong>ADRESS:<\/strong><\/h3>\n<p>Akalla By<\/p>\n<p>16478 Kista<\/p>\n<p>(N\u00c4RMASTE GATUADRESS \u00c4R TORNE\u00c5GATAN, AKALLA)[\/vc_column_text][\/vc_column][\/vc_row][vc_row][vc_column width=&#8221;1\/2&#8243;][\/vc_column][\/vc_row]<\/p>\n<\/div>","protected":false},"excerpt":{"rendered":"<p>[vc_row][vc_column][vc_column_text css=&#8221;&#8221;] Hitta till v\u00e5r 4H-klubb &nbsp; V\u00c4GBESKRIVNING MED T-BANA OCH BUSS Bl\u00e5 linje till Akalla, uppg\u00e5ng Akalla by, g\u00e5 \u00f6ver torget upp p\u00e5 asfaltsv\u00e4gen i skogsdungen,&nbsp;h\u00e5ll v\u00e4nster. Nu \u00e4r du p\u00e5 Akalla by! (ca 250 meter fr\u00e5n t-banan) Det g\u00e5r m\u00e5nga busslinjer till Akalla, bland annat 178:an. F\u00f6lj samma beskrivning som fr\u00e5n tunnelbanan! V\u00c4GBESKRIVNING&nbsp; <a href=\"https:\/\/www.4h.se\/akalla\/om-garden\/hitta-hit\/\">&hellip; Read more <i class=\"glyphicon glyphicon-arrow-right\"><\/i><\/a><\/p>\n","protected":false},"author":36,"featured_media":0,"parent":404,"menu_order":28,"comment_status":"closed","ping_status":"closed","template":"","meta":{"footnotes":""},"class_list":["post-355","page","type-page","status-publish","hentry"],"yoast_head":"<!-- This site is optimized with the Yoast SEO plugin v27.4 - https:\/\/yoast.com\/product\/yoast-seo-wordpress\/ -->\n<title>Hitta hit - Akalla 4H-g\u00e5rd<\/title>\n<meta name=\"robots\" content=\"index, follow, max-snippet:-1, max-image-preview:large, max-video-preview:-1\" \/>\n<link rel=\"canonical\" href=\"https:\/\/www.4h.se\/akalla\/om-garden\/hitta-hit\/\" \/>\n<meta property=\"og:locale\" content=\"sv_SE\" \/>\n<meta property=\"og:type\" content=\"article\" \/>\n<meta property=\"og:title\" content=\"Hitta hit - Akalla 4H-g\u00e5rd\" \/>\n<meta property=\"og:description\" content=\"[vc_row][vc_column][vc_column_text css=&#8221;&#8221;] Hitta till v\u00e5r 4H-klubb &nbsp; V\u00c4GBESKRIVNING MED T-BANA OCH BUSS Bl\u00e5 linje till Akalla, uppg\u00e5ng Akalla by, g\u00e5 \u00f6ver torget upp p\u00e5 asfaltsv\u00e4gen i skogsdungen,&nbsp;h\u00e5ll v\u00e4nster. Nu \u00e4r du p\u00e5 Akalla by! (ca 250 meter fr\u00e5n t-banan) Det g\u00e5r m\u00e5nga busslinjer till Akalla, bland annat 178:an. F\u00f6lj samma beskrivning som fr\u00e5n tunnelbanan! V\u00c4GBESKRIVNING&nbsp; &hellip; Read more\" \/>\n<meta property=\"og:url\" content=\"https:\/\/www.4h.se\/akalla\/om-garden\/hitta-hit\/\" \/>\n<meta property=\"og:site_name\" content=\"Akalla 4H-g\u00e5rd\" \/>\n<meta property=\"article:modified_time\" content=\"2026-04-01T11:42:04+00:00\" \/>\n<meta name=\"twitter:card\" content=\"summary_large_image\" \/>\n<meta name=\"twitter:label1\" content=\"Ber\u00e4knad l\u00e4stid\" \/>\n\t<meta name=\"twitter:data1\" content=\"1 minut\" \/>\n<script type=\"application\/ld+json\" class=\"yoast-schema-graph\">{\"@context\":\"https:\\\/\\\/schema.org\",\"@graph\":[{\"@type\":\"WebPage\",\"@id\":\"https:\\\/\\\/www.4h.se\\\/akalla\\\/om-garden\\\/hitta-hit\\\/\",\"url\":\"https:\\\/\\\/www.4h.se\\\/akalla\\\/om-garden\\\/hitta-hit\\\/\",\"name\":\"Hitta hit - Akalla 4H-g\u00e5rd\",\"isPartOf\":{\"@id\":\"https:\\\/\\\/www.4h.se\\\/akalla\\\/#website\"},\"datePublished\":\"2015-12-16T22:13:52+00:00\",\"dateModified\":\"2026-04-01T11:42:04+00:00\",\"breadcrumb\":{\"@id\":\"https:\\\/\\\/www.4h.se\\\/akalla\\\/om-garden\\\/hitta-hit\\\/#breadcrumb\"},\"inLanguage\":\"sv-SE\",\"potentialAction\":[{\"@type\":\"ReadAction\",\"target\":[\"https:\\\/\\\/www.4h.se\\\/akalla\\\/om-garden\\\/hitta-hit\\\/\"]}]},{\"@type\":\"BreadcrumbList\",\"@id\":\"https:\\\/\\\/www.4h.se\\\/akalla\\\/om-garden\\\/hitta-hit\\\/#breadcrumb\",\"itemListElement\":[{\"@type\":\"ListItem\",\"position\":1,\"name\":\"Hem\",\"item\":\"https:\\\/\\\/www.4h.se\\\/akalla\\\/\"},{\"@type\":\"ListItem\",\"position\":2,\"name\":\"Om g\u00e5rden\",\"item\":\"https:\\\/\\\/www.4h.se\\\/akalla\\\/om-garden\\\/\"},{\"@type\":\"ListItem\",\"position\":3,\"name\":\"Hitta hit\"}]},{\"@type\":\"WebSite\",\"@id\":\"https:\\\/\\\/www.4h.se\\\/akalla\\\/#website\",\"url\":\"https:\\\/\\\/www.4h.se\\\/akalla\\\/\",\"name\":\"Akalla 4H-g\u00e5rd\",\"description\":\"L\u00e4ra genom att g\u00f6ra\",\"potentialAction\":[{\"@type\":\"SearchAction\",\"target\":{\"@type\":\"EntryPoint\",\"urlTemplate\":\"https:\\\/\\\/www.4h.se\\\/akalla\\\/?s={search_term_string}\"},\"query-input\":{\"@type\":\"PropertyValueSpecification\",\"valueRequired\":true,\"valueName\":\"search_term_string\"}}],\"inLanguage\":\"sv-SE\"}]}<\/script>\n<!-- \/ Yoast SEO plugin. -->","yoast_head_json":{"title":"Hitta hit - Akalla 4H-g\u00e5rd","robots":{"index":"index","follow":"follow","max-snippet":"max-snippet:-1","max-image-preview":"max-image-preview:large","max-video-preview":"max-video-preview:-1"},"canonical":"https:\/\/www.4h.se\/akalla\/om-garden\/hitta-hit\/","og_locale":"sv_SE","og_type":"article","og_title":"Hitta hit - Akalla 4H-g\u00e5rd","og_description":"[vc_row][vc_column][vc_column_text css=&#8221;&#8221;] Hitta till v\u00e5r 4H-klubb &nbsp; V\u00c4GBESKRIVNING MED T-BANA OCH BUSS Bl\u00e5 linje till Akalla, uppg\u00e5ng Akalla by, g\u00e5 \u00f6ver torget upp p\u00e5 asfaltsv\u00e4gen i skogsdungen,&nbsp;h\u00e5ll v\u00e4nster. Nu \u00e4r du p\u00e5 Akalla by! (ca 250 meter fr\u00e5n t-banan) Det g\u00e5r m\u00e5nga busslinjer till Akalla, bland annat 178:an. F\u00f6lj samma beskrivning som fr\u00e5n tunnelbanan! V\u00c4GBESKRIVNING&nbsp; &hellip; Read more","og_url":"https:\/\/www.4h.se\/akalla\/om-garden\/hitta-hit\/","og_site_name":"Akalla 4H-g\u00e5rd","article_modified_time":"2026-04-01T11:42:04+00:00","twitter_card":"summary_large_image","twitter_misc":{"Ber\u00e4knad l\u00e4stid":"1 minut"},"schema":{"@context":"https:\/\/schema.org","@graph":[{"@type":"WebPage","@id":"https:\/\/www.4h.se\/akalla\/om-garden\/hitta-hit\/","url":"https:\/\/www.4h.se\/akalla\/om-garden\/hitta-hit\/","name":"Hitta hit - Akalla 4H-g\u00e5rd","isPartOf":{"@id":"https:\/\/www.4h.se\/akalla\/#website"},"datePublished":"2015-12-16T22:13:52+00:00","dateModified":"2026-04-01T11:42:04+00:00","breadcrumb":{"@id":"https:\/\/www.4h.se\/akalla\/om-garden\/hitta-hit\/#breadcrumb"},"inLanguage":"sv-SE","potentialAction":[{"@type":"ReadAction","target":["https:\/\/www.4h.se\/akalla\/om-garden\/hitta-hit\/"]}]},{"@type":"BreadcrumbList","@id":"https:\/\/www.4h.se\/akalla\/om-garden\/hitta-hit\/#breadcrumb","itemListElement":[{"@type":"ListItem","position":1,"name":"Hem","item":"https:\/\/www.4h.se\/akalla\/"},{"@type":"ListItem","position":2,"name":"Om g\u00e5rden","item":"https:\/\/www.4h.se\/akalla\/om-garden\/"},{"@type":"ListItem","position":3,"name":"Hitta hit"}]},{"@type":"WebSite","@id":"https:\/\/www.4h.se\/akalla\/#website","url":"https:\/\/www.4h.se\/akalla\/","name":"Akalla 4H-g\u00e5rd","description":"L\u00e4ra genom att g\u00f6ra","potentialAction":[{"@type":"SearchAction","target":{"@type":"EntryPoint","urlTemplate":"https:\/\/www.4h.se\/akalla\/?s={search_term_string}"},"query-input":{"@type":"PropertyValueSpecification","valueRequired":true,"valueName":"search_term_string"}}],"inLanguage":"sv-SE"}]}},"_links":{"self":[{"href":"https:\/\/www.4h.se\/akalla\/wp-json\/wp\/v2\/pages\/355","targetHints":{"allow":["GET"]}}],"collection":[{"href":"https:\/\/www.4h.se\/akalla\/wp-json\/wp\/v2\/pages"}],"about":[{"href":"https:\/\/www.4h.se\/akalla\/wp-json\/wp\/v2\/types\/page"}],"author":[{"embeddable":true,"href":"https:\/\/www.4h.se\/akalla\/wp-json\/wp\/v2\/users\/36"}],"replies":[{"embeddable":true,"href":"https:\/\/www.4h.se\/akalla\/wp-json\/wp\/v2\/comments?post=355"}],"version-history":[{"count":0,"href":"https:\/\/www.4h.se\/akalla\/wp-json\/wp\/v2\/pages\/355\/revisions"}],"up":[{"embeddable":true,"href":"https:\/\/www.4h.se\/akalla\/wp-json\/wp\/v2\/pages\/404"}],"wp:attachment":[{"href":"https:\/\/www.4h.se\/akalla\/wp-json\/wp\/v2\/media?parent=355"}],"curies":[{"name":"wp","href":"https:\/\/api.w.org\/{rel}","templated":true}]}}